{"id":9933,"date":"2022-05-12T14:58:08","date_gmt":"2022-05-12T18:58:08","guid":{"rendered":"https:\/\/chrs.dev.uqam.ca\/?page_id=9933"},"modified":"2022-11-28T16:41:31","modified_gmt":"2022-11-28T20:41:31","slug":"carte-du-reseau-dinstitutions-de-regulation-sociale-de-montreal-entre-1841-et-1921","status":"publish","type":"page","link":"https:\/\/chrs.uqam.ca\/index.php\/carte-du-reseau-dinstitutions-de-regulation-sociale-de-montreal-entre-1841-et-1921\/","title":{"rendered":"Carte du r\u00e9seau d\u2019institutions de r\u00e9gulation sociale de Montr\u00e9al entre 1841 et 1921"},"content":{"rendered":"\n<p>Le Centre d\u2019histoire des r\u00e9gulations sociales travaille depuis quelques ann\u00e9es \u00e0 la cartographie des institutions montr\u00e9alaises de prise en charge de la pauvret\u00e9, de la maladie, de la d\u00e9viance et de la criminalit\u00e9. Deux premi\u00e8res cartes (1840 et 1900) ont d\u2019abord \u00e9t\u00e9 pr\u00e9sent\u00e9es dans Jean-Marie Fecteau et Janice Harvey, \u00abLe r\u00e9seau de r\u00e9gulation sociale montr\u00e9alais\u00bb, Dany Foug\u00e8res (dir.), <em>Histoire de Montr\u00e9al et de sa r\u00e9gion<\/em>, Qu\u00e9bec, Presses de l\u2019Universit\u00e9 Laval, 2012, p. 675-715.<\/p>\n\n\n\n<p>Nous avons ajout\u00e9 les institutions criminelles et judiciaires et compl\u00e9t\u00e9\nla s\u00e9rie (1841, 1861, 1881, 1901 et 1921) lors de la r\u00e9alisation de\nl\u2019exposition <em>D\u00e9jouer la fatalit\u00e9&nbsp;: Pauvret\u00e9, familles, institutions<\/em>,\npr\u00e9sent\u00e9e \u00e0 <a href=\"https:\/\/ecomusee.qc.ca\/evenement\/dejouer-la-fatalite\/\">l\u2019\u00c9comus\u00e9e du fier monde<\/a> en 2019-2020. Les visiteurs et\nvisiteuses de cette exposition pouvaient y consulter une application\ncartographique interactive d\u00e9velopp\u00e9e en collaboration avec le Laboratoire\nd\u2019histoire et de patrimoine de Montr\u00e9al et bas\u00e9e sur leur plateforme SCHEMA. <\/p>\n\n\n\n<p>Enfin, lors de la pr\u00e9paration de la <a href=\"https:\/\/dejouerfatalite.uqam.ca\/\" target=\"_blank\" rel=\"noopener\" title=\"\"><strong>version web de l\u2019exposition<\/strong><\/a>, nous avons significativement bonifi\u00e9 cette premi\u00e8re application en ajoutant de nombreuses informations pour chaque institution du r\u00e9seau. Le r\u00e9sultat de ce travail, qui a aussi b\u00e9n\u00e9fici\u00e9 de la collaboration du Laboratoire d\u2019histoire et de patrimoine de Montr\u00e9al, vous est pr\u00e9sent\u00e9 dans les deux applications cartographiques interactives suivantes. <\/p>\n\n\n\n<p><strong>Application simple<\/strong><\/p>\n\n\n\n<p><em><a href=\"http:\/\/schemaserveur2.uqam.ca\/lhpm\/map\/run\/2453\">Visualisez l\u2019\u00e9volution du r\u00e9seau d\u2019institutions de r\u00e9gulation sociale de Montr\u00e9al entre 1841 et 1921.<\/a> Il suffit d\u2019appuyer sur les ann\u00e9es et de filtrer les r\u00e9sultats par type d\u2019institutions. Cliquez sur les points pour en apprendre davantage sur chacune d\u2019elle.<\/em><\/p>\n\n\n\n<figure class=\"wp-block-image\"><a href=\"http:\/\/schemaserveur2.uqam.ca\/lhpm\/map\/run\/2453\" target=\"_blank\" rel=\"noreferrer noopener\"><img loading=\"lazy\" decoding=\"async\" width=\"2880\" height=\"1579\" src=\"https:\/\/i1.wp.com\/chrs.uqam.ca\/wp-content\/uploads\/2022\/05\/Capture-d\u2019e\u0301cran-le-2022-05-12-a\u0300-15.01.38.png?fit=740%2C405&amp;ssl=1\" alt=\"\" class=\"wp-image-9937\" srcset=\"https:\/\/chrs.uqam.ca\/wp-content\/uploads\/2022\/05\/Capture-d\u2019e\u0301cran-le-2022-05-12-a\u0300-15.01.38.png 2880w, https:\/\/chrs.uqam.ca\/wp-content\/uploads\/2022\/05\/Capture-d\u2019e\u0301cran-le-2022-05-12-a\u0300-15.01.38-300x164.png 300w, https:\/\/chrs.uqam.ca\/wp-content\/uploads\/2022\/05\/Capture-d\u2019e\u0301cran-le-2022-05-12-a\u0300-15.01.38-768x421.png 768w, https:\/\/chrs.uqam.ca\/wp-content\/uploads\/2022\/05\/Capture-d\u2019e\u0301cran-le-2022-05-12-a\u0300-15.01.38-1024x561.png 1024w\" sizes=\"auto, (max-width: 2880px) 100vw, 2880px\" \/><\/a><\/figure>\n\n\n\n<p><strong>Application de recherche<\/strong><\/p>\n\n\n\n<p><em><a href=\"https:\/\/schemaserveur2.uqam.ca\/application\/run\/2412\">Cette application cartographique contient&nbsp;diverses informations sur les institutions de r\u00e9gulation sociale de Montr\u00e9al entre 1841 et 1921<\/a>. Utilisez les&nbsp;diff\u00e9rents filtres pour pr\u00e9ciser votre recherche: ann\u00e9e, type d\u2019institution, rue, religion, congr\u00e9gation\/association ou territoire. Vous pouvez \u00e9galement faire une recherche par mot-cl\u00e9 dans les textes de pr\u00e9sentation des institutions.&nbsp;Vous pouvez enfin d\u00e9couvrir, \u00e0 l\u2019aide d\u2019un lien Google Street View, ce qui se trouve aujourd\u2019hui \u00e0 l&#8217;emplacement de chaque institution.<\/em><\/p>\n\n\n\n<figure class=\"wp-block-image\"><a href=\"https:\/\/schemaserveur2.uqam.ca\/application\/run\/2412\"><img loading=\"lazy\" decoding=\"async\" width=\"2888\" height=\"1333\" src=\"https:\/\/i0.wp.com\/chrs.uqam.ca\/wp-content\/uploads\/2022\/05\/Capture-d\u2019e\u0301cran-le-2022-05-12-a\u0300-15.12.39.png?fit=740%2C342&amp;ssl=1\" alt=\"\" class=\"wp-image-9942\" srcset=\"https:\/\/chrs.uqam.ca\/wp-content\/uploads\/2022\/05\/Capture-d\u2019e\u0301cran-le-2022-05-12-a\u0300-15.12.39.png 2888w, https:\/\/chrs.uqam.ca\/wp-content\/uploads\/2022\/05\/Capture-d\u2019e\u0301cran-le-2022-05-12-a\u0300-15.12.39-300x138.png 300w, https:\/\/chrs.uqam.ca\/wp-content\/uploads\/2022\/05\/Capture-d\u2019e\u0301cran-le-2022-05-12-a\u0300-15.12.39-768x354.png 768w, https:\/\/chrs.uqam.ca\/wp-content\/uploads\/2022\/05\/Capture-d\u2019e\u0301cran-le-2022-05-12-a\u0300-15.12.39-1024x473.png 1024w\" sizes=\"auto, (max-width: 2888px) 100vw, 2888px\" \/><\/a><\/figure>\n\n\n\n<hr class=\"wp-block-separator has-css-opacity\"\/>\n\n\n\n<h3 class=\"wp-block-heading\"><strong>Cr\u00e9dits<\/strong><\/h3>\n\n\n\n<h4 class=\"wp-block-heading\">Recherche, analyse et cr\u00e9ation des donn\u00e9es<\/h4>\n\n\n\n<ul class=\"wp-block-list\"><li>Caroline Robert, Centre d\u2019histoire des r\u00e9gulations sociales (CHRS)<\/li><li>Sandrine Labelle, Centre d\u2019histoire des r\u00e9gulations sociales (CHRS)<\/li><\/ul>\n\n\n\n<h4 class=\"wp-block-heading\">G\u00e9olocalisation des donn\u00e9es<\/h4>\n\n\n\n<ul class=\"wp-block-list\"><li>Caroline Robert, Centre d\u2019histoire des r\u00e9gulations sociales (CHRS)<\/li><li><a href=\"https:\/\/www.cieq.ca\/\">Centre interuniversitaire d\u2019\u00e9tudes qu\u00e9b\u00e9coises (CIEQ)<\/a><\/li><li><a href=\"https:\/\/lhpm.uqam.ca\/\">Laboratoire d\u2019histoire et de patrimoine de Montr\u00e9al (LHPM)<\/a><\/li><li>Montr\u00e9al, l\u2019avenir du pass\u00e9 (MAP)<\/li><\/ul>\n\n\n\n<h4 class=\"wp-block-heading\">Validation des donn\u00e9es<\/h4>\n\n\n\n<ul class=\"wp-block-list\"><li>Martin Petitclerc, directeur du Centre d\u2019histoire des r\u00e9gulations sociales (CHRS)<\/li><li>Donald Fyson, Universit\u00e9 Laval et Centre d\u2019histoire des r\u00e9gulations sociales (CHRS)<\/li><li>Janice Harvey, Coll\u00e8ge Dawson et Centre d&rsquo;histoire des r\u00e9gulations sociales (CHRS)<\/li><\/ul>\n\n\n\n<h4 class=\"wp-block-heading\">Cr\u00e9ation des applications<\/h4>\n\n\n\n<ul class=\"wp-block-list\"><li>Laura Barreto, Laboratoire d\u2019histoire et de patrimoine de Montr\u00e9al (LHPM)<\/li><li>Samuel Monat, Laboratoire d\u2019histoire et de patrimoine de Montr\u00e9al (LHPM)<\/li><li>Mapgears<\/li><\/ul>\n\n\n\n<h4 class=\"wp-block-heading\">Gestion de projet<\/h4>\n\n\n\n<ul class=\"wp-block-list\"><li>Kim Petit, Centre d\u2019histoire des r\u00e9gulations sociales (CHRS)<\/li><\/ul>\n","protected":false},"excerpt":{"rendered":"<p>Le Centre d\u2019histoire des r\u00e9gulations sociales travaille depuis quelques ann\u00e9es \u00e0 la cartographie des institutions montr\u00e9alaises de prise en charge de la pauvret\u00e9, de la maladie, de la d\u00e9viance et&#8230;<\/p>\n","protected":false},"author":2,"featured_media":0,"parent":0,"menu_order":0,"comment_status":"closed","ping_status":"closed","template":"","meta":{"_monsterinsights_skip_tracking":false,"_monsterinsights_sitenote_active":false,"_monsterinsights_sitenote_note":"","_monsterinsights_sitenote_category":0,"footnotes":""},"class_list":["post-9933","page","type-page","status-publish","hentry"],"_links":{"self":[{"href":"https:\/\/chrs.uqam.ca\/index.php\/wp-json\/wp\/v2\/pages\/9933","targetHints":{"allow":["GET"]}}],"collection":[{"href":"https:\/\/chrs.uqam.ca\/index.php\/wp-json\/wp\/v2\/pages"}],"about":[{"href":"https:\/\/chrs.uqam.ca\/index.php\/wp-json\/wp\/v2\/types\/page"}],"author":[{"embeddable":true,"href":"https:\/\/chrs.uqam.ca\/index.php\/wp-json\/wp\/v2\/users\/2"}],"replies":[{"embeddable":true,"href":"https:\/\/chrs.uqam.ca\/index.php\/wp-json\/wp\/v2\/comments?post=9933"}],"version-history":[{"count":0,"href":"https:\/\/chrs.uqam.ca\/index.php\/wp-json\/wp\/v2\/pages\/9933\/revisions"}],"wp:attachment":[{"href":"https:\/\/chrs.uqam.ca\/index.php\/wp-json\/wp\/v2\/media?parent=9933"}],"curies":[{"name":"wp","href":"https:\/\/api.w.org\/{rel}","templated":true}]}}