{"id":9117,"date":"2021-07-14T09:09:08","date_gmt":"2021-07-14T13:09:08","guid":{"rendered":"https:\/\/chrs.dev.uqam.ca\/?page_id=9117"},"modified":"2024-01-31T13:54:46","modified_gmt":"2024-01-31T17:54:46","slug":"jeremy-scraire","status":"publish","type":"page","link":"https:\/\/chrs.uqam.ca\/index.php\/a-propos\/equipe\/membres-etudiants\/jeremy-scraire\/","title":{"rendered":"J\u00e9r\u00e9my Scraire"},"content":{"rendered":"<p><img loading=\"lazy\" decoding=\"async\" class=\"wp-image-9115 alignleft\" src=\"https:\/\/chrs.uqam.ca\/wp-content\/uploads\/2021\/07\/photo_jeremi.jpg\" alt=\"\" width=\"191\" height=\"287\" \/><span lang=\"fr-CA\"><strong>Universit\u00e9 de Montr\u00e9al<br \/>\nD\u00e9partement d&rsquo;histoire<\/strong><\/span><\/p>\n<p><span style=\"font-weight: 400;\">J\u00e9r\u00e9my Scraire est candidat \u00e0 la ma\u00eetrise en enseignement de l\u2019histoire au coll\u00e9gial<\/span><span style=\"font-weight: 400;\"> \u00e0 l\u2019Universit\u00e9 de Montr\u00e9al, sous la direction de Catherine Larochelle. \u00c0 travers l&rsquo;\u00e9tude de cas de l\u2019\u00e9quipe de hockey f\u00e9minin de l\u2019Universit\u00e9 McGill, il travaille sur les enjeux reli\u00e9s aux rapports genr\u00e9s entourant les d\u00e9buts de la pratique organis\u00e9e du hockey f\u00e9minin universitaire montr\u00e9alais, au d\u00e9but du XXe si\u00e8cle.<\/span><\/p>\n<p><span style=\"font-weight: 400;\">J\u00e9r\u00e9my a un <\/span><span style=\"font-weight: 400;\">int\u00e9r\u00eat marqu\u00e9 pour tout ce qui rel\u00e8ve de la sant\u00e9 mentale et des marginalit\u00e9s dans le sport au Canada (XIXe-XXe si\u00e8cle).\u00a0 S\u2019int\u00e9ressant grandement \u00e0 la technop\u00e9dagogie et aux humanit\u00e9s num\u00e9riques, il est actuellement enseignant au Coll\u00e9gial Sainte-Anne \u00e0 Lachine et auxiliaire de recherche. <\/span><\/p>\n<div class=\"su-spoiler su-spoiler-style-default su-spoiler-icon-chevron su-spoiler-closed\" data-scroll-offset=\"0\" data-anchor-in-url=\"no\"><div class=\"su-spoiler-title\" tabindex=\"0\" role=\"button\"><span class=\"su-spoiler-icon\"><\/span>Coordonn\u00e9es<\/div><div class=\"su-spoiler-content su-u-clearfix su-u-trim\">\n<p><strong>Courriel :<\/strong>\u00a0<strong>jeremy.scraire@umontreal.ca\u00a0<\/strong><\/div><\/div>\n<div class=\"su-spoiler su-spoiler-style-default su-spoiler-icon-chevron su-spoiler-closed\" data-scroll-offset=\"0\" data-anchor-in-url=\"no\"><div class=\"su-spoiler-title\" tabindex=\"0\" role=\"button\"><span class=\"su-spoiler-icon\"><\/span>Curriculum vitae <\/div><div class=\"su-spoiler-content su-u-clearfix su-u-trim\">\n<p><a href=\"http:\/\/linkedin.com\/in\/j\u00e9r\u00e9my-scraire-814a7916b\">linkedin.com\/in\/j\u00e9r\u00e9my-scraire-814a7916b\u00a0<\/a><br \/>\n<\/div><\/div>\n<div class=\"su-spoiler su-spoiler-style-default su-spoiler-icon-chevron su-spoiler-closed\" data-scroll-offset=\"0\" data-anchor-in-url=\"no\"><div class=\"su-spoiler-title\" tabindex=\"0\" role=\"button\"><span class=\"su-spoiler-icon\"><\/span>Bourses, prix et distinctions<\/div><div class=\"su-spoiler-content su-u-clearfix su-u-trim\">\n<p><span style=\"font-weight: 400;\">Transkribus scholarship \u2013 2023<br \/>\n<\/span><span style=\"font-weight: 400;\">Bourse de ma\u00eetrise en recherche (B1Z) du FRQSC \u2013 2022<br \/>\n<\/span>Bourse du Conseil des ministres de l\u2019\u00c9ducation du Canada (University of Regina &amp; University of Calgary) \u2013 2022<br \/>\n<span style=\"font-weight: 400;\">Prix Madeleine Saint-Martin \u2013 2021<\/span><br \/>\nBourses d\u2019\u00e9tudes sup\u00e9rieures du Canada Joseph-Armand-Bombardier \u2013 2021<br \/>\nBourse du minist\u00e8re de l&rsquo;\u00c9ducation et de l&rsquo;Enseignement sup\u00e9rieur (MEES) du Qu\u00e9bec pour des s\u00e9jours d&rsquo;\u00e9tudes universitaires de moins de 2 mois \u00e0 l&rsquo;ext\u00e9rieur du Qu\u00e9bec \u2013 2021<br \/>\nBourse du Conseil des ministres de l\u2019\u00c9ducation du Canada (University of Regina &amp; University of Calgary) \u2013 2021<br \/>\nFondation des Bourses d\u2019\u00e9tudes du 25e anniversaire de Kirkland \u2013 2020<\/p>\n<\/div><\/div>\n<div class=\"su-spoiler su-spoiler-style-default su-spoiler-icon-chevron\" data-scroll-offset=\"0\" data-anchor-in-url=\"no\"><div class=\"su-spoiler-title\" tabindex=\"0\" role=\"button\"><span class=\"su-spoiler-icon\"><\/span>Nouvelles<\/div><div class=\"su-spoiler-content su-u-clearfix su-u-trim\">\n<a href=\"https:\/\/chrs.uqam.ca\/index.php\/2024\/01\/31\/participation-de-jeremy-scraire-a-un-colloque-international-sur-lusage-de-lia-en-histoire\/\">Participation de J\u00e9r\u00e9my Scraire \u00e0 un colloque international sur l&rsquo;usage de l&rsquo;IA en histoire<\/a><br><a href=\"https:\/\/chrs.uqam.ca\/index.php\/2022\/06\/10\/felicitations-aux-boursieres-et-boursiers\/\">F\u00e9licitations aux \u00e9tudiant\u00b7e\u00b7s laur\u00e9at\u00b7e\u00b7s de bourses de recherche 2022-2023<\/a><br>\n<\/div><\/div>\n","protected":false},"excerpt":{"rendered":"<p>Universit\u00e9 de Montr\u00e9al D\u00e9partement d&rsquo;histoire J\u00e9r\u00e9my Scraire est candidat \u00e0 la ma\u00eetrise en enseignement de l\u2019histoire au coll\u00e9gial \u00e0 l\u2019Universit\u00e9 de Montr\u00e9al, sous la direction de Catherine Larochelle. \u00c0 travers&#8230;<\/p>\n","protected":false},"author":2,"featured_media":0,"parent":455,"menu_order":0,"comment_status":"closed","ping_status":"closed","template":"","meta":{"_monsterinsights_skip_tracking":false,"_monsterinsights_sitenote_active":false,"_monsterinsights_sitenote_note":"","_monsterinsights_sitenote_category":0,"footnotes":""},"class_list":["post-9117","page","type-page","status-publish","hentry"],"_links":{"self":[{"href":"https:\/\/chrs.uqam.ca\/index.php\/wp-json\/wp\/v2\/pages\/9117","targetHints":{"allow":["GET"]}}],"collection":[{"href":"https:\/\/chrs.uqam.ca\/index.php\/wp-json\/wp\/v2\/pages"}],"about":[{"href":"https:\/\/chrs.uqam.ca\/index.php\/wp-json\/wp\/v2\/types\/page"}],"author":[{"embeddable":true,"href":"https:\/\/chrs.uqam.ca\/index.php\/wp-json\/wp\/v2\/users\/2"}],"replies":[{"embeddable":true,"href":"https:\/\/chrs.uqam.ca\/index.php\/wp-json\/wp\/v2\/comments?post=9117"}],"version-history":[{"count":4,"href":"https:\/\/chrs.uqam.ca\/index.php\/wp-json\/wp\/v2\/pages\/9117\/revisions"}],"predecessor-version":[{"id":11689,"href":"https:\/\/chrs.uqam.ca\/index.php\/wp-json\/wp\/v2\/pages\/9117\/revisions\/11689"}],"up":[{"embeddable":true,"href":"https:\/\/chrs.uqam.ca\/index.php\/wp-json\/wp\/v2\/pages\/455"}],"wp:attachment":[{"href":"https:\/\/chrs.uqam.ca\/index.php\/wp-json\/wp\/v2\/media?parent=9117"}],"curies":[{"name":"wp","href":"https:\/\/api.w.org\/{rel}","templated":true}]}}

Jérémy Scraire

<p><img loading="lazy" decoding="async" class="wp-image-9115 alignleft" src="https://chrs.uqam.ca/wp-content/uploads/2021/07/photo_jeremi.jpg" alt="" width="191" height="287" /><span lang="fr-CA"><strong>Université de Montréal<br />
Département d&rsquo;histoire</strong></span></p>
<p><span style="font-weight: 400;">Jérémy Scraire est candidat à la maîtrise en enseignement de l’histoire au collégial</span><span style="font-weight: 400;"> à l’Université de Montréal, sous la direction de Catherine Larochelle. À travers l&rsquo;étude de cas de l’équipe de hockey féminin de l’Université McGill, il travaille sur les enjeux reliés aux rapports genrés entourant les débuts de la pratique organisée du hockey féminin universitaire montréalais, au début du XXe siècle.</span></p>
<p><span style="font-weight: 400;">Jérémy a un </span><span style="font-weight: 400;">intérêt marqué pour tout ce qui relève de la santé mentale et des marginalités dans le sport au Canada (XIXe-XXe siècle).  S’intéressant grandement à la technopédagogie et aux humanités numériques, il est actuellement enseignant au Collégial Sainte-Anne à Lachine et auxiliaire de recherche. </span></p>
<div class="su-spoiler su-spoiler-style-default su-spoiler-icon-chevron su-spoiler-closed" data-scroll-offset="0" data-anchor-in-url="no"><div class="su-spoiler-title" tabindex="0" role="button"><span class="su-spoiler-icon"></span>Coordonnées</div><div class="su-spoiler-content su-u-clearfix su-u-trim">
<p><strong>Courriel :</strong> <strong>jeremy.scraire@umontreal.ca </strong></div></div>
<div class="su-spoiler su-spoiler-style-default su-spoiler-icon-chevron su-spoiler-closed" data-scroll-offset="0" data-anchor-in-url="no"><div class="su-spoiler-title" tabindex="0" role="button"><span class="su-spoiler-icon"></span>Curriculum vitae </div><div class="su-spoiler-content su-u-clearfix su-u-trim">
<p><a href="http://linkedin.com/in/jérémy-scraire-814a7916b">linkedin.com/in/jérémy-scraire-814a7916b </a><br />
</div></div>
<div class="su-spoiler su-spoiler-style-default su-spoiler-icon-chevron su-spoiler-closed" data-scroll-offset="0" data-anchor-in-url="no"><div class="su-spoiler-title" tabindex="0" role="button"><span class="su-spoiler-icon"></span>Bourses, prix et distinctions</div><div class="su-spoiler-content su-u-clearfix su-u-trim">
<p><span style="font-weight: 400;">Transkribus scholarship – 2023<br />
</span><span style="font-weight: 400;">Bourse de maîtrise en recherche (B1Z) du FRQSC – 2022<br />
</span>Bourse du Conseil des ministres de l’Éducation du Canada (University of Regina &amp; University of Calgary) – 2022<br />
<span style="font-weight: 400;">Prix Madeleine Saint-Martin – 2021</span><br />
Bourses d’études supérieures du Canada Joseph-Armand-Bombardier – 2021<br />
Bourse du ministère de l&rsquo;Éducation et de l&rsquo;Enseignement supérieur (MEES) du Québec pour des séjours d&rsquo;études universitaires de moins de 2 mois à l&rsquo;extérieur du Québec – 2021<br />
Bourse du Conseil des ministres de l’Éducation du Canada (University of Regina &amp; University of Calgary) – 2021<br />
Fondation des Bourses d’études du 25e anniversaire de Kirkland – 2020</p>
</div></div>
<div class="su-spoiler su-spoiler-style-default su-spoiler-icon-chevron" data-scroll-offset="0" data-anchor-in-url="no"><div class="su-spoiler-title" tabindex="0" role="button"><span class="su-spoiler-icon"></span>Nouvelles</div><div class="su-spoiler-content su-u-clearfix su-u-trim">
<a href="https://chrs.uqam.ca/index.php/2024/01/31/participation-de-jeremy-scraire-a-un-colloque-international-sur-lusage-de-lia-en-histoire/">Participation de Jérémy Scraire à un colloque international sur l&rsquo;usage de l&rsquo;IA en histoire</a><br><a href="https://chrs.uqam.ca/index.php/2022/06/10/felicitations-aux-boursieres-et-boursiers/">Félicitations aux étudiant·e·s lauréat·e·s de bourses de recherche 2022-2023</a><br>
</div></div>

<p>Université de Montréal Département d&rsquo;histoire Jérémy Scraire est candidat à la maîtrise en enseignement de l’histoire au collégial à l’Université de Montréal, sous la direction de Catherine Larochelle. À travers&#8230;</p>
