{"id":8963,"date":"2021-06-01T12:10:29","date_gmt":"2021-06-01T16:10:29","guid":{"rendered":"https:\/\/chrs.dev.uqam.ca\/?page_id=8963"},"modified":"2021-07-14T08:52:37","modified_gmt":"2021-07-14T12:52:37","slug":"mathieu-paradis","status":"publish","type":"page","link":"https:\/\/chrs.uqam.ca\/index.php\/a-propos\/equipe\/membres-etudiants\/mathieu-paradis\/","title":{"rendered":"Mathieu Paradis"},"content":{"rendered":"<p><strong>Universit\u00e9 de Montr\u00e9al<br \/>\nD\u00e9partement d&rsquo;histoire<\/strong><\/p>\n<p><img loading=\"lazy\" decoding=\"async\" class=\"size-full wp-image-8967 alignleft\" src=\"https:\/\/chrs.uqam.ca\/wp-content\/uploads\/2021\/06\/IMG_20210526_200048-e1622563981333.jpg\" alt=\"\" width=\"150\" height=\"169\" \/><\/p>\n<p>Mathieu Paradis est candidat \u00e0 la ma\u00eetrise au d\u00e9partement d&rsquo;histoire de l&rsquo;Universit\u00e9 de Montr\u00e9al. Son parcours acad\u00e9mique, comme ses exp\u00e9riences de travail, est \u00e9clectique. Entre la criminologie, la sociologie et l\u2019histoire, une constante : les sciences humaines. D\u2019un d\u00e9partement \u00e0 l\u2019autre, les corps professoraux ont encourag\u00e9 ses r\u00e9flexions sur le caract\u00e8re polymorphe de la condition humaine.<\/p>\n<p>L\u2019\u00e9tude du v\u00e9cu, l\u2019examen du ressenti et l\u2019expression litt\u00e9raire, voil\u00e0 les consid\u00e9rations au centre de ses recherches. Sous la codirection des professeurs Ollivier Hubert et Martin Petitclerc, son projet de m\u00e9moire repose sur l\u2019\u00e9tude de l\u2019exp\u00e9rience ouvri\u00e8re et de la pr\u00e9carit\u00e9 urbaine montr\u00e9alaises dans la premi\u00e8re moiti\u00e9 du XX<sup>e<\/sup> si\u00e8cle. Sa recherche vise \u00e0 r\u00e9ins\u00e9rer le discours ouvrier dans le r\u00e9cit historique montr\u00e9alais. Les sources mobilis\u00e9es sont de type litt\u00e9raire : \u00e9changes \u00e9pistolaires, journaux intimes, etc.<\/p>\n<div class=\"su-spoiler su-spoiler-style-default su-spoiler-icon-chevron su-spoiler-closed\" data-scroll-offset=\"0\" data-anchor-in-url=\"no\"><div class=\"su-spoiler-title\" tabindex=\"0\" role=\"button\"><span class=\"su-spoiler-icon\"><\/span>Coordonn\u00e9es<\/div><div class=\"su-spoiler-content su-u-clearfix su-u-trim\">\n<p><strong>Courriel :\u00a0<\/strong>mathieu.paradis@umontreal.ca<a id=\"LPlnk867660\" href=\"mailto:dubreuil.anne-marie.2@courrier.uqam.ca\" target=\"_blank\" rel=\"noopener noreferrer\" data-auth=\"NotApplicable\"><\/a><\/div><\/div>\n<div class=\"su-spoiler su-spoiler-style-default su-spoiler-icon-chevron\" data-scroll-offset=\"0\" data-anchor-in-url=\"no\"><div class=\"su-spoiler-title\" tabindex=\"0\" role=\"button\"><span class=\"su-spoiler-icon\"><\/span>Nouvelles<\/div><div class=\"su-spoiler-content su-u-clearfix su-u-trim\">\n<a href=\"https:\/\/chrs.uqam.ca\/index.php\/2024\/08\/29\/mathieu-paradis-publie-un-article-dans-a-babord\/\">Mathieu Paradis publie un article dans <i>\u00c0 b\u00e2bord!<\/i><\/a><br><a href=\"https:\/\/chrs.uqam.ca\/index.php\/2022\/12\/20\/ollivier-hubert-et-mathieu-paradis-participent-au-balado-culture\/\">Ollivier Hubert et Mathieu Paradis participent au balado <em>Cultur\u00e9<\/em><\/a><br><a href=\"https:\/\/chrs.uqam.ca\/index.php\/2021\/10\/14\/lequipe-du-chrs-decerne-trois-bourses-de-recherche-pour-son-concours-2021-2022\/\">L\u2019\u00e9quipe du CHRS d\u00e9cerne trois bourses de recherche pour son concours 2021-2022<\/a><br>\n<\/div><\/div>\n","protected":false},"excerpt":{"rendered":"<p>Universit\u00e9 de Montr\u00e9al D\u00e9partement d&rsquo;histoire Mathieu Paradis est candidat \u00e0 la ma\u00eetrise au d\u00e9partement d&rsquo;histoire de l&rsquo;Universit\u00e9 de Montr\u00e9al. Son parcours acad\u00e9mique, comme ses exp\u00e9riences de travail, est \u00e9clectique. Entre&#8230;<\/p>\n","protected":false},"author":2,"featured_media":0,"parent":455,"menu_order":0,"comment_status":"closed","ping_status":"closed","template":"","meta":{"_monsterinsights_skip_tracking":false,"_monsterinsights_sitenote_active":false,"_monsterinsights_sitenote_note":"","_monsterinsights_sitenote_category":0,"footnotes":""},"class_list":["post-8963","page","type-page","status-publish","hentry"],"_links":{"self":[{"href":"https:\/\/chrs.uqam.ca\/index.php\/wp-json\/wp\/v2\/pages\/8963","targetHints":{"allow":["GET"]}}],"collection":[{"href":"https:\/\/chrs.uqam.ca\/index.php\/wp-json\/wp\/v2\/pages"}],"about":[{"href":"https:\/\/chrs.uqam.ca\/index.php\/wp-json\/wp\/v2\/types\/page"}],"author":[{"embeddable":true,"href":"https:\/\/chrs.uqam.ca\/index.php\/wp-json\/wp\/v2\/users\/2"}],"replies":[{"embeddable":true,"href":"https:\/\/chrs.uqam.ca\/index.php\/wp-json\/wp\/v2\/comments?post=8963"}],"version-history":[{"count":0,"href":"https:\/\/chrs.uqam.ca\/index.php\/wp-json\/wp\/v2\/pages\/8963\/revisions"}],"up":[{"embeddable":true,"href":"https:\/\/chrs.uqam.ca\/index.php\/wp-json\/wp\/v2\/pages\/455"}],"wp:attachment":[{"href":"https:\/\/chrs.uqam.ca\/index.php\/wp-json\/wp\/v2\/media?parent=8963"}],"curies":[{"name":"wp","href":"https:\/\/api.w.org\/{rel}","templated":true}]}}

<p><strong>Université de Montréal<br />
Département d&rsquo;histoire</strong></p>
<p><img loading="lazy" decoding="async" class="size-full wp-image-8967 alignleft" src="https://chrs.uqam.ca/wp-content/uploads/2021/06/IMG_20210526_200048-e1622563981333.jpg" alt="" width="150" height="169" /></p>
<p>Mathieu Paradis est candidat à la maîtrise au département d&rsquo;histoire de l&rsquo;Université de Montréal. Son parcours académique, comme ses expériences de travail, est éclectique. Entre la criminologie, la sociologie et l’histoire, une constante : les sciences humaines. D’un département à l’autre, les corps professoraux ont encouragé ses réflexions sur le caractère polymorphe de la condition humaine.</p>
<p>L’étude du vécu, l’examen du ressenti et l’expression littéraire, voilà les considérations au centre de ses recherches. Sous la codirection des professeurs Ollivier Hubert et Martin Petitclerc, son projet de mémoire repose sur l’étude de l’expérience ouvrière et de la précarité urbaine montréalaises dans la première moitié du XX<sup>e</sup> siècle. Sa recherche vise à réinsérer le discours ouvrier dans le récit historique montréalais. Les sources mobilisées sont de type littéraire : échanges épistolaires, journaux intimes, etc.</p>
<div class="su-spoiler su-spoiler-style-default su-spoiler-icon-chevron su-spoiler-closed" data-scroll-offset="0" data-anchor-in-url="no"><div class="su-spoiler-title" tabindex="0" role="button"><span class="su-spoiler-icon"></span>Coordonnées</div><div class="su-spoiler-content su-u-clearfix su-u-trim">
<p><strong>Courriel : </strong>mathieu.paradis@umontreal.ca<a id="LPlnk867660" href="mailto:dubreuil.anne-marie.2@courrier.uqam.ca" target="_blank" rel="noopener noreferrer" data-auth="NotApplicable"></a></div></div>
<div class="su-spoiler su-spoiler-style-default su-spoiler-icon-chevron" data-scroll-offset="0" data-anchor-in-url="no"><div class="su-spoiler-title" tabindex="0" role="button"><span class="su-spoiler-icon"></span>Nouvelles</div><div class="su-spoiler-content su-u-clearfix su-u-trim">
<a href="https://chrs.uqam.ca/index.php/2024/08/29/mathieu-paradis-publie-un-article-dans-a-babord/">Mathieu Paradis publie un article dans <i>À bâbord!</i></a><br><a href="https://chrs.uqam.ca/index.php/2022/12/20/ollivier-hubert-et-mathieu-paradis-participent-au-balado-culture/">Ollivier Hubert et Mathieu Paradis participent au balado <em>Culturé</em></a><br><a href="https://chrs.uqam.ca/index.php/2021/10/14/lequipe-du-chrs-decerne-trois-bourses-de-recherche-pour-son-concours-2021-2022/">L’équipe du CHRS décerne trois bourses de recherche pour son concours 2021-2022</a><br>
</div></div>

<p>Université de Montréal Département d&rsquo;histoire Mathieu Paradis est candidat à la maîtrise au département d&rsquo;histoire de l&rsquo;Université de Montréal. Son parcours académique, comme ses expériences de travail, est éclectique. Entre&#8230;</p>
