{"id":7002,"date":"2020-05-08T18:21:33","date_gmt":"2020-05-08T22:21:33","guid":{"rendered":"https:\/\/chrs.dev.uqam.ca\/?page_id=7002"},"modified":"2021-02-12T15:04:15","modified_gmt":"2021-02-12T19:04:15","slug":"hamza-tabaichount","status":"publish","type":"page","link":"https:\/\/chrs.uqam.ca\/index.php\/a-propos\/equipe\/membres-etudiants\/hamza-tabaichount\/","title":{"rendered":"Hamza Taba\u00efchount"},"content":{"rendered":"<p><strong><img loading=\"lazy\" decoding=\"async\" class=\"alignleft wp-image-7003\" src=\"https:\/\/chrs.uqam.ca\/wp-content\/uploads\/2020\/05\/hamza_tabaichount.png\" alt=\"\" width=\"154\" height=\"163\" srcset=\"https:\/\/chrs.uqam.ca\/wp-content\/uploads\/2020\/05\/hamza_tabaichount.png 441w, https:\/\/chrs.uqam.ca\/wp-content\/uploads\/2020\/05\/hamza_tabaichount-283x300.png 283w\" sizes=\"auto, (max-width: 154px) 100vw, 154px\" \/>Universit\u00e9 du Qu\u00e9bec \u00e0 Montr\u00e9al<br \/>\nD\u00e9partement d&rsquo;histoire<\/strong><\/p>\n<p>Hamza Taba\u00efchount est candidat \u00e0 la ma\u00eetrise en histoire \u00e0 l\u2019Universit\u00e9 du Qu\u00e9bec \u00e0 Montr\u00e9al. Il r\u00e9dige un m\u00e9moire de ma\u00eetrise qui traite de l\u2019impact de la soci\u00e9t\u00e9 civile sur les l\u00e9gislations qu\u00e9b\u00e9coise et canadienne en mati\u00e8re de r\u00e9fugi\u00e9s dans les ann\u00e9es 1980 et 1990 sous la supervision de Martin Petitclerc et de Daniel Ross.<\/p>\n<p>De mani\u00e8re plus g\u00e9n\u00e9rale, ses champs d\u2019int\u00e9r\u00eat en histoire concernent les mouvements sociaux, les questions d\u2019identit\u00e9 nationale et les relations internationales. Parall\u00e8lement \u00e0 ses \u00e9tudes, il est charg\u00e9 de projet \u00e0 la promotion de l\u2019histoire \u00e0 la Fondation Lionel-Groulx. Sa principale mission consiste en l\u2019am\u00e9lioration du contenu sur l\u2019histoire du Qu\u00e9bec et de l\u2019Am\u00e9rique fran\u00e7aise dans Wikip\u00e9dia.<\/p>\n<div class=\"su-spoiler su-spoiler-style-default su-spoiler-icon-chevron su-spoiler-closed\" data-scroll-offset=\"0\" data-anchor-in-url=\"no\"><div class=\"su-spoiler-title\" tabindex=\"0\" role=\"button\"><span class=\"su-spoiler-icon\"><\/span>Coordonn\u00e9es<\/div><div class=\"su-spoiler-content su-u-clearfix su-u-trim\">\n<p><strong>Courriel :\u00a0<\/strong>hamza.tabaichount@gmail.com<\/p>\n<\/div><\/div>\n","protected":false},"excerpt":{"rendered":"<p>Universit\u00e9 du Qu\u00e9bec \u00e0 Montr\u00e9al D\u00e9partement d&rsquo;histoire Hamza Taba\u00efchount est candidat \u00e0 la ma\u00eetrise en histoire \u00e0 l\u2019Universit\u00e9 du Qu\u00e9bec \u00e0 Montr\u00e9al. Il r\u00e9dige un m\u00e9moire de ma\u00eetrise qui traite&#8230;<\/p>\n","protected":false},"author":2,"featured_media":0,"parent":455,"menu_order":0,"comment_status":"closed","ping_status":"closed","template":"","meta":{"_monsterinsights_skip_tracking":false,"_monsterinsights_sitenote_active":false,"_monsterinsights_sitenote_note":"","_monsterinsights_sitenote_category":0,"footnotes":""},"class_list":["post-7002","page","type-page","status-publish","hentry"],"_links":{"self":[{"href":"https:\/\/chrs.uqam.ca\/index.php\/wp-json\/wp\/v2\/pages\/7002","targetHints":{"allow":["GET"]}}],"collection":[{"href":"https:\/\/chrs.uqam.ca\/index.php\/wp-json\/wp\/v2\/pages"}],"about":[{"href":"https:\/\/chrs.uqam.ca\/index.php\/wp-json\/wp\/v2\/types\/page"}],"author":[{"embeddable":true,"href":"https:\/\/chrs.uqam.ca\/index.php\/wp-json\/wp\/v2\/users\/2"}],"replies":[{"embeddable":true,"href":"https:\/\/chrs.uqam.ca\/index.php\/wp-json\/wp\/v2\/comments?post=7002"}],"version-history":[{"count":0,"href":"https:\/\/chrs.uqam.ca\/index.php\/wp-json\/wp\/v2\/pages\/7002\/revisions"}],"up":[{"embeddable":true,"href":"https:\/\/chrs.uqam.ca\/index.php\/wp-json\/wp\/v2\/pages\/455"}],"wp:attachment":[{"href":"https:\/\/chrs.uqam.ca\/index.php\/wp-json\/wp\/v2\/media?parent=7002"}],"curies":[{"name":"wp","href":"https:\/\/api.w.org\/{rel}","templated":true}]}}

Hamza Tabaïchount

<p><strong><img loading="lazy" decoding="async" class="alignleft wp-image-7003" src="https://chrs.uqam.ca/wp-content/uploads/2020/05/hamza_tabaichount.png" alt="" width="154" height="163" srcset="https://chrs.uqam.ca/wp-content/uploads/2020/05/hamza_tabaichount.png 441w, https://chrs.uqam.ca/wp-content/uploads/2020/05/hamza_tabaichount-283x300.png 283w" sizes="auto, (max-width: 154px) 100vw, 154px" />Université du Québec à Montréal<br />
Département d&rsquo;histoire</strong></p>
<p>Hamza Tabaïchount est candidat à la maîtrise en histoire à l’Université du Québec à Montréal. Il rédige un mémoire de maîtrise qui traite de l’impact de la société civile sur les législations québécoise et canadienne en matière de réfugiés dans les années 1980 et 1990 sous la supervision de Martin Petitclerc et de Daniel Ross.</p>
<p>De manière plus générale, ses champs d’intérêt en histoire concernent les mouvements sociaux, les questions d’identité nationale et les relations internationales. Parallèlement à ses études, il est chargé de projet à la promotion de l’histoire à la Fondation Lionel-Groulx. Sa principale mission consiste en l’amélioration du contenu sur l’histoire du Québec et de l’Amérique française dans Wikipédia.</p>
<div class="su-spoiler su-spoiler-style-default su-spoiler-icon-chevron su-spoiler-closed" data-scroll-offset="0" data-anchor-in-url="no"><div class="su-spoiler-title" tabindex="0" role="button"><span class="su-spoiler-icon"></span>Coordonnées</div><div class="su-spoiler-content su-u-clearfix su-u-trim">
<p><strong>Courriel : </strong>hamza.tabaichount@gmail.com</p>
</div></div>

<p>Université du Québec à Montréal Département d&rsquo;histoire Hamza Tabaïchount est candidat à la maîtrise en histoire à l’Université du Québec à Montréal. Il rédige un mémoire de maîtrise qui traite&#8230;</p>
