{"id":697,"date":"2017-02-04T22:36:00","date_gmt":"2017-02-04T21:36:00","guid":{"rendered":"http:\/\/chrs.cieq.ca\/?page_id=697"},"modified":"2020-05-28T14:17:47","modified_gmt":"2020-05-28T18:17:47","slug":"martin-robert","status":"publish","type":"page","link":"https:\/\/chrs.uqam.ca\/index.php\/a-propos\/equipe\/chercheurs-affilies\/martin-robert\/","title":{"rendered":"Martin Robert"},"content":{"rendered":"<p><strong>Research Fellow in the History of Medicine | Junior Research Fellow<\/strong><br \/>\n<strong>Universit\u00e9 d&rsquo;Oxford<br \/>\n<\/strong><\/p>\n<p>Martin Robert (Ph. D. Histoire) m\u00e8ne pr\u00e9sentement des recherches postdoctorales au\u00a0<i>Oxford C<\/i><em>entre for the History of Science, Medicine, and Technology<\/em>. Il est \u00e9galement Junior Research Fellow au Wolfson College d&rsquo;Oxford. Dans le cadre de ses \u00e9tudes, il analyse comment un enseignement m\u00e9dical de type europ\u00e9en s\u2019est institu\u00e9 au Canada et en Inde, apr\u00e8s leur int\u00e9gration \u00e0 l\u2019Empire britannique entre 1763 et 1845.\u00a0Cette recherche se propose de rendre visibles, par la comparaison des situations canadienne et indienne, les dynamiques globales qui posaient les conditions d\u2019acc\u00e8s \u00e0 la profession m\u00e9dicale dans l\u2019Empire.<\/p>\n<p><a href=\"https:\/\/www.hsmt.ox.ac.uk\/people\/dr-martin-robert\">Page personnelle sur le site du <em>Oxford<\/em>\u00a0<em>Centre for the History of Science, Medicine, and Technology<\/em><\/a><\/p>\n<p>\u00c0 l&rsquo;automne 2019, il a soutenu avec succ\u00e8s sa th\u00e8se en histoire\u00a0 \u00ab La fabrique du corps m\u00e9dical. Dissections humaines et formation m\u00e9dicale dans le Qu\u00e9bec du XIXe si\u00e8cle \u00bb sous la codirection de Martin Petitclerc (Universit\u00e9 du Qu\u00e9bec \u00e0 Montr\u00e9al) et de Rafael Mandressi (Centre Alexandre-Koyr\u00e9 d\u2019histoire des sciences, CNRS-Paris). Il a par ailleurs compl\u00e9t\u00e9 en 2014 un m\u00e9moire de ma\u00eetrise sur la naissance de la cr\u00e9mation au Qu\u00e9bec.<\/p>\n<div class=\"su-spoiler su-spoiler-style-default su-spoiler-icon-chevron su-spoiler-closed\" data-scroll-offset=\"0\" data-anchor-in-url=\"no\"><div class=\"su-spoiler-title\" tabindex=\"0\" role=\"button\"><span class=\"su-spoiler-icon\"><\/span>Liens<\/div><div class=\"su-spoiler-content su-u-clearfix su-u-trim\">\n<a href=\"http:\/\/www.archipel.uqam.ca\/7193\/\" target=\"_blank\" rel=\"noopener\">M\u00e9moire de Martin Robert sur Archipel<\/a><br \/>\n<\/div><\/div>\n<div class=\"su-spoiler su-spoiler-style-default su-spoiler-icon-chevron su-spoiler-closed\" data-scroll-offset=\"0\" data-anchor-in-url=\"no\"><div class=\"su-spoiler-title\" tabindex=\"0\" role=\"button\"><span class=\"su-spoiler-icon\"><\/span>Th\u00e8se de doctorat<\/div><div class=\"su-spoiler-content su-u-clearfix su-u-trim\">\n<p><em>La fabrique du corps m\u00e9dical. Dissections humaines et formation m\u00e9dicale dans le Qu\u00e9bec du XIXe si\u00e8cle<\/em><\/p>\n<p><em><br \/>\n<\/em>Direction : <a href=\"\/index.php\/a-propos\/equipe\/membres-reguliers\/martin-petitclerc\/\" target=\"_blank\" rel=\"noopener\">Martin Petitclerc\u00a0<\/a>(Universit\u00e9 du Qu\u00e9bec \u00e0 Montr\u00e9al)<br \/>\nCo-direction : Rafael Mandressi (Centre Alexandre-Koyr\u00e9 d\u2019histoire des sciences, CNRS-Paris)<\/p>\n<ul>\n<li style=\"list-style-type: none;\">\n<ul><\/div><\/div><\/ul>\n<\/li>\n<\/ul>\n<div class=\"su-spoiler su-spoiler-style-default su-spoiler-icon-chevron su-spoiler-closed\" data-scroll-offset=\"0\" data-anchor-in-url=\"no\"><div class=\"su-spoiler-title\" tabindex=\"0\" role=\"button\"><span class=\"su-spoiler-icon\"><\/span>M\u00e9moire de ma\u00eetrise<\/div><div class=\"su-spoiler-content su-u-clearfix su-u-trim\">\n<p><span class=\"person_name\">Robert, Martin<\/span>\u00a0(2015). \u00abDisposer de son cadavre : la naissance de la cr\u00e9mation au Qu\u00e9bec (1874-1914)\u00bb M\u00e9moire. Montr\u00e9al (Qu\u00e9bec, Canada), Universit\u00e9 du Qu\u00e9bec \u00e0 Montr\u00e9al, Ma\u00eetrise en histoire.<\/p>\n<p>Direction : <a href=\"\/index.php\/a-propos\/equipe\/membres-reguliers\/martin-petitclerc\/\" target=\"_blank\" rel=\"noopener\">Martin Petitclerc\u00a0<\/a>(Universit\u00e9 du Qu\u00e9bec \u00e0 Montr\u00e9al)<\/p>\n<ul>\n<li style=\"list-style-type: none;\"><\/li>\n<\/ul>\n<ul>\n<li style=\"list-style-type: none;\">\n<ul>\n<li style=\"list-style-type: none;\">\n<ul><\/div><\/div><\/ul>\n<\/li>\n<\/ul>\n<\/li>\n<\/ul>\n<div class=\"su-spoiler su-spoiler-style-default su-spoiler-icon-chevron\" data-scroll-offset=\"0\" data-anchor-in-url=\"no\"><div class=\"su-spoiler-title\" tabindex=\"0\" role=\"button\"><span class=\"su-spoiler-icon\"><\/span>Nouvelles<\/div><div class=\"su-spoiler-content su-u-clearfix su-u-trim\">\n<a href=\"https:\/\/chrs.uqam.ca\/index.php\/2025\/02\/13\/entrevue-de-martin-robert-a-notre-histoire-en-tete\/\">Entrevue de Martin Robert \u00e0 <i>Notre histoire en t\u00eate<\/i><\/a><br><a href=\"https:\/\/chrs.uqam.ca\/index.php\/2024\/07\/10\/programme-du-congres-de-la-schec\/\">Programme du Congr\u00e8s de la SCHEC<\/a><br><a href=\"https:\/\/chrs.uqam.ca\/index.php\/2024\/03\/26\/martin-robert-a-moteur-de-recherche\/\">Martin Robert \u00e0 <em>Moteur de recherche<\/em><\/a><br><a href=\"https:\/\/chrs.uqam.ca\/index.php\/2023\/12\/21\/le-lancement-du-livre-de-martin-robert-cette-science-necessaire-dissections-humaines-et-formation-medicale-au-quebec\/\">Lancement du livre de Martin Robert, \u00ab\u00a0Cette science n\u00e9cessaire: Dissections humaines et formation m\u00e9dicale au Qu\u00e9bec\u00a0\u00bb<\/a><br><a href=\"https:\/\/chrs.uqam.ca\/index.php\/2023\/11\/22\/conference-de-martin-robert-la-faculte-de-medecine-de-luniversite-laurore-a-shanghai-1912-1952\/\">Conf\u00e9rence de Martin Robert, <i>La facult\u00e9 de m\u00e9decine de l&rsquo;Universit\u00e9 L&rsquo;Aurore \u00e0 Shanghai (1912-1952)<\/i><\/a><br><a href=\"https:\/\/chrs.uqam.ca\/index.php\/2023\/11\/21\/martin-robert-publie-cette-science-necessaire-dissections-humaines-et-formation-medicale-au-quebec\/\">Martin Robert publie <em>Cette science n\u00e9cessaire: Dissections humaines et formation m\u00e9dicale au Qu\u00e9bec<\/em><\/a><br><a href=\"https:\/\/chrs.uqam.ca\/index.php\/2022\/01\/31\/contributions-de-nos-membres-a-la-revue-the-canadian-historical-review\/\">Contributions de nos membres \u00e0 la revue <em>The Canadian Historical Review<\/em><\/a><br><a href=\"https:\/\/chrs.uqam.ca\/index.php\/2021\/02\/18\/appel-de-textes-pour-les-journees-teaching-to-treat-medical-education-in-the-empires-18th-20th-centuries\/\">Appel de textes pour les journ\u00e9es <em> Teaching to Treat: Medical Education in the Empires (18th-20th centuries) <\/em><\/a><br><a href=\"https:\/\/chrs.uqam.ca\/index.php\/2021\/01\/13\/seminaire-en-ligne-historians-in-the-public-sphere-2\/\">S\u00e9minaire en ligne <em>Historians in the Public Sphere\ufeff<\/em> &#8211; hiver 2021<\/a><br><a href=\"https:\/\/chrs.uqam.ca\/index.php\/2021\/01\/12\/entrevue-avec-yuxi-liu\/\">Entrevue avec Yuxi Liu<\/a><br><a href=\"https:\/\/chrs.uqam.ca\/index.php\/2020\/11\/23\/entrevue-avec-martin-robert-profil-et-recherches-titre-suggere\/\">Entrevue avec Martin Robert<\/a><br><a href=\"https:\/\/chrs.uqam.ca\/index.php\/2020\/10\/21\/le-chercheur-associe-martin-robert-recoit-deux-prix-en-france-pour-sa-these-de-doctorat\/\">Le chercheur associ\u00e9 Martin Robert re\u00e7oit deux prix en France pour sa th\u00e8se de doctorat<\/a><br><a href=\"https:\/\/chrs.uqam.ca\/index.php\/2020\/10\/02\/seminaire-en-ligne-historians-in-the-public-sphere\/\">S\u00e9minaire en ligne <em>Historians in the Public Sphere\ufeff<\/em><\/a><br><a href=\"https:\/\/chrs.uqam.ca\/index.php\/2020\/09\/24\/parution-de-louvrage-question-sociale-et-citoyenneteaux-presses-de-luniversite-du-quebec\/\">Parution de l&rsquo;ouvrage  <em>Question sociale et citoyennet\u00e9<\/em> aux Presses de l&rsquo;Universit\u00e9 du Qu\u00e9bec<\/a><br><a href=\"https:\/\/chrs.uqam.ca\/index.php\/2020\/06\/23\/entretien-avec-jennie-skene-au-sujet-de-la-greve-des-infirmieres-1999\/\">Entretien avec Jennie Skene au sujet de la gr\u00e8ve des infirmi\u00e8res (1999)<\/a><br><a href=\"https:\/\/chrs.uqam.ca\/index.php\/2020\/06\/11\/entretien-avec-diane-lavallee-au-sujet-de-la-greve-des-infirmieres-1989\/\">Entretien avec Diane Lavall\u00e9e au sujet de la gr\u00e8ve des infirmi\u00e8res (1989)<\/a><br><a href=\"https:\/\/chrs.uqam.ca\/index.php\/2019\/09\/17\/invitation-a-la-soutenance-de-these-de-doctorat-en-histoire-de-martin-robert\/\">Invitation \u00e0 la soutenance de th\u00e8se de doctorat en histoire de Martin Robert<\/a><br><a href=\"https:\/\/chrs.uqam.ca\/index.php\/2019\/07\/18\/participation-du-chrs-a-lecole-dete-gouvernement-et-regulations-sociales\/\">Participation du CHRS \u00e0 l&rsquo;\u00c9cole d&rsquo;\u00e9t\u00e9 <em>Gouvernance et r\u00e9gulations sociales<\/em> \u00e0 Paris<\/a><br><a href=\"https:\/\/chrs.uqam.ca\/index.php\/2019\/05\/07\/quatre-membres-etudiants-obtiennent-des-bourses-du-fonds-de-recherche-du-quebec-societe-et-culture\/\">Quatre membres \u00e9tudiants obtiennent des bourses d&rsquo;\u00e9tudes du  Fonds de recherche du Qu\u00e9bec \u2013 Soci\u00e9t\u00e9 et culture<\/a><br><a href=\"https:\/\/chrs.uqam.ca\/index.php\/2018\/10\/30\/louvrage-greve-et-paix-recompense-au-71e-congres-de-linstitut-dhistoire-de-lamerique-francaise\/\">L&rsquo;ouvrage <em>Gr\u00e8ve et paix<\/em> r\u00e9compens\u00e9 au 71e congr\u00e8s de l&rsquo;Institut d&rsquo;histoire de l&rsquo;Am\u00e9rique fran\u00e7aise<\/a><br><a href=\"https:\/\/chrs.uqam.ca\/index.php\/2018\/05\/01\/invitation-au-lancement-de-louvrage-greve-et-paix-de-martin-petitclerc-et-martin-robert\/\">Invitation au lancement de l&rsquo;ouvrage <i>Gr\u00e8ve et paix<\/i> de Martin Petitclerc et Martin Robert<\/a><br><a href=\"https:\/\/chrs.uqam.ca\/index.php\/2018\/04\/19\/passage-de-camille-robert-a-plus-on-est-de-fous-plus-on-lit\/\">Passage de Camille Robert \u00e0 <i>Plus on est de fous, plus on lit!<\/i> pour pr\u00e9senter l&rsquo;ouvrage <i>Gr\u00e8ve et paix<\/i><\/a><br><a href=\"https:\/\/chrs.uqam.ca\/index.php\/2018\/03\/14\/martin-petitclerc-et-martin-robert-publieront-un-ouvrage-sur-lhistoire-des-lois-speciales-au-quebec\/\">Martin Petitclerc et Martin Robert publieront un ouvrage sur l&rsquo;histoire des lois sp\u00e9ciales au Qu\u00e9bec<\/a><br><a href=\"https:\/\/chrs.uqam.ca\/index.php\/2017\/08\/24\/entretien-avec-didier-nourrisson\/\">Entretien avec Didier Nourrisson<\/a><br><a href=\"https:\/\/chrs.uqam.ca\/index.php\/2017\/06\/01\/2780\/\">Entretien avec Marcel Martel<\/a><br><a href=\"https:\/\/chrs.uqam.ca\/index.php\/2017\/02\/08\/louise-bienvenue-peter-gossage-et-martin-robert-signent-des-articles-dans-le-dernier-numero-dhistoire-sociale\/\">Louise Bienvenue, Peter Gossage et Martin Robert signent des articles dans le dernier num\u00e9ro d&rsquo;Histoire sociale<\/a><br><a href=\"https:\/\/chrs.uqam.ca\/index.php\/2016\/10\/21\/lancement-de-louvrage-au-nom-de-la-securite-criminalisation-de-la-contestation-et-patholigisation-des-marges\/\">Lancement de l\u2019ouvrage \u00ab Au nom de la s\u00e9curit\u00e9! Criminalisation de la contestation et patholigisation des marges \u00bb<\/a><br><a href=\"https:\/\/chrs.uqam.ca\/index.php\/2016\/10\/18\/le-chrs-au-congres-de-lihaf\/\">Le CHRS au congr\u00e8s de l\u2019IHAF<\/a><br><a href=\"https:\/\/chrs.uqam.ca\/index.php\/2016\/09\/08\/lancement-du-dernier-numero-du-bulletin-dhistoire-politique-des-marges-et-des-normes-reflexions-sur-la-carriere-de-jean-marie-fecteau\/\">Lancement du dernier num\u00e9ro du Bulletin d\u2019histoire politique, \u00ab Des marges et des normes. R\u00e9flexions sur la carri\u00e8re de Jean-Marie Fecteau \u00bb<\/a><br><a href=\"https:\/\/chrs.uqam.ca\/index.php\/2016\/08\/11\/dan-horner\/\">Entretien avec Dan Horner<\/a><br><a href=\"https:\/\/chrs.uqam.ca\/index.php\/2016\/07\/26\/caroline-durand\/\">Entretien avec Caroline Durand<\/a><br><a href=\"https:\/\/chrs.uqam.ca\/index.php\/2016\/07\/04\/isabelle-perreault\/\">Entretien avec Isabelle Perreault<\/a><br><a href=\"https:\/\/chrs.uqam.ca\/index.php\/2016\/02\/05\/martin-robert-cite-dans-un-article-du-devoir-sur-les-rites-funeraires\/\">Martin Robert cit\u00e9 dans un article du Devoir sur les rites fun\u00e9raires<\/a><br><a href=\"https:\/\/chrs.uqam.ca\/index.php\/2015\/08\/25\/un-compte-rendu-de-la-journee-detude-lhistoire-orale-en-vaut-elle-la-peine-signe-andreanne-lebrun\/\">Un compte-rendu de la journ\u00e9e d&rsquo;\u00e9tude \u00abL&rsquo;histoire orale en vaut-elle la peine?\u00bb sign\u00e9 Andr\u00e9anne LeBrun<\/a><br><a href=\"https:\/\/chrs.uqam.ca\/index.php\/2014\/09\/05\/martin-robert-presente-ses-recherches-en-roumanie\/\">Martin Robert pr\u00e9sente ses recherches en Roumanie<\/a><br><a href=\"https:\/\/chrs.uqam.ca\/index.php\/2014\/06\/06\/679\/\">Martin Petitclerc et Martin Robert accordent une entrevue au Journal CSQ<\/a><br><a href=\"https:\/\/chrs.uqam.ca\/index.php\/2014\/04\/17\/martin-petitclerc-prend-position-sur-lenseignement-de-lhistoire-et-presente-sa-recherche-sur-les-lois-speciales\/\">Martin Petitclerc prend position sur l&rsquo;enseignement de l&rsquo;histoire et pr\u00e9sente sa recherche sur les lois sp\u00e9ciales<\/a><br><a href=\"https:\/\/chrs.uqam.ca\/index.php\/2014\/03\/02\/seminaire-intitule-entre-droit-et-histoire-developpement-social-et-lois-speciales-au-quebec-ce-vendredi-au-chrs\/\">S\u00e9minaire intitul\u00e9 \u00abEntre droit et histoire : d\u00e9veloppement social et lois sp\u00e9ciales au Qu\u00e9bec\u00bb ce vendredi au CHRS!<\/a><br><a href=\"https:\/\/chrs.uqam.ca\/index.php\/2014\/02\/24\/martin-petitclerc-et-marcelo-otero-participent-a-un-colloque-a-luqam-sur-la-criminalisation-de-lopposition-et-la-pathologisation-des-marges\/\">Martin Petitclerc et Marcelo Otero participent \u00e0 un colloque \u00e0 l&rsquo;UQAM sur la criminalisation de l&rsquo;opposition et la pathologisation des marges<\/a><br><a href=\"https:\/\/chrs.uqam.ca\/index.php\/2014\/01\/17\/martin-petitclerc-et-martin-robert-en-entrevue-a-lautjournal\/\">Martin Petitclerc et Martin Robert en entrevue \u00e0 l&rsquo;Aut&rsquo;Journal<\/a><br>\n<\/div><\/div>\n","protected":false},"excerpt":{"rendered":"<p>Research Fellow in the History of Medicine | Junior Research Fellow Universit\u00e9 d&rsquo;Oxford Martin Robert (Ph. D. Histoire) m\u00e8ne pr\u00e9sentement des recherches postdoctorales au\u00a0Oxford Centre for the History of Science,&#8230;<\/p>\n","protected":false},"author":2,"featured_media":0,"parent":67,"menu_order":0,"comment_status":"closed","ping_status":"closed","template":"","meta":{"_monsterinsights_skip_tracking":false,"_monsterinsights_sitenote_active":false,"_monsterinsights_sitenote_note":"","_monsterinsights_sitenote_category":0,"footnotes":""},"class_list":["post-697","page","type-page","status-publish","hentry"],"_links":{"self":[{"href":"https:\/\/chrs.uqam.ca\/index.php\/wp-json\/wp\/v2\/pages\/697","targetHints":{"allow":["GET"]}}],"collection":[{"href":"https:\/\/chrs.uqam.ca\/index.php\/wp-json\/wp\/v2\/pages"}],"about":[{"href":"https:\/\/chrs.uqam.ca\/index.php\/wp-json\/wp\/v2\/types\/page"}],"author":[{"embeddable":true,"href":"https:\/\/chrs.uqam.ca\/index.php\/wp-json\/wp\/v2\/users\/2"}],"replies":[{"embeddable":true,"href":"https:\/\/chrs.uqam.ca\/index.php\/wp-json\/wp\/v2\/comments?post=697"}],"version-history":[{"count":0,"href":"https:\/\/chrs.uqam.ca\/index.php\/wp-json\/wp\/v2\/pages\/697\/revisions"}],"up":[{"embeddable":true,"href":"https:\/\/chrs.uqam.ca\/index.php\/wp-json\/wp\/v2\/pages\/67"}],"wp:attachment":[{"href":"https:\/\/chrs.uqam.ca\/index.php\/wp-json\/wp\/v2\/media?parent=697"}],"curies":[{"name":"wp","href":"https:\/\/api.w.org\/{rel}","templated":true}]}}