{"id":695,"date":"2017-02-04T22:35:41","date_gmt":"2017-02-04T21:35:41","guid":{"rendered":"http:\/\/chrs.cieq.ca\/?page_id=695"},"modified":"2019-10-03T14:49:55","modified_gmt":"2019-10-03T18:49:55","slug":"caroline-robert","status":"publish","type":"page","link":"https:\/\/chrs.uqam.ca\/index.php\/a-propos\/equipe\/membres-etudiants\/caroline-robert\/","title":{"rendered":"Caroline Robert"},"content":{"rendered":"<p><strong>Universit\u00e9 du Qu\u00e9bec \u00e0 Montr\u00e9al<br \/>\nD\u00e9partement d\u2019histoire<\/strong><\/p>\n<p><a href=\"https:\/\/chrs.uqam.ca\/wp-content\/uploads\/2019\/10\/credit_photo_alexandre_rouette_2019.jpg\"><img loading=\"lazy\" decoding=\"async\" class=\"alignleft wp-image-6081 \" src=\"https:\/\/chrs.uqam.ca\/wp-content\/uploads\/2019\/10\/credit_photo_alexandre_rouette_2019.jpg\" alt=\"\" width=\"142\" height=\"213\" srcset=\"https:\/\/chrs.uqam.ca\/wp-content\/uploads\/2019\/10\/credit_photo_alexandre_rouette_2019.jpg 500w, https:\/\/chrs.uqam.ca\/wp-content\/uploads\/2019\/10\/credit_photo_alexandre_rouette_2019-200x300.jpg 200w\" sizes=\"auto, (max-width: 142px) 100vw, 142px\" \/><\/a>Caroline Robert est candidate\u00a0au doctorat\u00a0en histoire \u00e0 l&rsquo;UQAM. Ses int\u00e9r\u00eats de recherches portent sur la r\u00e9gulation de l\u2019alcool et les constructions identitaires associ\u00e9es aux pratiques du boire au Qu\u00e9bec du 19e si\u00e8cle et 20e si\u00e8cle. Elle est l&rsquo;auteure de l&rsquo;article \u00ab Les femmes et l\u2019alcool au tournant du 20e si\u00e8cle : Consommation, repr\u00e9sentations et actions durant le second mouvement de temp\u00e9rance au Qu\u00e9bec \u00bb, paru dans la revue <em>Le Manuscrit<\/em> \u00e0 l&rsquo;hiver 2017. \u00c0 l&rsquo;automne 2018, elle termine son m\u00e9moire\u00a0\u00a0<i>\u00ab\u00a0\u00c0 qui la faute ?\u00a0\u00bb\u00a0: Le second mouvement de temp\u00e9rance et l\u2019\u00c9tat au Qu\u00e9bec (1870-1922).<\/i><\/p>\n<div class=\"su-spoiler su-spoiler-style-default su-spoiler-icon-chevron su-spoiler-closed\" data-scroll-offset=\"0\" data-anchor-in-url=\"no\"><div class=\"su-spoiler-title\" tabindex=\"0\" role=\"button\"><span class=\"su-spoiler-icon\"><\/span>Coordonn\u00e9es<\/div><div class=\"su-spoiler-content su-u-clearfix su-u-trim\">\n<p>Courriel\u00a0 : robertcaroline88@gmail.com<\/p>\n<\/div><\/div>\n<div class=\"su-spoiler su-spoiler-style-default su-spoiler-icon-chevron su-spoiler-closed\" data-scroll-offset=\"0\" data-anchor-in-url=\"no\"><div class=\"su-spoiler-title\" tabindex=\"0\" role=\"button\"><span class=\"su-spoiler-icon\"><\/span>Curriculum vitae<\/div><div class=\"su-spoiler-content su-u-clearfix su-u-trim\">\n<p><a href=\"https:\/\/chrs.uqam.ca\/wp-content\/uploads\/2019\/05\/ROBERT_caroline_CV.pdf\">Curriculum vitae<\/a><\/p>\n<\/div><\/div>\n<div class=\"su-spoiler su-spoiler-style-default su-spoiler-icon-chevron su-spoiler-closed\" data-scroll-offset=\"0\" data-anchor-in-url=\"no\"><div class=\"su-spoiler-title\" tabindex=\"0\" role=\"button\"><span class=\"su-spoiler-icon\"><\/span>Bourses, prix et distinctions<\/div><div class=\"su-spoiler-content su-u-clearfix su-u-trim\">\n<p>Bourse de recherche du Centre d&rsquo;histoire des r\u00e9gulations sociales &#8211; niveau doctoral 2018-2019<\/p>\n<p>Bourse de recherche de la Fondation de BAnQ &#8211; niveau doctoral 2018-2019<\/p>\n<p>Bourses d&rsquo;excellence de la Facult\u00e9 des sciences humaines 2016-2017<\/p>\n<\/div><\/div>\n<div class=\"su-spoiler su-spoiler-style-default su-spoiler-icon-chevron\" data-scroll-offset=\"0\" data-anchor-in-url=\"no\"><div class=\"su-spoiler-title\" tabindex=\"0\" role=\"button\"><span class=\"su-spoiler-icon\"><\/span>Nouvelles<\/div><div class=\"su-spoiler-content su-u-clearfix su-u-trim\">\n<a href=\"https:\/\/chrs.uqam.ca\/index.php\/2021\/06\/23\/caroline-robert-a-ici-premiere-ottawa-gatineau-au-sujet-des-100-ans-de-la-saq\/\">Caroline Robert \u00e0 Ici premi\u00e8re Ottawa-Gatineau au sujet des 100 ans de la SAQ<\/a><br><a href=\"https:\/\/chrs.uqam.ca\/index.php\/2021\/06\/21\/grandir-a-lorphelinat-dans-les-annees-1940-1950-le-temoignage-dyves-lafleur-seconde-partie\/\">Grandir \u00e0 l\u2019orphelinat dans les ann\u00e9es 1940-1950. Le t\u00e9moignage d\u2019Yves Lafleur &#8211; seconde partie<\/a><br><a href=\"https:\/\/chrs.uqam.ca\/index.php\/2021\/03\/30\/la-communication-de-caroline-robert-au-colloque-prohibition-1919-2019-en-ligne\/\">Un article de Caroline Robert issu de sa participation au colloque Prohibition 1919-2019<\/a><br><a href=\"https:\/\/chrs.uqam.ca\/index.php\/2021\/02\/25\/caroline-robert-en-entrevue-a-lemission-mise-a-jour-quebec-100-ans-dalcool-au-quebec\/\">Caroline Robert en entrevue \u00e0 l&rsquo;\u00e9mission <em> Mise \u00c0 Jour Qu\u00e9bec &#8211; 100 ans d&rsquo;alcool au Qu\u00e9bec<\/em><\/a><br><a href=\"https:\/\/chrs.uqam.ca\/index.php\/2020\/07\/14\/parution-de-vice-deviance-et-criminalite-nouveau-dossier-du-bulletin-dhistoire-politique\/\">Parution de \u00ab Vice, d\u00e9viance et criminalit\u00e9 \u00bb un nouveau dossier du Bulletin d&rsquo;histoire politique<\/a><br><a href=\"https:\/\/chrs.uqam.ca\/index.php\/2020\/06\/28\/circuits-urbains-dans-les-rues-du-centre-sud-2\/\">Circuits urbains dans les rues du Centre-Sud<\/a><br><a href=\"https:\/\/chrs.uqam.ca\/index.php\/2020\/01\/22\/caroline-robert-interviewee-pour-le-devoir\/\">Caroline Robert interview\u00e9e pour <em> Le Devoir <\/em><\/a><br><a href=\"https:\/\/chrs.uqam.ca\/index.php\/2019\/11\/11\/dernier-circuit-urbain-dans-les-rues-du-centre-sud-samedi-16-novembre\/\">Dernier circuit urbain dans les rues du Centre-Sud, samedi, 16 novembre<\/a><br><a href=\"https:\/\/chrs.uqam.ca\/index.php\/2019\/10\/29\/participation-de-la-doctorante-caroline-robert-au-colloque-prohibition-1919-2019\/\">Participation de la doctorante Caroline Robert au colloque Prohibition 1919-2019<\/a><br><a href=\"https:\/\/chrs.uqam.ca\/index.php\/2019\/10\/07\/circuits-urbains-dans-les-rues-du-centre-sud\/\">Circuits urbains dans les rues du Centre-Sud<\/a><br><a href=\"https:\/\/chrs.uqam.ca\/index.php\/2019\/07\/18\/participation-du-chrs-a-lecole-dete-gouvernement-et-regulations-sociales\/\">Participation du CHRS \u00e0 l&rsquo;\u00c9cole d&rsquo;\u00e9t\u00e9 <em>Gouvernance et r\u00e9gulations sociales<\/em> \u00e0 Paris<\/a><br><a href=\"https:\/\/chrs.uqam.ca\/index.php\/2019\/05\/13\/caroline-robert-invitee-a-lemission-radio-pas-tous-en-meme-temps\/\">Caroline Robert aborde l&rsquo;histoire de la consommation d&rsquo;alcool au Qu\u00e9bec \u00e0 l&rsquo;\u00e9mission radio <em> Pas tous en m\u00eame temps <\/em><\/a><br><a href=\"https:\/\/chrs.uqam.ca\/index.php\/2019\/03\/19\/programmation-du-colloque-jean-marie-fecteau\/\">Programmation du colloque Jean-Marie Fecteau des cycles sup\u00e9rieurs en histoire de l&rsquo;UQAM<\/a><br><a href=\"https:\/\/chrs.uqam.ca\/index.php\/2019\/03\/18\/juridicisation-judiciarisation-et-regulations-sociales-le-cas-du-mariage-bourgeois-au-debut-du-20e-siecle-quebecois-entretien-avec-thierry-nootens\/\">Juridicisation, judiciarisation et r\u00e9gulations sociales: le cas du mariage bourgeois au d\u00e9but du 20e si\u00e8cle qu\u00e9b\u00e9cois. Entretien avec Thierry Nootens.<\/a><br><a href=\"https:\/\/chrs.uqam.ca\/index.php\/2018\/12\/12\/lequipe-du-chrs-decerne-trois-bourses-detude-pour-le-concours-2018-2019\/\">L\u2019\u00e9quipe du CHRS d\u00e9cerne trois bourses d\u2019\u00e9tude pour le concours 2018-2019<\/a><br><a href=\"https:\/\/chrs.uqam.ca\/index.php\/2018\/11\/22\/entretien-avec-caroline-robert\/\">Entretien avec Caroline Robert<\/a><br><a href=\"https:\/\/chrs.uqam.ca\/index.php\/2018\/10\/26\/caroline-robert-honoree-par-la-fondation-de-bibliotheque-et-archives-nationales-du-quebec\/\">Caroline Robert honor\u00e9e par la Fondation de Biblioth\u00e8que et Archives nationales du Qu\u00e9bec<\/a><br><a href=\"https:\/\/chrs.uqam.ca\/index.php\/2018\/06\/12\/4434\/\">Entretien avec Henrique Carneiro<\/a><br><a href=\"https:\/\/chrs.uqam.ca\/index.php\/2018\/04\/18\/caroline-robert-obtient-la-bourse-de-doctorat-du-programme-de-soutien-a-la-recherche-de-la-banq\/\">Caroline Robert obtient la Bourse de doctorat du Programme de soutien \u00e0 la recherche de la BAnQ<\/a><br><a href=\"https:\/\/chrs.uqam.ca\/index.php\/2018\/02\/14\/invitation-a-la-conference-contre-la-drogue-et-lalcool-une-histoire-de-controle\/\">Invitation \u00e0 la conf\u00e9rence \u00ab Contre la drogue et l&rsquo;alcool : une histoire de contr\u00f4le \u00bb avec Am\u00e9lie Grenier et Caroline Robert<\/a><br><a href=\"https:\/\/chrs.uqam.ca\/index.php\/2017\/10\/30\/le-chrs-au-70e-congres-de-linstitut-dhistoire-damerique-francaise-2017\/\">Le CHRS au 70e Congr\u00e8s de l\u2019Institut d\u2019histoire d\u2019Am\u00e9rique fran\u00e7aise 2017<\/a><br><a href=\"https:\/\/chrs.uqam.ca\/index.php\/2017\/06\/01\/2780\/\">Entretien avec Marcel Martel<\/a><br><a href=\"https:\/\/chrs.uqam.ca\/index.php\/2017\/05\/29\/compte-rendu-du-colloque-vices-et-criminalite-dans-lhistoire-du-quebec-et-du-canada\/\">Compte rendu du colloque \u00ab\u00a0Vices et criminalit\u00e9 dans l\u2019histoire du Qu\u00e9bec et du Canada\u00a0\u00bb<\/a><br><a href=\"https:\/\/chrs.uqam.ca\/index.php\/2017\/05\/02\/invitation-au-colloque-vices-et-criminalite-dans-lhistoire-du-quebec-et-du-canada\/\">Invitation au Colloque Vices et criminalit\u00e9 dans l\u2019histoire du Qu\u00e9bec et du Canada<\/a><br><a href=\"https:\/\/chrs.uqam.ca\/index.php\/2017\/02\/28\/trois-etudiantes-du-chrs-ouvriront-le-colloque-jean-marie-fecteau\/\">Trois \u00e9tudiantes du CHRS ouvriront le Colloque Jean-Marie Fecteau<\/a><br><a href=\"https:\/\/chrs.uqam.ca\/index.php\/2016\/12\/02\/resume-de-latelier-sur-le-vice-et-le-crime-a-montreal\/\">R\u00e9sum\u00e9 de l&rsquo;atelier sur le vice et le crime \u00e0 Montr\u00e9al<\/a><br>\n<\/div><\/div>\n","protected":false},"excerpt":{"rendered":"<p>Universit\u00e9 du Qu\u00e9bec \u00e0 Montr\u00e9al D\u00e9partement d\u2019histoire Caroline Robert est candidate\u00a0au doctorat\u00a0en histoire \u00e0 l&rsquo;UQAM. Ses int\u00e9r\u00eats de recherches portent sur la r\u00e9gulation de l\u2019alcool et les constructions identitaires associ\u00e9es&#8230;<\/p>\n","protected":false},"author":2,"featured_media":0,"parent":455,"menu_order":0,"comment_status":"closed","ping_status":"closed","template":"","meta":{"_monsterinsights_skip_tracking":false,"_monsterinsights_sitenote_active":false,"_monsterinsights_sitenote_note":"","_monsterinsights_sitenote_category":0,"footnotes":""},"class_list":["post-695","page","type-page","status-publish","hentry"],"_links":{"self":[{"href":"https:\/\/chrs.uqam.ca\/index.php\/wp-json\/wp\/v2\/pages\/695","targetHints":{"allow":["GET"]}}],"collection":[{"href":"https:\/\/chrs.uqam.ca\/index.php\/wp-json\/wp\/v2\/pages"}],"about":[{"href":"https:\/\/chrs.uqam.ca\/index.php\/wp-json\/wp\/v2\/types\/page"}],"author":[{"embeddable":true,"href":"https:\/\/chrs.uqam.ca\/index.php\/wp-json\/wp\/v2\/users\/2"}],"replies":[{"embeddable":true,"href":"https:\/\/chrs.uqam.ca\/index.php\/wp-json\/wp\/v2\/comments?post=695"}],"version-history":[{"count":0,"href":"https:\/\/chrs.uqam.ca\/index.php\/wp-json\/wp\/v2\/pages\/695\/revisions"}],"up":[{"embeddable":true,"href":"https:\/\/chrs.uqam.ca\/index.php\/wp-json\/wp\/v2\/pages\/455"}],"wp:attachment":[{"href":"https:\/\/chrs.uqam.ca\/index.php\/wp-json\/wp\/v2\/media?parent=695"}],"curies":[{"name":"wp","href":"https:\/\/api.w.org\/{rel}","templated":true}]}}

<p><strong>Université du Québec à Montréal<br />
Département d’histoire</strong></p>
<p><a href="https://chrs.uqam.ca/wp-content/uploads/2019/10/credit_photo_alexandre_rouette_2019.jpg"><img loading="lazy" decoding="async" class="alignleft wp-image-6081 " src="https://chrs.uqam.ca/wp-content/uploads/2019/10/credit_photo_alexandre_rouette_2019.jpg" alt="" width="142" height="213" srcset="https://chrs.uqam.ca/wp-content/uploads/2019/10/credit_photo_alexandre_rouette_2019.jpg 500w, https://chrs.uqam.ca/wp-content/uploads/2019/10/credit_photo_alexandre_rouette_2019-200x300.jpg 200w" sizes="auto, (max-width: 142px) 100vw, 142px" /></a>Caroline Robert est candidate au doctorat en histoire à l&rsquo;UQAM. Ses intérêts de recherches portent sur la régulation de l’alcool et les constructions identitaires associées aux pratiques du boire au Québec du 19e siècle et 20e siècle. Elle est l&rsquo;auteure de l&rsquo;article « Les femmes et l’alcool au tournant du 20e siècle : Consommation, représentations et actions durant le second mouvement de tempérance au Québec », paru dans la revue <em>Le Manuscrit</em> à l&rsquo;hiver 2017. À l&rsquo;automne 2018, elle termine son mémoire  <i>« À qui la faute ? » : Le second mouvement de tempérance et l’État au Québec (1870-1922).</i></p>
<div class="su-spoiler su-spoiler-style-default su-spoiler-icon-chevron su-spoiler-closed" data-scroll-offset="0" data-anchor-in-url="no"><div class="su-spoiler-title" tabindex="0" role="button"><span class="su-spoiler-icon"></span>Coordonnées</div><div class="su-spoiler-content su-u-clearfix su-u-trim">
<p>Courriel  : robertcaroline88@gmail.com</p>
</div></div>
<div class="su-spoiler su-spoiler-style-default su-spoiler-icon-chevron su-spoiler-closed" data-scroll-offset="0" data-anchor-in-url="no"><div class="su-spoiler-title" tabindex="0" role="button"><span class="su-spoiler-icon"></span>Curriculum vitae</div><div class="su-spoiler-content su-u-clearfix su-u-trim">
<p><a href="https://chrs.uqam.ca/wp-content/uploads/2019/05/ROBERT_caroline_CV.pdf">Curriculum vitae</a></p>
</div></div>
<div class="su-spoiler su-spoiler-style-default su-spoiler-icon-chevron su-spoiler-closed" data-scroll-offset="0" data-anchor-in-url="no"><div class="su-spoiler-title" tabindex="0" role="button"><span class="su-spoiler-icon"></span>Bourses, prix et distinctions</div><div class="su-spoiler-content su-u-clearfix su-u-trim">
<p>Bourse de recherche du Centre d&rsquo;histoire des régulations sociales &#8211; niveau doctoral 2018-2019</p>
<p>Bourse de recherche de la Fondation de BAnQ &#8211; niveau doctoral 2018-2019</p>
<p>Bourses d&rsquo;excellence de la Faculté des sciences humaines 2016-2017</p>
</div></div>
<div class="su-spoiler su-spoiler-style-default su-spoiler-icon-chevron" data-scroll-offset="0" data-anchor-in-url="no"><div class="su-spoiler-title" tabindex="0" role="button"><span class="su-spoiler-icon"></span>Nouvelles</div><div class="su-spoiler-content su-u-clearfix su-u-trim">
<a href="https://chrs.uqam.ca/index.php/2021/06/23/caroline-robert-a-ici-premiere-ottawa-gatineau-au-sujet-des-100-ans-de-la-saq/">Caroline Robert à Ici première Ottawa-Gatineau au sujet des 100 ans de la SAQ</a><br><a href="https://chrs.uqam.ca/index.php/2021/06/21/grandir-a-lorphelinat-dans-les-annees-1940-1950-le-temoignage-dyves-lafleur-seconde-partie/">Grandir à l’orphelinat dans les années 1940-1950. Le témoignage d’Yves Lafleur &#8211; seconde partie</a><br><a href="https://chrs.uqam.ca/index.php/2021/03/30/la-communication-de-caroline-robert-au-colloque-prohibition-1919-2019-en-ligne/">Un article de Caroline Robert issu de sa participation au colloque Prohibition 1919-2019</a><br><a href="https://chrs.uqam.ca/index.php/2021/02/25/caroline-robert-en-entrevue-a-lemission-mise-a-jour-quebec-100-ans-dalcool-au-quebec/">Caroline Robert en entrevue à l&rsquo;émission <em> Mise À Jour Québec &#8211; 100 ans d&rsquo;alcool au Québec</em></a><br><a href="https://chrs.uqam.ca/index.php/2020/07/14/parution-de-vice-deviance-et-criminalite-nouveau-dossier-du-bulletin-dhistoire-politique/">Parution de « Vice, déviance et criminalité » un nouveau dossier du Bulletin d&rsquo;histoire politique</a><br><a href="https://chrs.uqam.ca/index.php/2020/06/28/circuits-urbains-dans-les-rues-du-centre-sud-2/">Circuits urbains dans les rues du Centre-Sud</a><br><a href="https://chrs.uqam.ca/index.php/2020/01/22/caroline-robert-interviewee-pour-le-devoir/">Caroline Robert interviewée pour <em> Le Devoir </em></a><br><a href="https://chrs.uqam.ca/index.php/2019/11/11/dernier-circuit-urbain-dans-les-rues-du-centre-sud-samedi-16-novembre/">Dernier circuit urbain dans les rues du Centre-Sud, samedi, 16 novembre</a><br><a href="https://chrs.uqam.ca/index.php/2019/10/29/participation-de-la-doctorante-caroline-robert-au-colloque-prohibition-1919-2019/">Participation de la doctorante Caroline Robert au colloque Prohibition 1919-2019</a><br><a href="https://chrs.uqam.ca/index.php/2019/10/07/circuits-urbains-dans-les-rues-du-centre-sud/">Circuits urbains dans les rues du Centre-Sud</a><br><a href="https://chrs.uqam.ca/index.php/2019/07/18/participation-du-chrs-a-lecole-dete-gouvernement-et-regulations-sociales/">Participation du CHRS à l&rsquo;École d&rsquo;été <em>Gouvernance et régulations sociales</em> à Paris</a><br><a href="https://chrs.uqam.ca/index.php/2019/05/13/caroline-robert-invitee-a-lemission-radio-pas-tous-en-meme-temps/">Caroline Robert aborde l&rsquo;histoire de la consommation d&rsquo;alcool au Québec à l&rsquo;émission radio <em> Pas tous en même temps </em></a><br><a href="https://chrs.uqam.ca/index.php/2019/03/19/programmation-du-colloque-jean-marie-fecteau/">Programmation du colloque Jean-Marie Fecteau des cycles supérieurs en histoire de l&rsquo;UQAM</a><br><a href="https://chrs.uqam.ca/index.php/2019/03/18/juridicisation-judiciarisation-et-regulations-sociales-le-cas-du-mariage-bourgeois-au-debut-du-20e-siecle-quebecois-entretien-avec-thierry-nootens/">Juridicisation, judiciarisation et régulations sociales: le cas du mariage bourgeois au début du 20e siècle québécois. Entretien avec Thierry Nootens.</a><br><a href="https://chrs.uqam.ca/index.php/2018/12/12/lequipe-du-chrs-decerne-trois-bourses-detude-pour-le-concours-2018-2019/">L’équipe du CHRS décerne trois bourses d’étude pour le concours 2018-2019</a><br><a href="https://chrs.uqam.ca/index.php/2018/11/22/entretien-avec-caroline-robert/">Entretien avec Caroline Robert</a><br><a href="https://chrs.uqam.ca/index.php/2018/10/26/caroline-robert-honoree-par-la-fondation-de-bibliotheque-et-archives-nationales-du-quebec/">Caroline Robert honorée par la Fondation de Bibliothèque et Archives nationales du Québec</a><br><a href="https://chrs.uqam.ca/index.php/2018/06/12/4434/">Entretien avec Henrique Carneiro</a><br><a href="https://chrs.uqam.ca/index.php/2018/04/18/caroline-robert-obtient-la-bourse-de-doctorat-du-programme-de-soutien-a-la-recherche-de-la-banq/">Caroline Robert obtient la Bourse de doctorat du Programme de soutien à la recherche de la BAnQ</a><br><a href="https://chrs.uqam.ca/index.php/2018/02/14/invitation-a-la-conference-contre-la-drogue-et-lalcool-une-histoire-de-controle/">Invitation à la conférence « Contre la drogue et l&rsquo;alcool : une histoire de contrôle » avec Amélie Grenier et Caroline Robert</a><br><a href="https://chrs.uqam.ca/index.php/2017/10/30/le-chrs-au-70e-congres-de-linstitut-dhistoire-damerique-francaise-2017/">Le CHRS au 70e Congrès de l’Institut d’histoire d’Amérique française 2017</a><br><a href="https://chrs.uqam.ca/index.php/2017/06/01/2780/">Entretien avec Marcel Martel</a><br><a href="https://chrs.uqam.ca/index.php/2017/05/29/compte-rendu-du-colloque-vices-et-criminalite-dans-lhistoire-du-quebec-et-du-canada/">Compte rendu du colloque « Vices et criminalité dans l’histoire du Québec et du Canada »</a><br><a href="https://chrs.uqam.ca/index.php/2017/05/02/invitation-au-colloque-vices-et-criminalite-dans-lhistoire-du-quebec-et-du-canada/">Invitation au Colloque Vices et criminalité dans l’histoire du Québec et du Canada</a><br><a href="https://chrs.uqam.ca/index.php/2017/02/28/trois-etudiantes-du-chrs-ouvriront-le-colloque-jean-marie-fecteau/">Trois étudiantes du CHRS ouvriront le Colloque Jean-Marie Fecteau</a><br><a href="https://chrs.uqam.ca/index.php/2016/12/02/resume-de-latelier-sur-le-vice-et-le-crime-a-montreal/">Résumé de l&rsquo;atelier sur le vice et le crime à Montréal</a><br>
</div></div>

<p>Université du Québec à Montréal Département d’histoire Caroline Robert est candidate au doctorat en histoire à l&rsquo;UQAM. Ses intérêts de recherches portent sur la régulation de l’alcool et les constructions identitaires associées&#8230;</p>
