{"id":6616,"date":"2019-12-16T14:07:34","date_gmt":"2019-12-16T18:07:34","guid":{"rendered":"https:\/\/chrs.dev.uqam.ca\/?page_id=6616"},"modified":"2024-11-13T15:46:41","modified_gmt":"2024-11-13T19:46:41","slug":"marie-laurence-raby","status":"publish","type":"page","link":"https:\/\/chrs.uqam.ca\/index.php\/a-propos\/equipe\/membres-etudiants\/marie-laurence-raby\/","title":{"rendered":"Marie-Laurence Raby"},"content":{"rendered":"<p><strong>Universit\u00e9 Laval<br \/>\nD\u00e9partement des sciences historiques<\/strong><\/p>\n<p>Marie-Laurence Raby a compl\u00e9t\u00e9 son baccalaur\u00e9at en histoire \u00e0 l&rsquo;Universit\u00e9 de Sherbrooke avant d&rsquo;entreprendre un microprogramme de deuxi\u00e8me cycle en \u00e9tudes du genre \u00e0 l&rsquo;Universit\u00e9 Laval. Elle est pr\u00e9sentement \u00e9tudiante \u00e0 la ma\u00eetrise en histoire \u00e0 l&rsquo;Universit\u00e9 Laval, sous la direction d&rsquo;Aline Charles. Elle s&rsquo;int\u00e9resse \u00e0 l&rsquo;histoire du militantisme f\u00e9ministe, et plus particuli\u00e8rement aux luttes en liens avec\u00a0la sant\u00e9 reproductive des femmes. Son projet de m\u00e9moire porte sur l&rsquo;adaptation des r\u00e9seaux f\u00e9ministes d&rsquo;avortement clandestin aux diff\u00e9rentes \u00e9nonc\u00e9es normatives de l&rsquo;\u00c9tat en mati\u00e8re d&rsquo;avortement entre 1969 et 1989.<\/p>\n<div class=\"su-spoiler su-spoiler-style-default su-spoiler-icon-chevron su-spoiler-closed\" data-scroll-offset=\"0\" data-anchor-in-url=\"no\"><div class=\"su-spoiler-title\" tabindex=\"0\" role=\"button\"><span class=\"su-spoiler-icon\"><\/span>Coordonn\u00e9es<\/div><div class=\"su-spoiler-content su-u-clearfix su-u-trim\">\n<p><strong>Courriel :\u00a0<\/strong>marie-laurence.raby.1@ulaval.ca\u00a0<\/div><\/div>\n<div class=\"su-spoiler su-spoiler-style-default su-spoiler-icon-chevron su-spoiler-closed\" data-scroll-offset=\"0\" data-anchor-in-url=\"no\"><div class=\"su-spoiler-title\" tabindex=\"0\" role=\"button\"><span class=\"su-spoiler-icon\"><\/span>Liens<\/div><div class=\"su-spoiler-content su-u-clearfix su-u-trim\">\n<p><a href=\"https:\/\/chrs.uqam.ca\/wp-content\/uploads\/2019\/12\/CV-Raby-2019.pdf\">Curriculum vitae<\/a><\/p>\n<\/div><\/div>\n<div class=\"su-spoiler su-spoiler-style-default su-spoiler-icon-chevron su-spoiler-closed\" data-scroll-offset=\"0\" data-anchor-in-url=\"no\"><div class=\"su-spoiler-title\" tabindex=\"0\" role=\"button\"><span class=\"su-spoiler-icon\"><\/span>Bourses, prix et distinctions<\/div><div class=\"su-spoiler-content su-u-clearfix su-u-trim\">\n<ul>\n<li>Bourse de maitrise du Centre d\u2019histoire des r\u00e9gulations sociales (CHRS) (Automne 2019)<\/li>\n<li>Bourse de soutien \u00e0 la recherche de la fondation de Biblioth\u00e8que et archives nationales du Qu\u00e9bec (BAnQ) (Automne 2019)<\/li>\n<li>Bourse d\u2019admission au m\u00e9rite de la F\u00c9SP (Hiver 2018)<\/li>\n<li>Bourse d\u2019entr\u00e9e \u00e0 la maitrise du Centre interuniversitaire en \u00e9tudes qu\u00e9b\u00e9coises (Ci\u00e9q) (Hiver 2018)<\/li>\n<li>Bourse Th\u00e9r\u00e8se Demers en Histoire du Canada (Hiver 2018)<\/li>\n<li>Bourse du Syndicat des charg\u00e9es et charg\u00e9s de cours de l\u2019Universit\u00e9 de Sherbrooke (Hiver 2017)<\/li>\n<li>Bourse du Fonds des retrait\u00e9es et retrait\u00e9s de l\u2019Universit\u00e9 de Sherbrooke (Hiver 2017)<\/li>\n<\/ul>\n<\/div><\/div>\n<div class=\"su-spoiler su-spoiler-style-default su-spoiler-icon-chevron\" data-scroll-offset=\"0\" data-anchor-in-url=\"no\"><div class=\"su-spoiler-title\" tabindex=\"0\" role=\"button\"><span class=\"su-spoiler-icon\"><\/span>Nouvelles<\/div><div class=\"su-spoiler-content su-u-clearfix su-u-trim\">\n<a href=\"https:\/\/chrs.uqam.ca\/index.php\/2025\/10\/15\/nos-membres-au-colloque-femmes-dhistoire-et-histoire-des-femmes\/\">Nos membres au colloque Femmes d&rsquo;histoire et Histoire des femmes<\/a><br><a href=\"https:\/\/chrs.uqam.ca\/index.php\/2025\/10\/02\/plusieurs-membres-du-chrs-au-congres-annuel-de-lihaf\/\">Plusieurs membres du CHRS au congr\u00e8s annuel de l&rsquo;IHAF<\/a><br><a href=\"https:\/\/chrs.uqam.ca\/index.php\/2023\/04\/28\/3-membres-etudiants-du-chrs-en-lice-pour-les-prix-du-livre-politique-lassemblee-nationale\/\">3 membres \u00e9tudiantes du CHRS en lice pour les Prix du livre politique l&rsquo;Assembl\u00e9e nationale<\/a><br><a href=\"https:\/\/chrs.uqam.ca\/index.php\/2022\/05\/04\/julie-francoeur-et-marie-laurence-raby-participent-au-27e-colloque-etudiant-du-cieq\/\">Julie Francoeur et Marie-Laurence Raby participent au 27e colloque \u00e9tudiant du CIEQ<\/a><br><a href=\"https:\/\/chrs.uqam.ca\/index.php\/2019\/11\/27\/veronika-brandl-mouton-et-marie-laurence-raby-obtiennent-une-bourse-de-la-fondation-de-banq\/\">V\u00e9ronika Brandl-Mouton et  Marie-Laurence Raby obtiennent une bourse de la Fondation de BAnQ<\/a><br><a href=\"https:\/\/chrs.uqam.ca\/index.php\/2019\/11\/25\/lequipe-du-chrs-decerne-trois-bourses-detudes-pour-le-concours-2019-2020\/\">L\u2019\u00e9quipe du CHRS d\u00e9cerne trois bourses d\u2019\u00e9tudes pour le concours 2019-2020<\/a><br>\n<\/div><\/div>\n","protected":false},"excerpt":{"rendered":"<p>Universit\u00e9 Laval D\u00e9partement des sciences historiques Marie-Laurence Raby a compl\u00e9t\u00e9 son baccalaur\u00e9at en histoire \u00e0 l&rsquo;Universit\u00e9 de Sherbrooke avant d&rsquo;entreprendre un microprogramme de deuxi\u00e8me cycle en \u00e9tudes du genre \u00e0&#8230;<\/p>\n","protected":false},"author":2,"featured_media":0,"parent":455,"menu_order":0,"comment_status":"closed","ping_status":"closed","template":"","meta":{"_monsterinsights_skip_tracking":false,"_monsterinsights_sitenote_active":false,"_monsterinsights_sitenote_note":"","_monsterinsights_sitenote_category":0,"footnotes":""},"class_list":["post-6616","page","type-page","status-publish","hentry"],"_links":{"self":[{"href":"https:\/\/chrs.uqam.ca\/index.php\/wp-json\/wp\/v2\/pages\/6616","targetHints":{"allow":["GET"]}}],"collection":[{"href":"https:\/\/chrs.uqam.ca\/index.php\/wp-json\/wp\/v2\/pages"}],"about":[{"href":"https:\/\/chrs.uqam.ca\/index.php\/wp-json\/wp\/v2\/types\/page"}],"author":[{"embeddable":true,"href":"https:\/\/chrs.uqam.ca\/index.php\/wp-json\/wp\/v2\/users\/2"}],"replies":[{"embeddable":true,"href":"https:\/\/chrs.uqam.ca\/index.php\/wp-json\/wp\/v2\/comments?post=6616"}],"version-history":[{"count":1,"href":"https:\/\/chrs.uqam.ca\/index.php\/wp-json\/wp\/v2\/pages\/6616\/revisions"}],"predecessor-version":[{"id":12392,"href":"https:\/\/chrs.uqam.ca\/index.php\/wp-json\/wp\/v2\/pages\/6616\/revisions\/12392"}],"up":[{"embeddable":true,"href":"https:\/\/chrs.uqam.ca\/index.php\/wp-json\/wp\/v2\/pages\/455"}],"wp:attachment":[{"href":"https:\/\/chrs.uqam.ca\/index.php\/wp-json\/wp\/v2\/media?parent=6616"}],"curies":[{"name":"wp","href":"https:\/\/api.w.org\/{rel}","templated":true}]}}