{"id":6597,"date":"2019-12-16T13:39:41","date_gmt":"2019-12-16T17:39:41","guid":{"rendered":"https:\/\/chrs.dev.uqam.ca\/?page_id=6597"},"modified":"2019-12-17T10:20:34","modified_gmt":"2019-12-17T14:20:34","slug":"anne-marie-dubreuil","status":"publish","type":"page","link":"https:\/\/chrs.uqam.ca\/index.php\/a-propos\/equipe\/membres-etudiants\/anne-marie-dubreuil\/","title":{"rendered":"Anne-Marie Dubreuil"},"content":{"rendered":"<p><strong>Universit\u00e9 du Qu\u00e9bec \u00e0 Montr\u00e9al<br \/>\nD\u00e9partement d&rsquo;histoire<\/strong><\/p>\n<div class=\"su-column su-column-size-1-6\"><div class=\"su-column-inner su-u-clearfix su-u-trim\"><a href=\"https:\/\/chrs.uqam.ca\/wp-content\/uploads\/2019\/12\/anne-marie-dubreuil-1.jpg\"><img loading=\"lazy\" decoding=\"async\" class=\"alignleft wp-image-6600 size-full\" src=\"https:\/\/chrs.uqam.ca\/wp-content\/uploads\/2019\/12\/anne-marie-dubreuil-1.jpg\" alt=\"\" width=\"427\" height=\"640\" srcset=\"https:\/\/chrs.uqam.ca\/wp-content\/uploads\/2019\/12\/anne-marie-dubreuil-1.jpg 427w, https:\/\/chrs.uqam.ca\/wp-content\/uploads\/2019\/12\/anne-marie-dubreuil-1-200x300.jpg 200w\" sizes=\"auto, (max-width: 427px) 100vw, 427px\" \/><\/a><\/p>\n<\/div><\/div>\n<div class=\"su-column su-column-size-4-6\"><div class=\"su-column-inner su-u-clearfix su-u-trim\"><\/div><\/div>\n<p>Com\u00e9dienne de formation, Anne-Marie s'engage dans des \u00e9tudes universitaires en sciences sociales en 2015, pouss\u00e9e par le d\u00e9sir d'interroger et de scruter les r\u00e9alit\u00e9s sociales pass\u00e9es et pr\u00e9sentes. Apr\u00e8s un baccalaur\u00e9at en histoire ainsi qu'un certificat en archivistique, elle poursuit son parcours acad\u00e9mique \u00e0 la ma\u00eetrise en histoire \u00e0 l'UQ\u00c0M.<\/p>\n<p>Dans le cadre de son projet de m\u00e9moire, elle \u00e9tudie les relations entretenues entre les milieux d'affaires et les institutions m\u00e9dicales montr\u00e9alaises \u00e0 la fin du XIXe si\u00e8cle et au d\u00e9but du XXe si\u00e8cle, sous la direction de Martin Petitclerc; cet objet lui permet de sonder historiquement le ph\u00e9nom\u00e8ne philanthropique et d'aborder l'histoire m\u00e9dicale \u00e0 partir d'une perspective marxiste. Son projet est soutenu financi\u00e8rement par le programme de bourses de 2e cycle du Centre d'histoire des r\u00e9gulations sociales (2019-2020).<\/p>\n<p>Au fil de ses \u00e9tudes et de ses engagements professionnels, Anne-Marie s'int\u00e9resse \u00e9galement \u00e0 l'histoire des relations coloniales, \u00e0 l'histoire ouvri\u00e8re, \u00e0 l'histoire des femmes (\u00e0 partir d'une posture r\u00e9solument f\u00e9ministe radicale) et \u00e0 l'histoire des communaut\u00e9s canado-irlandaises : ce dernier sujet se trouve au c\u0153ur de sa participation actuelle \u00e0 un processus d'\u00e9criture dramaturgique pilot\u00e9 par l'auteur et com\u00e9dien Maxime Brillon, et chapeaut\u00e9 par le Th\u00e9\u00e2tre P\u00e0P.<\/p>\n<div class=\"su-spoiler su-spoiler-style-default su-spoiler-icon-chevron su-spoiler-closed\" data-scroll-offset=\"0\" data-anchor-in-url=\"no\"><div class=\"su-spoiler-title\" tabindex=\"0\" role=\"button\"><span class=\"su-spoiler-icon\"><\/span>Coordonn\u00e9es<\/div><div class=\"su-spoiler-content su-u-clearfix su-u-trim\">\n<p><strong>Courriel :\u00a0<\/strong><a id=\"LPlnk867660\" href=\"mailto:dubreuil.anne-marie.2@courrier.uqam.ca\" target=\"_blank\" rel=\"noopener noreferrer\" data-auth=\"NotApplicable\">dubreuil.anne-marie.2@courrier.uqam.ca<\/a><\/div><\/div>\n<div class=\"su-spoiler su-spoiler-style-default su-spoiler-icon-chevron su-spoiler-closed\" data-scroll-offset=\"0\" data-anchor-in-url=\"no\"><div class=\"su-spoiler-title\" tabindex=\"0\" role=\"button\"><span class=\"su-spoiler-icon\"><\/span>Publication<\/div><div class=\"su-spoiler-content su-u-clearfix su-u-trim\">\n<p><a href=\"https:\/\/revuehis.uqam.ca\/non-classe\/le-corps-depossede-le-corps-revendique-le-corps-tu-le-corps-comme-enjeu-de-pouvoir-dans-la-greve-des-ouvrieres-du-vetement-pour-dame-montreal-1937\/\">Le corps d\u00e9poss\u00e9d\u00e9, le corps revendiqu\u00e9, le corps tu : le corps comme enjeu de pouvoir dans la gr\u00e8ve des ouvri\u00e8res du v\u00eatement pour dames, Montr\u00e9al 1937<\/a><\/p>\n<\/div><\/div>\n<div class=\"su-spoiler su-spoiler-style-default su-spoiler-icon-chevron\" data-scroll-offset=\"0\" data-anchor-in-url=\"no\"><div class=\"su-spoiler-title\" tabindex=\"0\" role=\"button\"><span class=\"su-spoiler-icon\"><\/span>Nouvelles<\/div><div class=\"su-spoiler-content su-u-clearfix su-u-trim\">\n<a href=\"https:\/\/chrs.uqam.ca\/index.php\/2023\/06\/01\/these-et-memoires-de-nos-membres-maintenant-disponibles-en-ligne\/\">Th\u00e8se et m\u00e9moires de nos membres maintenant disponibles en ligne<\/a><br><a href=\"https:\/\/chrs.uqam.ca\/index.php\/2022\/11\/10\/anne-marie-dubreuil-presente-son-memoire-aux-midis-du-labo-lhpm\/\">Anne-Marie Dubreuil pr\u00e9sente son m\u00e9moire aux Midis du Labo (LHPM)<\/a><br><a href=\"https:\/\/chrs.uqam.ca\/index.php\/2022\/05\/31\/anne-marie-dubreuil-participe-au-colloque-de-la-societe-canadienne-dhistoire-de-la-medecine\/\">Anne-Marie Dubreuil participe au colloque de la Soci\u00e9t\u00e9 canadienne d&rsquo;histoire de la m\u00e9decine<\/a><br><a href=\"https:\/\/chrs.uqam.ca\/index.php\/2022\/04\/20\/participation-de-donald-fyson-et-anne-marie-dubreuil-a-lacfas-2022\/\">Participation de Donald Fyson et Anne-Marie Dubreuil \u00e0 l\u2019ACFAS 2022<\/a><br><a href=\"https:\/\/chrs.uqam.ca\/index.php\/2022\/04\/01\/participation-danne-marie-dubreuil-au-business-history-conference-meeting\/\">Participation d&rsquo;Anne-Marie Dubreuil au Business History Conference Meeting<\/a><br><a href=\"https:\/\/chrs.uqam.ca\/index.php\/2022\/03\/11\/participation-de-nos-membres-etudiantes-au-colloque-jean-marie-fecteau\/\">Participation de nos membres \u00e9tudiantes au colloque Jean-Marie Fecteau<\/a><br><a href=\"https:\/\/chrs.uqam.ca\/index.php\/2020\/07\/06\/anne-marie-dubreuil-laureate-de-deux-bourses-de-la-fondation-uqam\/\">Anne-Marie Dubreuil obtient deux bourses d&rsquo;excellence de la Fondation UQAM<\/a><br><a href=\"https:\/\/chrs.uqam.ca\/index.php\/2020\/05\/22\/felicitations-aux-etudiants-bourses-de-recherche-2020-2021\/\">F\u00e9licitations aux \u00e9tudiant\u00b7es laur\u00e9at\u00b7es de bourses de recherche 2020-2021<\/a><br><a href=\"https:\/\/chrs.uqam.ca\/index.php\/2019\/11\/25\/lequipe-du-chrs-decerne-trois-bourses-detudes-pour-le-concours-2019-2020\/\">L\u2019\u00e9quipe du CHRS d\u00e9cerne trois bourses d\u2019\u00e9tudes pour le concours 2019-2020<\/a><br>\n<\/div><\/div>\n","protected":false},"excerpt":{"rendered":"<p>Universit\u00e9 du Qu\u00e9bec \u00e0 Montr\u00e9al D\u00e9partement d&rsquo;histoire Com\u00e9dienne de formation, Anne-Marie s&rsquo;engage dans des \u00e9tudes universitaires en sciences sociales en 2015, pouss\u00e9e par le d\u00e9sir d&rsquo;interroger et de scruter les&#8230;<\/p>\n","protected":false},"author":2,"featured_media":0,"parent":455,"menu_order":0,"comment_status":"closed","ping_status":"closed","template":"","meta":{"_monsterinsights_skip_tracking":false,"_monsterinsights_sitenote_active":false,"_monsterinsights_sitenote_note":"","_monsterinsights_sitenote_category":0,"footnotes":""},"class_list":["post-6597","page","type-page","status-publish","hentry"],"_links":{"self":[{"href":"https:\/\/chrs.uqam.ca\/index.php\/wp-json\/wp\/v2\/pages\/6597","targetHints":{"allow":["GET"]}}],"collection":[{"href":"https:\/\/chrs.uqam.ca\/index.php\/wp-json\/wp\/v2\/pages"}],"about":[{"href":"https:\/\/chrs.uqam.ca\/index.php\/wp-json\/wp\/v2\/types\/page"}],"author":[{"embeddable":true,"href":"https:\/\/chrs.uqam.ca\/index.php\/wp-json\/wp\/v2\/users\/2"}],"replies":[{"embeddable":true,"href":"https:\/\/chrs.uqam.ca\/index.php\/wp-json\/wp\/v2\/comments?post=6597"}],"version-history":[{"count":0,"href":"https:\/\/chrs.uqam.ca\/index.php\/wp-json\/wp\/v2\/pages\/6597\/revisions"}],"up":[{"embeddable":true,"href":"https:\/\/chrs.uqam.ca\/index.php\/wp-json\/wp\/v2\/pages\/455"}],"wp:attachment":[{"href":"https:\/\/chrs.uqam.ca\/index.php\/wp-json\/wp\/v2\/media?parent=6597"}],"curies":[{"name":"wp","href":"https:\/\/api.w.org\/{rel}","templated":true}]}}

<p><strong>Université du Québec à Montréal<br />
Département d&rsquo;histoire</strong></p>
<div class="su-column su-column-size-1-6"><div class="su-column-inner su-u-clearfix su-u-trim"><a href="https://chrs.uqam.ca/wp-content/uploads/2019/12/anne-marie-dubreuil-1.jpg"><img loading="lazy" decoding="async" class="alignleft wp-image-6600 size-full" src="https://chrs.uqam.ca/wp-content/uploads/2019/12/anne-marie-dubreuil-1.jpg" alt="" width="427" height="640" srcset="https://chrs.uqam.ca/wp-content/uploads/2019/12/anne-marie-dubreuil-1.jpg 427w, https://chrs.uqam.ca/wp-content/uploads/2019/12/anne-marie-dubreuil-1-200x300.jpg 200w" sizes="auto, (max-width: 427px) 100vw, 427px" /></a></p>
</div></div>
<div class="su-column su-column-size-4-6"><div class="su-column-inner su-u-clearfix su-u-trim"></div></div>
<p>Comédienne de formation, Anne-Marie s'engage dans des études universitaires en sciences sociales en 2015, poussée par le désir d'interroger et de scruter les réalités sociales passées et présentes. Après un baccalauréat en histoire ainsi qu'un certificat en archivistique, elle poursuit son parcours académique à la maîtrise en histoire à l'UQÀM.</p>
<p>Dans le cadre de son projet de mémoire, elle étudie les relations entretenues entre les milieux d'affaires et les institutions médicales montréalaises à la fin du XIXe siècle et au début du XXe siècle, sous la direction de Martin Petitclerc; cet objet lui permet de sonder historiquement le phénomène philanthropique et d'aborder l'histoire médicale à partir d'une perspective marxiste. Son projet est soutenu financièrement par le programme de bourses de 2e cycle du Centre d'histoire des régulations sociales (2019-2020).</p>
<p>Au fil de ses études et de ses engagements professionnels, Anne-Marie s'intéresse également à l'histoire des relations coloniales, à l'histoire ouvrière, à l'histoire des femmes (à partir d'une posture résolument féministe radicale) et à l'histoire des communautés canado-irlandaises : ce dernier sujet se trouve au cœur de sa participation actuelle à un processus d'écriture dramaturgique piloté par l'auteur et comédien Maxime Brillon, et chapeauté par le Théâtre PàP.</p>
<div class="su-spoiler su-spoiler-style-default su-spoiler-icon-chevron su-spoiler-closed" data-scroll-offset="0" data-anchor-in-url="no"><div class="su-spoiler-title" tabindex="0" role="button"><span class="su-spoiler-icon"></span>Coordonnées</div><div class="su-spoiler-content su-u-clearfix su-u-trim">
<p><strong>Courriel : </strong><a id="LPlnk867660" href="mailto:dubreuil.anne-marie.2@courrier.uqam.ca" target="_blank" rel="noopener noreferrer" data-auth="NotApplicable">dubreuil.anne-marie.2@courrier.uqam.ca</a></div></div>
<div class="su-spoiler su-spoiler-style-default su-spoiler-icon-chevron su-spoiler-closed" data-scroll-offset="0" data-anchor-in-url="no"><div class="su-spoiler-title" tabindex="0" role="button"><span class="su-spoiler-icon"></span>Publication</div><div class="su-spoiler-content su-u-clearfix su-u-trim">
<p><a href="https://revuehis.uqam.ca/non-classe/le-corps-depossede-le-corps-revendique-le-corps-tu-le-corps-comme-enjeu-de-pouvoir-dans-la-greve-des-ouvrieres-du-vetement-pour-dame-montreal-1937/">Le corps dépossédé, le corps revendiqué, le corps tu : le corps comme enjeu de pouvoir dans la grève des ouvrières du vêtement pour dames, Montréal 1937</a></p>
</div></div>
<div class="su-spoiler su-spoiler-style-default su-spoiler-icon-chevron" data-scroll-offset="0" data-anchor-in-url="no"><div class="su-spoiler-title" tabindex="0" role="button"><span class="su-spoiler-icon"></span>Nouvelles</div><div class="su-spoiler-content su-u-clearfix su-u-trim">
<a href="https://chrs.uqam.ca/index.php/2023/06/01/these-et-memoires-de-nos-membres-maintenant-disponibles-en-ligne/">Thèse et mémoires de nos membres maintenant disponibles en ligne</a><br><a href="https://chrs.uqam.ca/index.php/2022/11/10/anne-marie-dubreuil-presente-son-memoire-aux-midis-du-labo-lhpm/">Anne-Marie Dubreuil présente son mémoire aux Midis du Labo (LHPM)</a><br><a href="https://chrs.uqam.ca/index.php/2022/05/31/anne-marie-dubreuil-participe-au-colloque-de-la-societe-canadienne-dhistoire-de-la-medecine/">Anne-Marie Dubreuil participe au colloque de la Société canadienne d&rsquo;histoire de la médecine</a><br><a href="https://chrs.uqam.ca/index.php/2022/04/20/participation-de-donald-fyson-et-anne-marie-dubreuil-a-lacfas-2022/">Participation de Donald Fyson et Anne-Marie Dubreuil à l’ACFAS 2022</a><br><a href="https://chrs.uqam.ca/index.php/2022/04/01/participation-danne-marie-dubreuil-au-business-history-conference-meeting/">Participation d&rsquo;Anne-Marie Dubreuil au Business History Conference Meeting</a><br><a href="https://chrs.uqam.ca/index.php/2022/03/11/participation-de-nos-membres-etudiantes-au-colloque-jean-marie-fecteau/">Participation de nos membres étudiantes au colloque Jean-Marie Fecteau</a><br><a href="https://chrs.uqam.ca/index.php/2020/07/06/anne-marie-dubreuil-laureate-de-deux-bourses-de-la-fondation-uqam/">Anne-Marie Dubreuil obtient deux bourses d&rsquo;excellence de la Fondation UQAM</a><br><a href="https://chrs.uqam.ca/index.php/2020/05/22/felicitations-aux-etudiants-bourses-de-recherche-2020-2021/">Félicitations aux étudiant·es lauréat·es de bourses de recherche 2020-2021</a><br><a href="https://chrs.uqam.ca/index.php/2019/11/25/lequipe-du-chrs-decerne-trois-bourses-detudes-pour-le-concours-2019-2020/">L’équipe du CHRS décerne trois bourses d’études pour le concours 2019-2020</a><br>
</div></div>

<p>Université du Québec à Montréal Département d&rsquo;histoire Comédienne de formation, Anne-Marie s&rsquo;engage dans des études universitaires en sciences sociales en 2015, poussée par le désir d&rsquo;interroger et de scruter les&#8230;</p>
