{"id":5517,"date":"2019-04-15T10:25:03","date_gmt":"2019-04-15T14:25:03","guid":{"rendered":"https:\/\/chrs.dev.uqam.ca\/?page_id=5517"},"modified":"2019-11-08T13:52:21","modified_gmt":"2019-11-08T17:52:21","slug":"renaud-beland","status":"publish","type":"page","link":"https:\/\/chrs.uqam.ca\/index.php\/a-propos\/equipe\/membres-etudiants\/renaud-beland\/","title":{"rendered":"Renaud B\u00e9land"},"content":{"rendered":"<p><a href=\"https:\/\/chrs.uqam.ca\/wp-content\/uploads\/2019\/04\/Renaud-Be\u0301land-photo.jpg\"><img loading=\"lazy\" decoding=\"async\" class=\"alignleft wp-image-5518 \" src=\"https:\/\/chrs.uqam.ca\/wp-content\/uploads\/2019\/04\/Renaud-Be\u0301land-photo-225x300.jpg\" alt=\"\" width=\"153\" height=\"204\" srcset=\"https:\/\/chrs.uqam.ca\/wp-content\/uploads\/2019\/04\/Renaud-Be\u0301land-photo-225x300.jpg 225w, https:\/\/chrs.uqam.ca\/wp-content\/uploads\/2019\/04\/Renaud-Be\u0301land-photo-768x1023.jpg 768w, https:\/\/chrs.uqam.ca\/wp-content\/uploads\/2019\/04\/Renaud-Be\u0301land-photo-769x1024.jpg 769w, https:\/\/chrs.uqam.ca\/wp-content\/uploads\/2019\/04\/Renaud-Be\u0301land-photo.jpg 961w\" sizes=\"auto, (max-width: 153px) 100vw, 153px\" \/><\/a><strong>Universit\u00e9 du Qu\u00e9bec \u00e0 Montr\u00e9al<br \/>\nD\u00e9partement d&rsquo;histoire<\/strong><\/p>\n<p>Renaud B\u00e9land a termin\u00e9 son baccalaur\u00e9at en histoire \u00e0 l\u2019UQAM en 2018. Il y est maintenant candidat \u00e0 la maitrise en histoire sous la supervision de Martin Petitclerc. Dans le cadre de ses recherches, il s\u2019int\u00e9resse aux lois ouvri\u00e8res du secteur public et du domaine priv\u00e9 adopt\u00e9es en 1944 au Qu\u00e9bec. Il d\u00e9sire en appr\u00e9hender la gen\u00e8se ainsi que les enjeux entourant l\u2019encadrement de la gr\u00e8ve et de la n\u00e9gociation collective introduit par cette l\u00e9gislation.<\/p>\n<div class=\"su-spoiler su-spoiler-style-default su-spoiler-icon-chevron su-spoiler-closed\" data-scroll-offset=\"0\" data-anchor-in-url=\"no\"><div class=\"su-spoiler-title\" tabindex=\"0\" role=\"button\"><span class=\"su-spoiler-icon\"><\/span>Coordonn\u00e9es<\/div><div class=\"su-spoiler-content su-u-clearfix su-u-trim\">\n<p><strong>Courriel : <\/strong>beland.renaud@courrier.uqam.ca<\/div><\/div>\n<div class=\"su-spoiler su-spoiler-style-default su-spoiler-icon-chevron su-spoiler-closed\" data-scroll-offset=\"0\" data-anchor-in-url=\"no\"><div class=\"su-spoiler-title\" tabindex=\"0\" role=\"button\"><span class=\"su-spoiler-icon\"><\/span>Liens<\/div><div class=\"su-spoiler-content su-u-clearfix su-u-trim\">\n<p><a href=\"https:\/\/chrs.uqam.ca\/wp-content\/uploads\/2019\/08\/Renaud-Be\u0301land-juillet-2019-CV.pdf\" target=\"_blank\" rel=\"noopener\">Curriculum vitae<\/a><br \/>\n<\/div><\/div>\n<div class=\"su-spoiler su-spoiler-style-default su-spoiler-icon-chevron su-spoiler-closed\" data-scroll-offset=\"0\" data-anchor-in-url=\"no\"><div class=\"su-spoiler-title\" tabindex=\"0\" role=\"button\"><span class=\"su-spoiler-icon\"><\/span>Bourses, prix et distinctions<\/div><div class=\"su-spoiler-content su-u-clearfix su-u-trim\">\n<p>Bourse SEUQAM \u2013 Carole-Corbeil de la Fondation de l\u2019UQAM 2019<\/p>\n<\/div><\/div>\n<div class=\"su-spoiler su-spoiler-style-default su-spoiler-icon-chevron\" data-scroll-offset=\"0\" data-anchor-in-url=\"no\"><div class=\"su-spoiler-title\" tabindex=\"0\" role=\"button\"><span class=\"su-spoiler-icon\"><\/span>Nouvelles<\/div><div class=\"su-spoiler-content su-u-clearfix su-u-trim\">\n<a href=\"https:\/\/chrs.uqam.ca\/index.php\/2021\/09\/22\/nos-membres-au-73e-congres-de-lihaf\/\">Nos membres au 73e congr\u00e8s de l&rsquo;IHAF<\/a><br><a href=\"https:\/\/chrs.uqam.ca\/index.php\/2020\/03\/11\/colloque-jean-marie-fecteau-du-11-au-13-mars-2020-programmation\/\">Colloque Jean-Marie Fecteau du 11 au 13 mars 2020 &#8211; programmation<\/a><br><a href=\"https:\/\/chrs.uqam.ca\/index.php\/2019\/07\/18\/participation-du-chrs-a-lecole-dete-gouvernement-et-regulations-sociales\/\">Participation du CHRS \u00e0 l&rsquo;\u00c9cole d&rsquo;\u00e9t\u00e9 <em>Gouvernance et r\u00e9gulations sociales<\/em> \u00e0 Paris<\/a><br><a href=\"https:\/\/chrs.uqam.ca\/index.php\/2019\/04\/15\/renaud-beland-membre-etudiant-obtient-la-bourse-seuqam-carole-corbeil-de-la-fondation-de-luqam\/\">Renaud B\u00e9land, membre \u00e9tudiant, obtient la bourse SEUQAM \u2013 Carole-Corbeil de la Fondation de l\u2019UQAM<\/a><br>\n<\/div><\/div>\n","protected":false},"excerpt":{"rendered":"<p>Universit\u00e9 du Qu\u00e9bec \u00e0 Montr\u00e9al D\u00e9partement d&rsquo;histoire Renaud B\u00e9land a termin\u00e9 son baccalaur\u00e9at en histoire \u00e0 l\u2019UQAM en 2018. Il y est maintenant candidat \u00e0 la maitrise en histoire sous&#8230;<\/p>\n","protected":false},"author":2,"featured_media":0,"parent":455,"menu_order":0,"comment_status":"closed","ping_status":"closed","template":"","meta":{"_monsterinsights_skip_tracking":false,"_monsterinsights_sitenote_active":false,"_monsterinsights_sitenote_note":"","_monsterinsights_sitenote_category":0,"footnotes":""},"class_list":["post-5517","page","type-page","status-publish","hentry"],"_links":{"self":[{"href":"https:\/\/chrs.uqam.ca\/index.php\/wp-json\/wp\/v2\/pages\/5517","targetHints":{"allow":["GET"]}}],"collection":[{"href":"https:\/\/chrs.uqam.ca\/index.php\/wp-json\/wp\/v2\/pages"}],"about":[{"href":"https:\/\/chrs.uqam.ca\/index.php\/wp-json\/wp\/v2\/types\/page"}],"author":[{"embeddable":true,"href":"https:\/\/chrs.uqam.ca\/index.php\/wp-json\/wp\/v2\/users\/2"}],"replies":[{"embeddable":true,"href":"https:\/\/chrs.uqam.ca\/index.php\/wp-json\/wp\/v2\/comments?post=5517"}],"version-history":[{"count":0,"href":"https:\/\/chrs.uqam.ca\/index.php\/wp-json\/wp\/v2\/pages\/5517\/revisions"}],"up":[{"embeddable":true,"href":"https:\/\/chrs.uqam.ca\/index.php\/wp-json\/wp\/v2\/pages\/455"}],"wp:attachment":[{"href":"https:\/\/chrs.uqam.ca\/index.php\/wp-json\/wp\/v2\/media?parent=5517"}],"curies":[{"name":"wp","href":"https:\/\/api.w.org\/{rel}","templated":true}]}}