{"id":5215,"date":"2019-02-12T11:30:49","date_gmt":"2019-02-12T15:30:49","guid":{"rendered":"https:\/\/chrs.dev.uqam.ca\/?page_id=5215"},"modified":"2020-05-27T18:05:28","modified_gmt":"2020-05-27T22:05:28","slug":"louise-lainesse","status":"publish","type":"page","link":"https:\/\/chrs.uqam.ca\/index.php\/a-propos\/equipe\/membres-etudiants\/louise-lainesse\/","title":{"rendered":"Louise Lainesse"},"content":{"rendered":"<p><a href=\"https:\/\/chrs.uqam.ca\/index.php\/l-lainesse\/vanier_lainesse_louise-3xs\/\"><img loading=\"lazy\" decoding=\"async\" class=\"alignleft wp-image-5269\" src=\"https:\/\/chrs.uqam.ca\/wp-content\/uploads\/2019\/02\/Vanier_Lainesse_Louise-3xs-244x300.jpg\" alt=\"\" width=\"113\" height=\"139\" srcset=\"https:\/\/chrs.uqam.ca\/wp-content\/uploads\/2019\/02\/Vanier_Lainesse_Louise-3xs-244x300.jpg 244w, https:\/\/chrs.uqam.ca\/wp-content\/uploads\/2019\/02\/Vanier_Lainesse_Louise-3xs-768x946.jpg 768w, https:\/\/chrs.uqam.ca\/wp-content\/uploads\/2019\/02\/Vanier_Lainesse_Louise-3xs-831x1024.jpg 831w, https:\/\/chrs.uqam.ca\/wp-content\/uploads\/2019\/02\/Vanier_Lainesse_Louise-3xs.jpg 2000w\" sizes=\"auto, (max-width: 113px) 100vw, 113px\" \/><\/a>Louise Lainesse est candidate au doctorat en histoire \u00e0 l\u2019Universit\u00e9 de Montr\u00e9al, sous la direction de M. Ollivier Hubert.<\/p>\n<p>Apr\u00e8s avoir fait des \u00e9tudes au baccalaur\u00e9at int\u00e9gr\u00e9 en sciences historiques et \u00e9tudes patrimoniales (BISHEP) \u00e0 l&rsquo;Universit\u00e9 Laval, Louise Lainesse\u00a0 a r\u00e9alis\u00e9 une ma\u00eetrise en histoire \u00e0 cette m\u00eame universit\u00e9, sous la direction de M. Alain Laberge. S&rsquo;intitulant \u00ab\u00a0Composer\u00a0avec l&rsquo;incertitude : les \u00ab\u00a0presque veuves\u00a0\u00bb \u00e0 l&rsquo;heure de la Conqu\u00eate (1754-1760)\u00a0\u00bb, son m\u00e9moire s&rsquo;est pench\u00e9 sur les strat\u00e9gies de survie\u00a0employ\u00e9es par ces femmes devenues \u00ab\u00a0presque veuves\u00a0\u00bb pendant la Conqu\u00eate. On entend par l&rsquo;appellation \u00ab presque veuves \u00bb les femmes habitant la vall\u00e9e du Saint-Laurent dont le mari \u00e9t\u00e9 fait prisonnier, a \u00e9t\u00e9 port\u00e9 disparu ou dont la mort n&rsquo;a pas \u00e9t\u00e9 officiellement recens\u00e9e en ces temps troubl\u00e9s de guerre. Louise s&rsquo;int\u00e9resse d\u00e9sormais, dans le cadre de sa th\u00e8se,\u00a0\u00e0 la mort et au deuil dans le Qu\u00e9bec des XVIIIe et XIXe si\u00e8cles.<\/p>\n<p>S\u2019inscrivant dans le champ de l\u2019histoire sociale et culturelle, ses int\u00e9r\u00eats de recherche portent sur les parcours de vie, les strat\u00e9gies de survie et, plus r\u00e9cemment, sur la mort,\u00a0les\u00a0identit\u00e9s\u00a0et les repr\u00e9sentations\u00a0dans une perspective interdisciplinaire.\u00a0Ayant \u00e0 coeur la diffusion de l\u2019histoire aupr\u00e8s du public, elle est, depuis 2016, l\u2019une des animatrices de l\u2019\u00e9mission de radio\u00a0<em>3600 secondes d\u2019histoire<\/em>\u00a0diffus\u00e9e \u00e0 CHYZ 94.3 FM.<\/p>\n<div class=\"su-spoiler su-spoiler-style-default su-spoiler-icon-chevron su-spoiler-closed\" data-scroll-offset=\"0\" data-anchor-in-url=\"no\"><div class=\"su-spoiler-title\" tabindex=\"0\" role=\"button\"><span class=\"su-spoiler-icon\"><\/span>Coordonn\u00e9es<\/div><div class=\"su-spoiler-content su-u-clearfix su-u-trim\">\n<p><strong>Courriel :\u00a0<\/strong>louise.lainesse.1@ulaval.ca, louise.lainesse@umontreal.ca <\/div><\/div>\n<div class=\"su-spoiler su-spoiler-style-default su-spoiler-icon-chevron su-spoiler-closed\" data-scroll-offset=\"0\" data-anchor-in-url=\"no\"><div class=\"su-spoiler-title\" tabindex=\"0\" role=\"button\"><span class=\"su-spoiler-icon\"><\/span>Liens<\/div><div class=\"su-spoiler-content su-u-clearfix su-u-trim\">\n<p><a href=\"https:\/\/chrs.uqam.ca\/wp-content\/uploads\/2020\/05\/Curriculum-vitae_Louise-Lainesse_de\u0301but-avril-2020.pdf\">Curriculum vitae<\/a><br \/>\n<\/div><\/div>\n<div class=\"su-spoiler su-spoiler-style-default su-spoiler-icon-chevron su-spoiler-closed\" data-scroll-offset=\"0\" data-anchor-in-url=\"no\"><div class=\"su-spoiler-title\" tabindex=\"0\" role=\"button\"><span class=\"su-spoiler-icon\"><\/span>Bourses, prix et distinctions<\/div><div class=\"su-spoiler-content su-u-clearfix su-u-trim\">\n<div class=\"page\" title=\"Page 1\">\n<div class=\"layoutArea\">\n<div class=\"column\">\n<ul>\n<li>Bourse BESC-Vanier (versement anne\u0301es 2019-2022)<\/li>\n<li>Bourse du CRSH \u2013 Joseph-Armand-Bombardier <em>d\u00e9clin\u00e9e<br \/>\n<\/em><\/li>\n<li>Prix Courville-Se\u0301guin (mai 2018)<\/li>\n<li>Bourse du Conseil de la vie franc\u0327aise en Ame\u0301rique (CVFA) (mai 2017)<\/li>\n<li>Bourse du FRQSC (versement anne\u0301es 2017-2018)<\/li>\n<li>Bourse du CRSH (versement anne\u0301es 2016-2017)<\/li>\n<li>Bourse d\u2019histoire Henri IV (mars 2016)<\/li>\n<li>Bourse du CIEQ (d\u00e9cembre 2015)<\/li>\n<li>Prix Jacques-Mathieu (d\u00e9cembre 2015)<\/li>\n<li>Bourse en histoire de la Nouvelle-France (d\u00e9cembre 2015)<\/li>\n<\/ul>\n<p>Pour la liste compl\u00e8te, consultez le curriculum vitae<\/p>\n<\/div>\n<\/div>\n<\/div>\n<\/div><\/div>\n<div class=\"su-spoiler su-spoiler-style-default su-spoiler-icon-chevron\" data-scroll-offset=\"0\" data-anchor-in-url=\"no\"><div class=\"su-spoiler-title\" tabindex=\"0\" role=\"button\"><span class=\"su-spoiler-icon\"><\/span>Nouvelles<\/div><div class=\"su-spoiler-content su-u-clearfix su-u-trim\">\n<a href=\"https:\/\/chrs.uqam.ca\/index.php\/2025\/09\/11\/plusieurs-membres-du-chrs-au-colloque-de-la-chcq\/\">Plusieurs membres du CHRS au colloque de la CHCQ<\/a><br><a href=\"https:\/\/chrs.uqam.ca\/index.php\/2024\/12\/11\/article-de-louise-lainesse-et-emmy-bois-sur-la-place-des-femmes-en-histoire\/\">Article de Louise Lainesse et Emmy Bois sur la place des femmes en histoire<\/a><br><a href=\"https:\/\/chrs.uqam.ca\/index.php\/2024\/07\/10\/programme-du-congres-de-la-schec\/\">Programme du Congr\u00e8s de la SCHEC<\/a><br><a href=\"https:\/\/chrs.uqam.ca\/index.php\/2024\/05\/15\/plusieurs-membres-du-chrs-au-colloque-lhistoire-des-familles-quebecoises\/\">Plusieurs membres du CHRS au colloque L&rsquo;histoire des familles qu\u00e9b\u00e9coises<\/a><br><a href=\"https:\/\/chrs.uqam.ca\/index.php\/2024\/02\/13\/louise-lainesse-participe-a-la-journee-detude-metz-sherbrooke\/\">Louise Lainesse participe \u00e0 la journ\u00e9e d&rsquo;\u00e9tude Metz-Sherbrooke<\/a><br><a href=\"https:\/\/chrs.uqam.ca\/index.php\/2023\/10\/10\/le-chrs-decerne-trois-bourses-de-recherche-pour-son-concours-2023-2024\/\">Le CHRS d\u00e9cerne trois bourses de recherche pour son concours 2023-2024<\/a><br><a href=\"https:\/\/chrs.uqam.ca\/index.php\/2021\/12\/09\/la-doctorante-louise-lainesse-remporte-la-bourse-jean-monbourquette\/\">La doctorante Louise Lainesse remporte la bourse Jean-Monbourquette<\/a><br><a href=\"https:\/\/chrs.uqam.ca\/index.php\/2020\/07\/12\/contributions-de-lequipe-au-dernier-numero-de-la-revue-dhistoire-de-lamerique-francaise\/\">Contributions de l&rsquo;\u00e9quipe au dernier num\u00e9ro de la <em>Revue d&rsquo;histoire de l&rsquo;Am\u00e9rique fran\u00e7aise<\/em><\/a><br><a href=\"https:\/\/chrs.uqam.ca\/index.php\/2020\/05\/13\/contributions-de-lequipe-au-contenu-du-numero-marginalite-et-deviance-au-feminin-de-la-revue-cap-aux-diamants\/\">Contributions de l&rsquo;\u00e9quipe au contenu du num\u00e9ro \u00abMarginalit\u00e9 et d\u00e9viance au f\u00e9minin\u00bb de la revue Cap-aux-Diamants<\/a><br><a href=\"https:\/\/chrs.uqam.ca\/index.php\/2019\/07\/23\/la-doctorante-louise-lainesse-participera-aux-rendez-vous-dhistoire-de-quebec-en-aout\/\">La doctorante Louise Lainesse participera aux Rendez-vous d&rsquo;histoire de Qu\u00e9bec en ao\u00fbt<\/a><br><a href=\"https:\/\/chrs.uqam.ca\/index.php\/2019\/07\/18\/participation-du-chrs-a-lecole-dete-gouvernement-et-regulations-sociales\/\">Participation du CHRS \u00e0 l&rsquo;\u00c9cole d&rsquo;\u00e9t\u00e9 <em>Gouvernance et r\u00e9gulations sociales<\/em> \u00e0 Paris<\/a><br><a href=\"https:\/\/chrs.uqam.ca\/index.php\/2019\/03\/01\/entretien-avec-louise-lainesse-et-camille-robert-laureates-de-la-bourse-vanier\/\">Entretien avec Louise Lainesse et Camille Robert, laur\u00e9ates de la Bourse Vanier<\/a><br>\n<\/div><\/div>\n","protected":false},"excerpt":{"rendered":"<p>Louise Lainesse est candidate au doctorat en histoire \u00e0 l\u2019Universit\u00e9 de Montr\u00e9al, sous la direction de M. Ollivier Hubert. Apr\u00e8s avoir fait des \u00e9tudes au baccalaur\u00e9at int\u00e9gr\u00e9 en sciences historiques&#8230;<\/p>\n","protected":false},"author":2,"featured_media":0,"parent":455,"menu_order":0,"comment_status":"closed","ping_status":"closed","template":"","meta":{"_monsterinsights_skip_tracking":false,"_monsterinsights_sitenote_active":false,"_monsterinsights_sitenote_note":"","_monsterinsights_sitenote_category":0,"footnotes":""},"class_list":["post-5215","page","type-page","status-publish","hentry"],"_links":{"self":[{"href":"https:\/\/chrs.uqam.ca\/index.php\/wp-json\/wp\/v2\/pages\/5215","targetHints":{"allow":["GET"]}}],"collection":[{"href":"https:\/\/chrs.uqam.ca\/index.php\/wp-json\/wp\/v2\/pages"}],"about":[{"href":"https:\/\/chrs.uqam.ca\/index.php\/wp-json\/wp\/v2\/types\/page"}],"author":[{"embeddable":true,"href":"https:\/\/chrs.uqam.ca\/index.php\/wp-json\/wp\/v2\/users\/2"}],"replies":[{"embeddable":true,"href":"https:\/\/chrs.uqam.ca\/index.php\/wp-json\/wp\/v2\/comments?post=5215"}],"version-history":[{"count":0,"href":"https:\/\/chrs.uqam.ca\/index.php\/wp-json\/wp\/v2\/pages\/5215\/revisions"}],"up":[{"embeddable":true,"href":"https:\/\/chrs.uqam.ca\/index.php\/wp-json\/wp\/v2\/pages\/455"}],"wp:attachment":[{"href":"https:\/\/chrs.uqam.ca\/index.php\/wp-json\/wp\/v2\/media?parent=5215"}],"curies":[{"name":"wp","href":"https:\/\/api.w.org\/{rel}","templated":true}]}}

<p><a href="https://chrs.uqam.ca/index.php/l-lainesse/vanier_lainesse_louise-3xs/"><img loading="lazy" decoding="async" class="alignleft wp-image-5269" src="https://chrs.uqam.ca/wp-content/uploads/2019/02/Vanier_Lainesse_Louise-3xs-244x300.jpg" alt="" width="113" height="139" srcset="https://chrs.uqam.ca/wp-content/uploads/2019/02/Vanier_Lainesse_Louise-3xs-244x300.jpg 244w, https://chrs.uqam.ca/wp-content/uploads/2019/02/Vanier_Lainesse_Louise-3xs-768x946.jpg 768w, https://chrs.uqam.ca/wp-content/uploads/2019/02/Vanier_Lainesse_Louise-3xs-831x1024.jpg 831w, https://chrs.uqam.ca/wp-content/uploads/2019/02/Vanier_Lainesse_Louise-3xs.jpg 2000w" sizes="auto, (max-width: 113px) 100vw, 113px" /></a>Louise Lainesse est candidate au doctorat en histoire à l’Université de Montréal, sous la direction de M. Ollivier Hubert.</p>
<p>Après avoir fait des études au baccalauréat intégré en sciences historiques et études patrimoniales (BISHEP) à l&rsquo;Université Laval, Louise Lainesse  a réalisé une maîtrise en histoire à cette même université, sous la direction de M. Alain Laberge. S&rsquo;intitulant « Composer avec l&rsquo;incertitude : les « presque veuves » à l&rsquo;heure de la Conquête (1754-1760) », son mémoire s&rsquo;est penché sur les stratégies de survie employées par ces femmes devenues « presque veuves » pendant la Conquête. On entend par l&rsquo;appellation « presque veuves » les femmes habitant la vallée du Saint-Laurent dont le mari été fait prisonnier, a été porté disparu ou dont la mort n&rsquo;a pas été officiellement recensée en ces temps troublés de guerre. Louise s&rsquo;intéresse désormais, dans le cadre de sa thèse, à la mort et au deuil dans le Québec des XVIIIe et XIXe siècles.</p>
<p>S’inscrivant dans le champ de l’histoire sociale et culturelle, ses intérêts de recherche portent sur les parcours de vie, les stratégies de survie et, plus récemment, sur la mort, les identités et les représentations dans une perspective interdisciplinaire. Ayant à coeur la diffusion de l’histoire auprès du public, elle est, depuis 2016, l’une des animatrices de l’émission de radio <em>3600 secondes d’histoire</em> diffusée à CHYZ 94.3 FM.</p>
<div class="su-spoiler su-spoiler-style-default su-spoiler-icon-chevron su-spoiler-closed" data-scroll-offset="0" data-anchor-in-url="no"><div class="su-spoiler-title" tabindex="0" role="button"><span class="su-spoiler-icon"></span>Coordonnées</div><div class="su-spoiler-content su-u-clearfix su-u-trim">
<p><strong>Courriel : </strong>louise.lainesse.1@ulaval.ca, louise.lainesse@umontreal.ca </div></div>
<div class="su-spoiler su-spoiler-style-default su-spoiler-icon-chevron su-spoiler-closed" data-scroll-offset="0" data-anchor-in-url="no"><div class="su-spoiler-title" tabindex="0" role="button"><span class="su-spoiler-icon"></span>Liens</div><div class="su-spoiler-content su-u-clearfix su-u-trim">
<p><a href="https://chrs.uqam.ca/wp-content/uploads/2020/05/Curriculum-vitae_Louise-Lainesse_début-avril-2020.pdf">Curriculum vitae</a><br />
</div></div>
<div class="su-spoiler su-spoiler-style-default su-spoiler-icon-chevron su-spoiler-closed" data-scroll-offset="0" data-anchor-in-url="no"><div class="su-spoiler-title" tabindex="0" role="button"><span class="su-spoiler-icon"></span>Bourses, prix et distinctions</div><div class="su-spoiler-content su-u-clearfix su-u-trim">
<div class="page" title="Page 1">
<div class="layoutArea">
<div class="column">
<ul>
<li>Bourse BESC-Vanier (versement années 2019-2022)</li>
<li>Bourse du CRSH – Joseph-Armand-Bombardier <em>déclinée<br />
</em></li>
<li>Prix Courville-Séguin (mai 2018)</li>
<li>Bourse du Conseil de la vie française en Amérique (CVFA) (mai 2017)</li>
<li>Bourse du FRQSC (versement années 2017-2018)</li>
<li>Bourse du CRSH (versement années 2016-2017)</li>
<li>Bourse d’histoire Henri IV (mars 2016)</li>
<li>Bourse du CIEQ (décembre 2015)</li>
<li>Prix Jacques-Mathieu (décembre 2015)</li>
<li>Bourse en histoire de la Nouvelle-France (décembre 2015)</li>
</ul>
<p>Pour la liste complète, consultez le curriculum vitae</p>
</div>
</div>
</div>
</div></div>
<div class="su-spoiler su-spoiler-style-default su-spoiler-icon-chevron" data-scroll-offset="0" data-anchor-in-url="no"><div class="su-spoiler-title" tabindex="0" role="button"><span class="su-spoiler-icon"></span>Nouvelles</div><div class="su-spoiler-content su-u-clearfix su-u-trim">
<a href="https://chrs.uqam.ca/index.php/2025/09/11/plusieurs-membres-du-chrs-au-colloque-de-la-chcq/">Plusieurs membres du CHRS au colloque de la CHCQ</a><br><a href="https://chrs.uqam.ca/index.php/2024/12/11/article-de-louise-lainesse-et-emmy-bois-sur-la-place-des-femmes-en-histoire/">Article de Louise Lainesse et Emmy Bois sur la place des femmes en histoire</a><br><a href="https://chrs.uqam.ca/index.php/2024/07/10/programme-du-congres-de-la-schec/">Programme du Congrès de la SCHEC</a><br><a href="https://chrs.uqam.ca/index.php/2024/05/15/plusieurs-membres-du-chrs-au-colloque-lhistoire-des-familles-quebecoises/">Plusieurs membres du CHRS au colloque L&rsquo;histoire des familles québécoises</a><br><a href="https://chrs.uqam.ca/index.php/2024/02/13/louise-lainesse-participe-a-la-journee-detude-metz-sherbrooke/">Louise Lainesse participe à la journée d&rsquo;étude Metz-Sherbrooke</a><br><a href="https://chrs.uqam.ca/index.php/2023/10/10/le-chrs-decerne-trois-bourses-de-recherche-pour-son-concours-2023-2024/">Le CHRS décerne trois bourses de recherche pour son concours 2023-2024</a><br><a href="https://chrs.uqam.ca/index.php/2021/12/09/la-doctorante-louise-lainesse-remporte-la-bourse-jean-monbourquette/">La doctorante Louise Lainesse remporte la bourse Jean-Monbourquette</a><br><a href="https://chrs.uqam.ca/index.php/2020/07/12/contributions-de-lequipe-au-dernier-numero-de-la-revue-dhistoire-de-lamerique-francaise/">Contributions de l&rsquo;équipe au dernier numéro de la <em>Revue d&rsquo;histoire de l&rsquo;Amérique française</em></a><br><a href="https://chrs.uqam.ca/index.php/2020/05/13/contributions-de-lequipe-au-contenu-du-numero-marginalite-et-deviance-au-feminin-de-la-revue-cap-aux-diamants/">Contributions de l&rsquo;équipe au contenu du numéro «Marginalité et déviance au féminin» de la revue Cap-aux-Diamants</a><br><a href="https://chrs.uqam.ca/index.php/2019/07/23/la-doctorante-louise-lainesse-participera-aux-rendez-vous-dhistoire-de-quebec-en-aout/">La doctorante Louise Lainesse participera aux Rendez-vous d&rsquo;histoire de Québec en août</a><br><a href="https://chrs.uqam.ca/index.php/2019/07/18/participation-du-chrs-a-lecole-dete-gouvernement-et-regulations-sociales/">Participation du CHRS à l&rsquo;École d&rsquo;été <em>Gouvernance et régulations sociales</em> à Paris</a><br><a href="https://chrs.uqam.ca/index.php/2019/03/01/entretien-avec-louise-lainesse-et-camille-robert-laureates-de-la-bourse-vanier/">Entretien avec Louise Lainesse et Camille Robert, lauréates de la Bourse Vanier</a><br>
</div></div>

<p>Louise Lainesse est candidate au doctorat en histoire à l’Université de Montréal, sous la direction de M. Ollivier Hubert. Après avoir fait des études au baccalauréat intégré en sciences historiques&#8230;</p>
