{"id":459,"date":"2017-02-02T00:57:14","date_gmt":"2017-02-01T23:57:14","guid":{"rendered":"http:\/\/chrs.cieq.ca\/?page_id=459"},"modified":"2017-05-03T13:56:00","modified_gmt":"2017-05-03T17:56:00","slug":"anne-marie-buisson","status":"publish","type":"page","link":"https:\/\/chrs.uqam.ca\/index.php\/a-propos\/equipe\/membres-etudiants\/anne-marie-buisson\/","title":{"rendered":"Anne-Marie Buisson"},"content":{"rendered":"<div class=\"su-spoiler su-spoiler-style-default su-spoiler-icon-chevron\" data-scroll-offset=\"0\" data-anchor-in-url=\"no\"><div class=\"su-spoiler-title\" tabindex=\"0\" role=\"button\"><span class=\"su-spoiler-icon\"><\/span>Nouvelles<\/div><div class=\"su-spoiler-content su-u-clearfix su-u-trim\">\n<a href=\"https:\/\/chrs.uqam.ca\/index.php\/2019\/10\/16\/contributions-de-camille-robert-et-anne-marie-buisson-a-la-revue-a-babord\/\">Contributions de Camille Robert et d&rsquo;Anne-Marie Buisson \u00e0 la revue <em>\u00c0 Babord !<\/em><\/a><br><a href=\"https:\/\/chrs.uqam.ca\/index.php\/2018\/09\/26\/anne-marie-buisson-publie-sur-le-site-histoireengagee-ca\/\">Publication d&rsquo;Anne-Marie Buisson sur le site <em>HistoireEngag\u00e9e.ca<\/em><\/a><br><a href=\"https:\/\/chrs.uqam.ca\/index.php\/2016\/01\/12\/compte-rendu-de-la-journee-detude-femmes-et-regulations-sociales\/\">COMPTE-RENDU DE LA JOURN\u00c9E D&rsquo;\u00c9TUDE \u00ab FEMMES ET R\u00c9GULATIONS SOCIALES \u00bb<\/a><br><a href=\"https:\/\/chrs.uqam.ca\/index.php\/2015\/11\/09\/invitation-a-la-journee-detude-femmes-et-regulations-sociales\/\">Invitation \u00e0 la journ\u00e9e d&rsquo;\u00e9tude \u00abFemmes et r\u00e9gulations sociales\u00bb<\/a><br><a href=\"https:\/\/chrs.uqam.ca\/index.php\/2013\/11\/27\/anne-marie-buisson-recoit-une-bourse-dexcellence-de-luqam\/\">Anne-Marie Buisson re\u00e7oit une bourse d&rsquo;excellence de l&rsquo;UQAM<\/a><br>\n<\/div><\/div>\n","protected":false},"excerpt":{"rendered":"","protected":false},"author":2,"featured_media":0,"parent":455,"menu_order":0,"comment_status":"closed","ping_status":"closed","template":"","meta":{"_monsterinsights_skip_tracking":false,"_monsterinsights_sitenote_active":false,"_monsterinsights_sitenote_note":"","_monsterinsights_sitenote_category":0,"footnotes":""},"class_list":["post-459","page","type-page","status-publish","hentry"],"_links":{"self":[{"href":"https:\/\/chrs.uqam.ca\/index.php\/wp-json\/wp\/v2\/pages\/459","targetHints":{"allow":["GET"]}}],"collection":[{"href":"https:\/\/chrs.uqam.ca\/index.php\/wp-json\/wp\/v2\/pages"}],"about":[{"href":"https:\/\/chrs.uqam.ca\/index.php\/wp-json\/wp\/v2\/types\/page"}],"author":[{"embeddable":true,"href":"https:\/\/chrs.uqam.ca\/index.php\/wp-json\/wp\/v2\/users\/2"}],"replies":[{"embeddable":true,"href":"https:\/\/chrs.uqam.ca\/index.php\/wp-json\/wp\/v2\/comments?post=459"}],"version-history":[{"count":0,"href":"https:\/\/chrs.uqam.ca\/index.php\/wp-json\/wp\/v2\/pages\/459\/revisions"}],"up":[{"embeddable":true,"href":"https:\/\/chrs.uqam.ca\/index.php\/wp-json\/wp\/v2\/pages\/455"}],"wp:attachment":[{"href":"https:\/\/chrs.uqam.ca\/index.php\/wp-json\/wp\/v2\/media?parent=459"}],"curies":[{"name":"wp","href":"https:\/\/api.w.org\/{rel}","templated":true}]}}