{"id":455,"date":"2017-02-01T23:52:39","date_gmt":"2017-02-01T22:52:39","guid":{"rendered":"http:\/\/chrs.cieq.ca\/?page_id=455"},"modified":"2025-10-15T13:37:35","modified_gmt":"2025-10-15T17:37:35","slug":"membres-etudiants","status":"publish","type":"page","link":"https:\/\/chrs.uqam.ca\/index.php\/a-propos\/equipe\/membres-etudiants\/","title":{"rendered":"Membres \u00e9tudiants"},"content":{"rendered":"<div class=\"su-spoiler su-spoiler-style-default su-spoiler-icon-chevron su-spoiler-closed\" data-scroll-offset=\"0\" data-anchor-in-url=\"no\"><div class=\"su-spoiler-title\" tabindex=\"0\" role=\"button\"><span class=\"su-spoiler-icon\"><\/span>Beaudet, Jimmy<\/div><div class=\"su-spoiler-content su-u-clearfix su-u-trim\">\n<p>Direction : <a href=\"https:\/\/chrs.uqam.ca\/index.php\/a-propos\/equipe\/membres-reguliers\/martin-petitclerc\/\" target=\"_blank\" rel=\"noopener\">Martin Petitclerc<\/a><\/p>\n<p><a href=\"https:\/\/chrs.uqam.ca\/index.php\/a-propos\/equipe\/membres-etudiants\/jimmy-beaudet\/\">Pour en savoir plus<\/a><br \/>\n<\/div><\/div>\n<div class=\"su-spoiler su-spoiler-style-default su-spoiler-icon-chevron su-spoiler-closed\" data-scroll-offset=\"0\" data-anchor-in-url=\"no\"><div class=\"su-spoiler-title\" tabindex=\"0\" role=\"button\"><span class=\"su-spoiler-icon\"><\/span>Beaulieu, Olivier<\/div><div class=\"su-spoiler-content su-u-clearfix su-u-trim\">\n<p>Direction : <a href=\"https:\/\/chrs.uqam.ca\/index.php\/a-propos\/equipe\/membres-reguliers\/ollivier-hubert\/\" target=\"_blank\" rel=\"noopener\">Ollivier Hubert<\/a><\/p>\n<p><a href=\"https:\/\/chrs.uqam.ca\/index.php\/olivier-beaulieu\/\">Pour en savoir plus<\/a><br \/>\n<\/div><\/div>\n<div class=\"su-spoiler su-spoiler-style-default su-spoiler-icon-chevron su-spoiler-closed\" data-scroll-offset=\"0\" data-anchor-in-url=\"no\"><div class=\"su-spoiler-title\" tabindex=\"0\" role=\"button\"><span class=\"su-spoiler-icon\"><\/span>B\u00e9land, Renaud<\/div><div class=\"su-spoiler-content su-u-clearfix su-u-trim\">\n<p>Direction :\u00a0<a href=\"https:\/\/chrs.uqam.ca\/index.php\/a-propos\/equipe\/membres-reguliers\/martin-petitclerc\/\" target=\"_blank\" rel=\"noopener\">Martin Petitclerc<\/a><\/p>\n<p><a href=\"https:\/\/chrs.uqam.ca\/index.php\/a-propos\/equipe\/membres-etudiants\/renaud-beland\/\" rel=\"noopener\">Pour en savoir plus<\/a><br \/>\n<\/div><\/div>\n<div class=\"su-spoiler su-spoiler-style-default su-spoiler-icon-chevron su-spoiler-closed\" data-scroll-offset=\"0\" data-anchor-in-url=\"no\"><div class=\"su-spoiler-title\" tabindex=\"0\" role=\"button\"><span class=\"su-spoiler-icon\"><\/span>Cadrin, Meggie Sue<\/div><div class=\"su-spoiler-content su-u-clearfix su-u-trim\">\n<p>Direction : <a href=\"https:\/\/chrs.uqam.ca\/index.php\/a-propos\/equipe\/membres-reguliers\/donald-fyson\/\" target=\"_blank\" rel=\"noopener\">Donald Fyson<\/a> et Mary Anne Poutanen<\/p>\n<p><a href=\"https:\/\/chrs.uqam.ca\/index.php\/a-propos\/equipe\/membres-etudiants\/meggie-sue-cadri\/\">Pour en savoir plus<\/a><\/p>\n<\/div><\/div>\n<div class=\"su-spoiler su-spoiler-style-default su-spoiler-icon-chevron su-spoiler-closed\" data-scroll-offset=\"0\" data-anchor-in-url=\"no\"><div class=\"su-spoiler-title\" tabindex=\"0\" role=\"button\"><span class=\"su-spoiler-icon\"><\/span>Champagne-Tremblay, Camille<\/div><div class=\"su-spoiler-content su-u-clearfix su-u-trim\">\n<p>Direction : <a href=\"https:\/\/chrs.uqam.ca\/index.php\/a-propos\/equipe\/membres-reguliers\/martin-petitclerc\/\" target=\"_blank\" rel=\"noopener\">Martin Petitclerc<\/a><\/p>\n<p><a href=\"https:\/\/chrs.uqam.ca\/index.php\/a-propos\/equipe\/membres-etudiants\/camille-champagne-tremblay\/\">Pour en savoir plus<\/a><br \/>\n<\/div><\/div>\n<div class=\"su-spoiler su-spoiler-style-default su-spoiler-icon-chevron su-spoiler-closed\" data-scroll-offset=\"0\" data-anchor-in-url=\"no\"><div class=\"su-spoiler-title\" tabindex=\"0\" role=\"button\"><span class=\"su-spoiler-icon\"><\/span>Chauvette, Justin<\/div><div class=\"su-spoiler-content su-u-clearfix su-u-trim\">\n<p>Direction : <a href=\"https:\/\/chrs.uqam.ca\/index.php\/a-propos\/equipe\/membres-reguliers\/martin-petitclerc\/\" target=\"_blank\" rel=\"noopener\">Martin Petitclerc<\/a> et Jonas Campion<\/p>\n<p><a href=\"https:\/\/chrs.uqam.ca\/index.php\/justin-chauvette\/\">Pour en savoir plus<\/a><br \/>\n<\/div><\/div>\n<div class=\"su-spoiler su-spoiler-style-default su-spoiler-icon-chevron su-spoiler-closed\" data-scroll-offset=\"0\" data-anchor-in-url=\"no\"><div class=\"su-spoiler-title\" tabindex=\"0\" role=\"button\"><span class=\"su-spoiler-icon\"><\/span>Cissokho, Alseini<\/div><div class=\"su-spoiler-content su-u-clearfix su-u-trim\">\n<p>Direction : <a href=\"https:\/\/chrs.uqam.ca\/index.php\/a-propos\/equipe\/membres-reguliers\/louise-bienvenue\/\" target=\"_blank\" rel=\"noopener\">Louise Bienvenue<\/a> et Carole Christen<\/p>\n<p><a href=\"https:\/\/chrs.uqam.ca\/index.php\/alseini-cissokho\/\">Pour en savoir plus<\/a><\/p>\n<\/div><\/div>\n<div class=\"su-spoiler su-spoiler-style-default su-spoiler-icon-chevron su-spoiler-closed\" data-scroll-offset=\"0\" data-anchor-in-url=\"no\"><div class=\"su-spoiler-title\" tabindex=\"0\" role=\"button\"><span class=\"su-spoiler-icon\"><\/span>Desnoyers, Rebecca<\/div><div class=\"su-spoiler-content su-u-clearfix su-u-trim\">\n<p>Direction : <a href=\"https:\/\/chrs.uqam.ca\/index.php\/a-propos\/equipe\/membres-reguliers\/marie-claude-thifault\/\" target=\"_blank\" rel=\"noopener\">Marie-Claude Thifault<\/a> et Sandra Harrisson<\/p>\n<p><a href=\"https:\/\/chrs.uqam.ca\/index.php\/a-propos\/equipe\/membres-etudiants\/rebecca-desnoyers\/\">Pour en savoir plus<\/a><\/p>\n<\/div><\/div>\n<div class=\"su-spoiler su-spoiler-style-default su-spoiler-icon-chevron su-spoiler-closed\" data-scroll-offset=\"0\" data-anchor-in-url=\"no\"><div class=\"su-spoiler-title\" tabindex=\"0\" role=\"button\"><span class=\"su-spoiler-icon\"><\/span>Doyon, Ulrik<\/div><div class=\"su-spoiler-content su-u-clearfix su-u-trim\">\n<p>Direction : <a href=\"https:\/\/chrs.uqam.ca\/index.php\/a-propos\/equipe\/membres-reguliers\/ollivier-hubert\/\" target=\"_blank\" rel=\"noopener\">Ollivier Hubert<\/a><\/p>\n<p><a href=\"https:\/\/chrs.uqam.ca\/?page_id=12407\">Pour en savoir plus<\/a><br \/>\n<\/div><\/div>\n<div class=\"su-spoiler su-spoiler-style-default su-spoiler-icon-chevron su-spoiler-closed\" data-scroll-offset=\"0\" data-anchor-in-url=\"no\"><div class=\"su-spoiler-title\" tabindex=\"0\" role=\"button\"><span class=\"su-spoiler-icon\"><\/span>Francoeur, Julie<\/div><div class=\"su-spoiler-content su-u-clearfix su-u-trim\">\n<p>Th\u00e8se : <em>Transformer les \u00ab femmes perdues \u00bb en \u00ab Madeleines \u00bb : les institutions de r\u00e9forme pour femmes tenues par les communaut\u00e9s du Bon-Pasteur \u00e0 Qu\u00e9bec et \u00e0 Montr\u00e9al, 1844-1920<\/em><\/p>\n<p>Direction : Johanne Daigle et\u00a0<a href=\"https:\/\/chrs.uqam.ca\/index.php\/a-propos\/equipe\/membres-reguliers\/donald-fyson\/\" target=\"_blank\" rel=\"noopener\">Donald Fyson<\/a><\/p>\n<p><a href=\"https:\/\/chrs.uqam.ca\/index.php\/julie-francoeur\/?preview=true\">Pour en savoir plus<\/a><\/p>\n<\/div><\/div>\n<div class=\"su-spoiler su-spoiler-style-default su-spoiler-icon-chevron su-spoiler-closed\" data-scroll-offset=\"0\" data-anchor-in-url=\"no\"><div class=\"su-spoiler-title\" tabindex=\"0\" role=\"button\"><span class=\"su-spoiler-icon\"><\/span>G\u00e9linas, Kim<\/div><div class=\"su-spoiler-content su-u-clearfix su-u-trim\">\n<p>Direction : <a href=\"https:\/\/chrs.uqam.ca\/index.php\/a-propos\/equipe\/membres-reguliers\/catherine-larochelle\/\" target=\"_blank\" rel=\"noopener\">Catherine Larochelle<\/a><\/p>\n<p><a href=\"https:\/\/chrs.uqam.ca\/index.php\/a-propos\/equipe\/membres-etudiants\/kim-gelinas\/\">Pour en savoir plus<\/a><\/p>\n<\/div><\/div>\n<div class=\"su-spoiler su-spoiler-style-default su-spoiler-icon-chevron su-spoiler-closed\" data-scroll-offset=\"0\" data-anchor-in-url=\"no\"><div class=\"su-spoiler-title\" tabindex=\"0\" role=\"button\"><span class=\"su-spoiler-icon\"><\/span>Iraqi, Rania<\/div><div class=\"su-spoiler-content su-u-clearfix su-u-trim\">\n<p>Direction : <a href=\"https:\/\/chrs.uqam.ca\/index.php\/a-propos\/equipe\/membres-reguliers\/catherine-larochelle\/\" target=\"_blank\" rel=\"noopener\">Catherine Larochelle<\/a><\/p>\n<p><a href=\"https:\/\/chrs.uqam.ca\/index.php\/a-propos\/equipe\/membres-etudiants\/rania-iraqi\/\">Pour en savoir plus<\/a><\/p>\n<\/div><\/div>\n<div class=\"su-spoiler su-spoiler-style-default su-spoiler-icon-chevron su-spoiler-closed\" data-scroll-offset=\"0\" data-anchor-in-url=\"no\"><div class=\"su-spoiler-title\" tabindex=\"0\" role=\"button\"><span class=\"su-spoiler-icon\"><\/span>Labelle, Sandrine<\/div><div class=\"su-spoiler-content su-u-clearfix su-u-trim\">\n<p>Direction : <a href=\"\/index.php\/a-propos\/equipe\/membres-reguliers\/martin-petitclerc\/\" target=\"_blank\" rel=\"noopener\">Martin Petitclerc<\/a> <span style=\"font-weight: 400;\">et Genevi\u00e8ve Dorais<\/span><\/p>\n<p><a href=\"https:\/\/chrs.uqam.ca\/index.php\/a-propos\/equipe\/membres-etudiants\/sandrine-labelle\/\">Pour en savoir plus<\/a><\/p>\n<\/div><\/div>\n<div class=\"su-spoiler su-spoiler-style-default su-spoiler-icon-chevron su-spoiler-closed\" data-scroll-offset=\"0\" data-anchor-in-url=\"no\"><div class=\"su-spoiler-title\" tabindex=\"0\" role=\"button\"><span class=\"su-spoiler-icon\"><\/span>Lainesse, Louise<\/div><div class=\"su-spoiler-content su-u-clearfix su-u-trim\">\n<p>Th\u00e8se : <em>Entre silence et absence : la mort dans le Qu\u00e9bec des XVIIIe et XIXe si\u00e8cles<\/em><\/p>\n<p>Direction :\u00a0<a href=\"https:\/\/chrs.uqam.ca\/index.php\/a-propos\/equipe\/membres-reguliers\/ollivier-hubert\/\" target=\"_blank\" rel=\"noopener\">Ollivier Hubert<\/a><\/p>\n<p><a href=\"https:\/\/chrs.uqam.ca\/index.php\/a-propos\/equipe\/membres-etudiants\/louise-lainesse\/\">Pour en savoir plus<\/a><\/p>\n<\/div><\/div>\n<div class=\"su-spoiler su-spoiler-style-default su-spoiler-icon-chevron su-spoiler-closed\" data-scroll-offset=\"0\" data-anchor-in-url=\"no\"><div class=\"su-spoiler-title\" tabindex=\"0\" role=\"button\"><span class=\"su-spoiler-icon\"><\/span>Lalo, Maxime<\/div><div class=\"su-spoiler-content su-u-clearfix su-u-trim\">\n<p>Direction : <a href=\"https:\/\/chrs.uqam.ca\/index.php\/a-propos\/equipe\/membres-reguliers\/louise-bienvenue\/\" target=\"_blank\" rel=\"noopener\">Louise Bienvenue<\/a> et Laurent J\u00e9r\u00f4me<\/p>\n<p><a href=\"https:\/\/chrs.uqam.ca\/index.php\/a-propos\/equipe\/membres-etudiants\/maxime-lalo\/\">Pour en savoir plus<\/a><\/p>\n<\/div><\/div>\n<div class=\"su-spoiler su-spoiler-style-default su-spoiler-icon-chevron su-spoiler-closed\" data-scroll-offset=\"0\" data-anchor-in-url=\"no\"><div class=\"su-spoiler-title\" tabindex=\"0\" role=\"button\"><span class=\"su-spoiler-icon\"><\/span>Lalonde, Arianne<\/div><div class=\"su-spoiler-content su-u-clearfix su-u-trim\">\n<p>Direction : <a href=\"https:\/\/chrs.uqam.ca\/index.php\/a-propos\/equipe\/membres-reguliers\/ollivier-hubert\/\" target=\"_blank\" rel=\"noopener\">Ollivier Hubert\u00a0<\/a>et Meagan Wierda<\/p>\n<p><a href=\"https:\/\/chrs.uqam.ca\/index.php\/a-propos\/equipe\/membres-etudiants\/arianne-lalonde\/\">Pour en savoir plus<\/a><br \/>\n<\/div><\/div>\n<div class=\"su-spoiler su-spoiler-style-default su-spoiler-icon-chevron su-spoiler-closed\" data-scroll-offset=\"0\" data-anchor-in-url=\"no\"><div class=\"su-spoiler-title\" tabindex=\"0\" role=\"button\"><span class=\"su-spoiler-icon\"><\/span>Lamarche, \u00c9mily<\/div><div class=\"su-spoiler-content su-u-clearfix su-u-trim\">\n<p>Direction : <a href=\"https:\/\/chrs.uqam.ca\/index.php\/a-propos\/equipe\/membres-reguliers\/louise-bienvenue\/\" target=\"_blank\" rel=\"noopener\">Louise Bienvenue<\/a> et Michel Bock<\/p>\n<p><a href=\"https:\/\/chrs.uqam.ca\/index.php\/a-propos\/equipe\/membres-etudiants\/emily-lamarche\/\">Pour en savoir plus<\/a><\/p>\n<\/div><\/div>\n<div class=\"su-spoiler su-spoiler-style-default su-spoiler-icon-chevron su-spoiler-closed\" data-scroll-offset=\"0\" data-anchor-in-url=\"no\"><div class=\"su-spoiler-title\" tabindex=\"0\" role=\"button\"><span class=\"su-spoiler-icon\"><\/span>Lemoine, Flavie<\/div><div class=\"su-spoiler-content su-u-clearfix su-u-trim\">\n<p>Direction : <a href=\"https:\/\/chrs.uqam.ca\/index.php\/a-propos\/equipe\/membres-reguliers\/catherine-larochelle\/\" target=\"_blank\" rel=\"noopener\">Catherine Larochelle<\/a> et Daniel Ross<\/p>\n<p><a href=\"https:\/\/chrs.uqam.ca\/index.php\/a-propos\/equipe\/membres-etudiants\/flavie-lemoine\/\">Pour en savoir plus<\/a><\/p>\n<\/div><\/div>\n<div class=\"su-spoiler su-spoiler-style-default su-spoiler-icon-chevron su-spoiler-closed\" data-scroll-offset=\"0\" data-anchor-in-url=\"no\"><div class=\"su-spoiler-title\" tabindex=\"0\" role=\"button\"><span class=\"su-spoiler-icon\"><\/span>Marcheterre-Pina, Ariana<\/div><div class=\"su-spoiler-content su-u-clearfix su-u-trim\">\n<p>Direction : <a href=\"https:\/\/chrs.uqam.ca\/index.php\/a-propos\/equipe\/membres-reguliers\/catherine-larochelle\/\" target=\"_blank\" rel=\"noopener\">Catherine Larochelle<\/a> et Meagan Wierda<\/p>\n<p><a href=\"https:\/\/chrs.uqam.ca\/index.php\/a-propos\/equipe\/membres-etudiants\/ariana-marcheterre-pina\/\">Pour en savoir plus<\/a><\/p>\n<\/div><\/div>\n<div class=\"su-spoiler su-spoiler-style-default su-spoiler-icon-chevron su-spoiler-closed\" data-scroll-offset=\"0\" data-anchor-in-url=\"no\"><div class=\"su-spoiler-title\" tabindex=\"0\" role=\"button\"><span class=\"su-spoiler-icon\"><\/span>Paradis, Mathieu<\/div><div class=\"su-spoiler-content su-u-clearfix su-u-trim\">\n<p>Direction : <a href=\"https:\/\/chrs.uqam.ca\/index.php\/a-propos\/equipe\/membres-reguliers\/ollivier-hubert\/\" target=\"_blank\" rel=\"noopener\">Ollivier Hubert<\/a> et\u00a0<a href=\"https:\/\/chrs.uqam.ca\/index.php\/a-propos\/equipe\/membres-reguliers\/martin-petitclerc\/\" target=\"_blank\" rel=\"noopener\">Martin Petitclerc<\/a><\/p>\n<p><a href=\"https:\/\/chrs.uqam.ca\/index.php\/a-propos\/equipe\/membres-etudiants\/mathieu-paradis\/\">Pour en savoir plus<\/a><br \/>\n<\/div><\/div>\n<div class=\"su-spoiler su-spoiler-style-default su-spoiler-icon-chevron su-spoiler-closed\" data-scroll-offset=\"0\" data-anchor-in-url=\"no\"><div class=\"su-spoiler-title\" tabindex=\"0\" role=\"button\"><span class=\"su-spoiler-icon\"><\/span>Perron, Doroth\u00e9e<\/div><div class=\"su-spoiler-content su-u-clearfix su-u-trim\">\n<p>Direction : <a href=\"https:\/\/chrs.uqam.ca\/index.php\/a-propos\/equipe\/membres-reguliers\/louise-bienvenue\/\" target=\"_blank\" rel=\"noopener\">Louise Bienvenue<\/a><\/p>\n<p><a href=\"https:\/\/chrs.uqam.ca\/index.php\/a-propos\/equipe\/membres-etudiants\/dorothee-perron\/\">Pour en savoir plus<\/a><br \/>\n<\/div><\/div>\n<div class=\"su-spoiler su-spoiler-style-default su-spoiler-icon-chevron su-spoiler-closed\" data-scroll-offset=\"0\" data-anchor-in-url=\"no\"><div class=\"su-spoiler-title\" tabindex=\"0\" role=\"button\"><span class=\"su-spoiler-icon\"><\/span>Raby, Marie-Laurence<\/div><div class=\"su-spoiler-content su-u-clearfix su-u-trim\">\n<p>Direction : <a href=\"https:\/\/chrs.uqam.ca\/index.php\/a-propos\/equipe\/membres-reguliers\/aline-charles\/\" target=\"_blank\" rel=\"noopener\">Aline Charles<\/a><\/p>\n<p><a href=\"https:\/\/chrs.uqam.ca\/index.php\/a-propos\/equipe\/membres-etudiants\/marie-laurence-raby\/\">Pour en savoir plus<\/a><br \/>\n<\/div><\/div>\n<div class=\"su-spoiler su-spoiler-style-default su-spoiler-icon-chevron su-spoiler-closed\" data-scroll-offset=\"0\" data-anchor-in-url=\"no\"><div class=\"su-spoiler-title\" tabindex=\"0\" role=\"button\"><span class=\"su-spoiler-icon\"><\/span>Robert, Camille<\/div><div class=\"su-spoiler-content su-u-clearfix su-u-trim\">\n<p>Th\u00e8se :\u00a0<em>Femmes en gr\u00e8ve : tournant n\u00e9olib\u00e9ral et travail de reproduction sociale dans le secteur public qu\u00e9b\u00e9cois (1980-1990)<\/em><\/p>\n<p>Direction : <a href=\"\/index.php\/a-propos\/equipe\/membres-reguliers\/martin-petitclerc\/\" target=\"_blank\" rel=\"noopener\">Martin Petitclerc<\/a> et Magda Fahrni<\/p>\n<p><a href=\"\/index.php\/a-propos\/equipe\/membres-etudiants\/camille-robert\/\">Pour en savoir plus<\/a><br \/>\n<\/div><\/div>\n<div class=\"su-spoiler su-spoiler-style-default su-spoiler-icon-chevron su-spoiler-closed\" data-scroll-offset=\"0\" data-anchor-in-url=\"no\"><div class=\"su-spoiler-title\" tabindex=\"0\" role=\"button\"><span class=\"su-spoiler-icon\"><\/span>Roy, Alexane<\/div><div class=\"su-spoiler-content su-u-clearfix su-u-trim\">\n<p>Direction : Emilie Malenfant<\/p>\n<p><a href=\"https:\/\/chrs.uqam.ca\/index.php\/alexane-roy\/\">Pour en savoir plus<\/a><br \/>\n<\/div><\/div>\n<div class=\"su-spoiler su-spoiler-style-default su-spoiler-icon-chevron su-spoiler-closed\" data-scroll-offset=\"0\" data-anchor-in-url=\"no\"><div class=\"su-spoiler-title\" tabindex=\"0\" role=\"button\"><span class=\"su-spoiler-icon\"><\/span>Scraire, J\u00e9r\u00e9my<\/div><div class=\"su-spoiler-content su-u-clearfix su-u-trim\">\n<p>Direction : <a href=\"https:\/\/chrs.uqam.ca\/index.php\/a-propos\/equipe\/membres-reguliers\/catherine-larochelle\/\" target=\"_blank\" rel=\"noopener\">Catherine Larochelle<\/a><\/p>\n<p><a href=\"https:\/\/chrs.uqam.ca\/index.php\/a-propos\/equipe\/membres-etudiants\/jeremy-scraire\/\">Pour en savoir plus<\/a><\/p>\n<\/div><\/div>\n<div class=\"su-spoiler su-spoiler-style-default su-spoiler-icon-chevron su-spoiler-closed\" data-scroll-offset=\"0\" data-anchor-in-url=\"no\"><div class=\"su-spoiler-title\" tabindex=\"0\" role=\"button\"><span class=\"su-spoiler-icon\"><\/span>Vaillant, David<\/div><div class=\"su-spoiler-content su-u-clearfix su-u-trim\">\n<p>Direction : <a href=\"https:\/\/chrs.uqam.ca\/index.php\/a-propos\/equipe\/membres-reguliers\/catherine-larochelle\/\" target=\"_blank\" rel=\"noopener\">Catherine Larochelle<\/a><\/p>\n<p><a href=\"https:\/\/chrs.uqam.ca\/index.php\/a-propos\/equipe\/membres-etudiants\/david-vaillant\/\">Pour en savoir plus<\/a><\/p>\n<\/div><\/div>\n<div class=\"su-spoiler su-spoiler-style-default su-spoiler-icon-chevron su-spoiler-closed\" data-scroll-offset=\"0\" data-anchor-in-url=\"no\"><div class=\"su-spoiler-title\" tabindex=\"0\" role=\"button\"><span class=\"su-spoiler-icon\"><\/span>Villeneuve, Benjamin<\/div><div class=\"su-spoiler-content su-u-clearfix su-u-trim\">\n<p>Direction : <a href=\"https:\/\/chrs.uqam.ca\/index.php\/a-propos\/equipe\/membres-reguliers\/marie-claude-thifault\/\" target=\"_blank\" rel=\"noopener\">Marie-Claude Thifault<\/a><\/p>\n<p><a href=\"https:\/\/chrs.uqam.ca\/index.php\/a-propos\/equipe\/membres-etudiants\/benjamin-villeneuve\/\">Pour en savoir plus<\/a><\/p>\n<\/div><\/div>\n<p><a href=\"\/index.php\/a-propos\/equipe\/assistants-de-recherche\/\">ANCIENS ASSISTANTS DE RECHERCHE<\/a><\/p>\n","protected":false},"excerpt":{"rendered":"<p>ANCIENS ASSISTANTS DE RECHERCHE<\/p>\n","protected":false},"author":2,"featured_media":0,"parent":7,"menu_order":3,"comment_status":"closed","ping_status":"closed","template":"","meta":{"_monsterinsights_skip_tracking":false,"_monsterinsights_sitenote_active":false,"_monsterinsights_sitenote_note":"","_monsterinsights_sitenote_category":0,"footnotes":""},"class_list":["post-455","page","type-page","status-publish","hentry"],"_links":{"self":[{"href":"https:\/\/chrs.uqam.ca\/index.php\/wp-json\/wp\/v2\/pages\/455","targetHints":{"allow":["GET"]}}],"collection":[{"href":"https:\/\/chrs.uqam.ca\/index.php\/wp-json\/wp\/v2\/pages"}],"about":[{"href":"https:\/\/chrs.uqam.ca\/index.php\/wp-json\/wp\/v2\/types\/page"}],"author":[{"embeddable":true,"href":"https:\/\/chrs.uqam.ca\/index.php\/wp-json\/wp\/v2\/users\/2"}],"replies":[{"embeddable":true,"href":"https:\/\/chrs.uqam.ca\/index.php\/wp-json\/wp\/v2\/comments?post=455"}],"version-history":[{"count":24,"href":"https:\/\/chrs.uqam.ca\/index.php\/wp-json\/wp\/v2\/pages\/455\/revisions"}],"predecessor-version":[{"id":12574,"href":"https:\/\/chrs.uqam.ca\/index.php\/wp-json\/wp\/v2\/pages\/455\/revisions\/12574"}],"up":[{"embeddable":true,"href":"https:\/\/chrs.uqam.ca\/index.php\/wp-json\/wp\/v2\/pages\/7"}],"wp:attachment":[{"href":"https:\/\/chrs.uqam.ca\/index.php\/wp-json\/wp\/v2\/media?parent=455"}],"curies":[{"name":"wp","href":"https:\/\/api.w.org\/{rel}","templated":true}]}}