{"id":4349,"date":"2018-05-09T10:19:31","date_gmt":"2018-05-09T14:19:31","guid":{"rendered":"https:\/\/chrs.dev.uqam.ca\/?page_id=4349"},"modified":"2023-05-23T13:39:26","modified_gmt":"2023-05-23T17:39:26","slug":"regulations-sociales-et-familiales-dans-lhistoire-des-problemes-sociaux-au-quebec","status":"publish","type":"page","link":"https:\/\/chrs.uqam.ca\/index.php\/regulations-sociales-et-familiales-dans-lhistoire-des-problemes-sociaux-au-quebec\/","title":{"rendered":"R\u00e9gulations sociales et familiales dans l&rsquo;histoire des probl\u00e8mes sociaux au Qu\u00e9bec"},"content":{"rendered":"<h4>ORGANISME(S) SUBVENTIONNAIRE(S)<\/h4>\n<p>FRQSC &#8211; Subvention \u00c9quipe en renouvellement<\/p>\n<h4>ANN\u00c9ES<\/h4>\n<p>Termin\u00e9 (2018-2022)<\/p>\n<h4>CHERCHEUR.E.S CHRS<\/h4>\n<div class=\"su-row\"><div class=\"su-column su-column-size-1-3\"><div class=\"su-column-inner su-u-clearfix su-u-trim\"><a href=\"\/index.php\/a-propos\/equipe\/membres-reguliers\/martin-petitclerc\/\">Martin Petitclerc<\/a><br \/>\n<a href=\"\/index.php\/a-propos\/equipe\/membres-reguliers\/louise-bienvenue\/\">Louise Bienvenue<br \/>\n<\/a><a href=\"https:\/\/chrs.uqam.ca\/index.php\/a-propos\/equipe\/membres-reguliers\/aline-charles\/\">Aline Charles<br \/>\n<\/a><a href=\"https:\/\/chrs.uqam.ca\/index.php\/a-propos\/equipe\/membres-reguliers\/aline-charles\/\">Fran\u00e7ois Fenchel<br \/>\n<\/a><\/div><\/div>\n<div class=\"su-column su-column-size-1-3\"><div class=\"su-column-inner su-u-clearfix su-u-trim\">\n<a href=\"https:\/\/chrs.uqam.ca\/index.php\/a-propos\/equipe\/membres-reguliers\/peter-gossage\/\">Donald Fyson<br \/>\nPeter Gossage<\/a><br \/>\n<a href=\"https:\/\/chrs.uqam.ca\/index.php\/a-propos\/equipe\/membres-reguliers\/janice-harvey\/\">Fran\u00e7ois Gu\u00e9rard<br \/>\nJanice Harvey<br \/>\n<\/a><\/div><\/div>\n<div class=\"su-column su-column-size-1-3\"><div class=\"su-column-inner su-u-clearfix su-u-trim\">\n<a href=\"https:\/\/chrs.uqam.ca\/index.php\/a-propos\/equipe\/membres-reguliers\/ollivier-hubert\/\">Ollivier Hubert<\/a><br \/>\n<a href=\"https:\/\/chrs.uqam.ca\/index.php\/a-propos\/equipe\/membres-reguliers\/thierry-nootens\/\">Thierry Nootens<\/a><br \/>\n<a href=\"\/index.php\/a-propos\/equipe\/membres-reguliers\/yvan-rousseau\/\">Yvan Rousseau<\/a><br \/>\n<a href=\"\/index.php\/a-propos\/equipe\/membres-reguliers\/jean-trepanier\/\">Jean Tr\u00e9panier<\/a><\/div><\/div><\/div>\n<p>Depuis sa fondation, le CHRS\u00a0a \u00e9largi constamment ses horizons de recherche, tout en restant fid\u00e8le \u00e0 son approche f\u00e9d\u00e9ratrice, celle de la r\u00e9gulation sociale. Au cours des derni\u00e8res ann\u00e9es, notre \u00e9quipe s\u2019est pench\u00e9e sur l\u2019\u00e9tude des pratiques institutionnelles de gestion des probl\u00e8mes sociaux \u00e0 Montr\u00e9al, puis sur l\u2019analyse des pratiques et discours relatifs \u00e0 la gestion de la vuln\u00e9rabilit\u00e9 et du risque dans la modernit\u00e9 qu\u00e9b\u00e9coise. L\u2019actuel cycle de programmation scientifique (2014-2018) nous a permis d\u2019insister sur l\u2019impact des pratiques juridiques, politiques, \u00e9conomiques et culturelles associ\u00e9es \u00e0 la citoyennet\u00e9 sur le \u00ab\u00a0gouvernement de la mis\u00e8re\u00a0\u00bb au Qu\u00e9bec. Cette \u00e9volution de notre programmation, qui a orient\u00e9 une bonne partie de nos travaux vers l\u2019analyse des relations entre les institutions (priv\u00e9es ou publiques) de r\u00e9gulations sociales et les personnes prises en charge, nous invite maintenant \u00e0 nous interroger plus syst\u00e9matiquement sur le r\u00f4le structurant jou\u00e9 par \u00ab\u00a0la famille\u00a0\u00bb dans l\u2019histoire des probl\u00e8mes sociaux. Dans notre prochain cycle de subvention, nous proposons donc d\u2019approfondir cette probl\u00e9matique, en situant <em>les<\/em> <em>familles<\/em> plus explicitement comme cadre de vie mat\u00e9rielle et affective de la majorit\u00e9 des Qu\u00e9b\u00e9cois et en \u00e9tudiant le r\u00f4le de <em>la famille, <\/em>comme instance sociale, juridique et politique, dans l\u2019organisation sociale.<\/p>\n<p>Trois axes structurent la programmation scientifique qui fait l\u2019objet de la pr\u00e9sente demande. Le premier axe, intitul\u00e9 <em>Familles, pr\u00e9carit\u00e9 socio-\u00e9conomique et formation de l\u2019\u00c9tat<\/em>, vise \u00e0 mieux comprendre comment la consolidation du capitalisme industriel, de la fin du XIXe si\u00e8cle \u00e0 1945, force un red\u00e9ploiement des strat\u00e9gies \u00e9conomiques au sein des familles et des institutions priv\u00e9es au Qu\u00e9bec. Par le deuxi\u00e8me axe, <em>Familles, recours aux services et acc\u00e8s aux soins<\/em>, nous analyserons le probl\u00e8me de l\u2019acc\u00e8s aux soins, tant du point de vue de la demande croissante et de la diversification de l\u2019offre, que de celui des obstacles qui se pr\u00e9sentent au moment d\u2019y recourir. Le troisi\u00e8me axe, <em>Familles, d\u00e9linquance, droit et justice<\/em>, portera enfin sur les interactions diverses entre les familles et la justice civile et criminelle, afin d\u2019aborder l\u2019histoire plus g\u00e9n\u00e9rale de la formation de l\u2019\u00c9tat. Chacun de ces axes regroupe des projets de recherche qui apporteront des contributions significatives aux connaissances dans le champ de l\u2019histoire des r\u00e9gulations sociales et familiales au Qu\u00e9bec.<\/p>\n","protected":false},"excerpt":{"rendered":"<p>ORGANISME(S) SUBVENTIONNAIRE(S) FRQSC &#8211; Subvention \u00c9quipe en renouvellement ANN\u00c9ES Termin\u00e9 (2018-2022) CHERCHEUR.E.S CHRS Depuis sa fondation, le CHRS\u00a0a \u00e9largi constamment ses horizons de recherche, tout en restant fid\u00e8le \u00e0 son&#8230;<\/p>\n","protected":false},"author":2,"featured_media":0,"parent":0,"menu_order":0,"comment_status":"closed","ping_status":"closed","template":"","meta":{"_monsterinsights_skip_tracking":false,"_monsterinsights_sitenote_active":false,"_monsterinsights_sitenote_note":"","_monsterinsights_sitenote_category":0,"footnotes":""},"class_list":["post-4349","page","type-page","status-publish","hentry"],"_links":{"self":[{"href":"https:\/\/chrs.uqam.ca\/index.php\/wp-json\/wp\/v2\/pages\/4349","targetHints":{"allow":["GET"]}}],"collection":[{"href":"https:\/\/chrs.uqam.ca\/index.php\/wp-json\/wp\/v2\/pages"}],"about":[{"href":"https:\/\/chrs.uqam.ca\/index.php\/wp-json\/wp\/v2\/types\/page"}],"author":[{"embeddable":true,"href":"https:\/\/chrs.uqam.ca\/index.php\/wp-json\/wp\/v2\/users\/2"}],"replies":[{"embeddable":true,"href":"https:\/\/chrs.uqam.ca\/index.php\/wp-json\/wp\/v2\/comments?post=4349"}],"version-history":[{"count":1,"href":"https:\/\/chrs.uqam.ca\/index.php\/wp-json\/wp\/v2\/pages\/4349\/revisions"}],"predecessor-version":[{"id":11187,"href":"https:\/\/chrs.uqam.ca\/index.php\/wp-json\/wp\/v2\/pages\/4349\/revisions\/11187"}],"wp:attachment":[{"href":"https:\/\/chrs.uqam.ca\/index.php\/wp-json\/wp\/v2\/media?parent=4349"}],"curies":[{"name":"wp","href":"https:\/\/api.w.org\/{rel}","templated":true}]}}

Régulations sociales et familiales dans l&rsquo;histoire des problèmes sociaux au Québec

<h4>ORGANISME(S) SUBVENTIONNAIRE(S)</h4>
<p>FRQSC &#8211; Subvention Équipe en renouvellement</p>
<h4>ANNÉES</h4>
<p>Terminé (2018-2022)</p>
<h4>CHERCHEUR.E.S CHRS</h4>
<div class="su-row"><div class="su-column su-column-size-1-3"><div class="su-column-inner su-u-clearfix su-u-trim"><a href="/index.php/a-propos/equipe/membres-reguliers/martin-petitclerc/">Martin Petitclerc</a><br />
<a href="/index.php/a-propos/equipe/membres-reguliers/louise-bienvenue/">Louise Bienvenue<br />
</a><a href="https://chrs.uqam.ca/index.php/a-propos/equipe/membres-reguliers/aline-charles/">Aline Charles<br />
</a><a href="https://chrs.uqam.ca/index.php/a-propos/equipe/membres-reguliers/aline-charles/">François Fenchel<br />
</a></div></div>
<div class="su-column su-column-size-1-3"><div class="su-column-inner su-u-clearfix su-u-trim">
<a href="https://chrs.uqam.ca/index.php/a-propos/equipe/membres-reguliers/peter-gossage/">Donald Fyson<br />
Peter Gossage</a><br />
<a href="https://chrs.uqam.ca/index.php/a-propos/equipe/membres-reguliers/janice-harvey/">François Guérard<br />
Janice Harvey<br />
</a></div></div>
<div class="su-column su-column-size-1-3"><div class="su-column-inner su-u-clearfix su-u-trim">
<a href="https://chrs.uqam.ca/index.php/a-propos/equipe/membres-reguliers/ollivier-hubert/">Ollivier Hubert</a><br />
<a href="https://chrs.uqam.ca/index.php/a-propos/equipe/membres-reguliers/thierry-nootens/">Thierry Nootens</a><br />
<a href="/index.php/a-propos/equipe/membres-reguliers/yvan-rousseau/">Yvan Rousseau</a><br />
<a href="/index.php/a-propos/equipe/membres-reguliers/jean-trepanier/">Jean Trépanier</a></div></div></div>
<p>Depuis sa fondation, le CHRS a élargi constamment ses horizons de recherche, tout en restant fidèle à son approche fédératrice, celle de la régulation sociale. Au cours des dernières années, notre équipe s’est penchée sur l’étude des pratiques institutionnelles de gestion des problèmes sociaux à Montréal, puis sur l’analyse des pratiques et discours relatifs à la gestion de la vulnérabilité et du risque dans la modernité québécoise. L’actuel cycle de programmation scientifique (2014-2018) nous a permis d’insister sur l’impact des pratiques juridiques, politiques, économiques et culturelles associées à la citoyenneté sur le « gouvernement de la misère » au Québec. Cette évolution de notre programmation, qui a orienté une bonne partie de nos travaux vers l’analyse des relations entre les institutions (privées ou publiques) de régulations sociales et les personnes prises en charge, nous invite maintenant à nous interroger plus systématiquement sur le rôle structurant joué par « la famille » dans l’histoire des problèmes sociaux. Dans notre prochain cycle de subvention, nous proposons donc d’approfondir cette problématique, en situant <em>les</em> <em>familles</em> plus explicitement comme cadre de vie matérielle et affective de la majorité des Québécois et en étudiant le rôle de <em>la famille, </em>comme instance sociale, juridique et politique, dans l’organisation sociale.</p>
<p>Trois axes structurent la programmation scientifique qui fait l’objet de la présente demande. Le premier axe, intitulé <em>Familles, précarité socio-économique et formation de l’État</em>, vise à mieux comprendre comment la consolidation du capitalisme industriel, de la fin du XIXe siècle à 1945, force un redéploiement des stratégies économiques au sein des familles et des institutions privées au Québec. Par le deuxième axe, <em>Familles, recours aux services et accès aux soins</em>, nous analyserons le problème de l’accès aux soins, tant du point de vue de la demande croissante et de la diversification de l’offre, que de celui des obstacles qui se présentent au moment d’y recourir. Le troisième axe, <em>Familles, délinquance, droit et justice</em>, portera enfin sur les interactions diverses entre les familles et la justice civile et criminelle, afin d’aborder l’histoire plus générale de la formation de l’État. Chacun de ces axes regroupe des projets de recherche qui apporteront des contributions significatives aux connaissances dans le champ de l’histoire des régulations sociales et familiales au Québec.</p>

<p>ORGANISME(S) SUBVENTIONNAIRE(S) FRQSC &#8211; Subvention Équipe en renouvellement ANNÉES Terminé (2018-2022) CHERCHEUR.E.S CHRS Depuis sa fondation, le CHRS a élargi constamment ses horizons de recherche, tout en restant fidèle à son&#8230;</p>
