{"id":310,"date":"2017-01-27T06:20:44","date_gmt":"2017-01-27T05:20:44","guid":{"rendered":"http:\/\/chrs.cieq.ca\/?page_id=310"},"modified":"2017-01-27T06:20:44","modified_gmt":"2017-01-27T05:20:44","slug":"penologie","status":"publish","type":"page","link":"https:\/\/chrs.uqam.ca\/index.php\/recherche\/realisations\/projets-de-recherche-en-cours\/penologie\/","title":{"rendered":"P\u00e9nologie. D\u00e9termination de la sanction dans la p\u00e9nalit\u00e9, l&rsquo;hypoth\u00e8se d&rsquo;une socialit\u00e9 vindicatoire dans la vie quotidienne."},"content":{"rendered":"<p>&nbsp;<\/p>\n<h4>Organisme(s) subventionnaire(s)<\/h4>\n<p>Universit\u00e9 d&rsquo;Ottawa : Programme de financement pour le d\u00e9veloppement de la recherche (PFDR) <\/p>\n<h4>Ann\u00e9es<\/h4>\n<p>En cours<\/p>\n<h4>Chercheur(s) CHRS<\/h4>\n<p><a href=\"\/index.php\/a-propos\/equipe\/membres-reguliers\/veronique-strimelle\/\">V\u00e9ronique Strimelle<\/a><\/p>\n<h4>Autre(s) chercheur(s)<\/h4>\n<p>Fran\u00e7oise Vanhamme <\/p>\n<p>&nbsp;<\/p>\n<p>Fran\u00e7oise Vanhamme s&rsquo;int\u00e9resse particuli\u00e8rement au domaine de la p\u00e9nologie, c&rsquo;est-\u00e0-dire \u00e0 la peine, \u00e0 ses usages, \u00e0 ses fonctions, aux discours qui les soutiennent. Son principal domaine de recherche est la d\u00e9termination de la peine comprise dans un sens \u00e9troit (les d\u00e9cisions des tribunaux) et dans un sens plus large et macrosocial : la d\u00e9finition au contexte des actes punissables, les justifications du droit de punir en th\u00e9orie et en pratique, les fonctions de la peine, l&rsquo;histoire des r\u00e9formes de sentencing en Occident&#8230; Toutefois, pour mieux comprendre les logiques sociales qui entourent les peines p\u00e9nales, une part de ses recherches porte actuellement, en collaboration avec V\u00e9ronique Strimelle, sur les modes et les syst\u00e8mes de r\u00e9action et de sanction dans la vie collective et quotidienne, ce qui m\u00e8ne in\u00e9vitablement \u00e0 explorer et \u00e0 syst\u00e9matiser ce qui pose probl\u00e8me aux individus et aux groupes sociaux. C&rsquo;est l&rsquo;hypoth\u00e8se d&rsquo;une socialit\u00e9 vindicatoire qui guide cette recherche.<\/p>\n","protected":false},"excerpt":{"rendered":"<p>&nbsp; Organisme(s) subventionnaire(s) Universit\u00e9 d&rsquo;Ottawa : Programme de financement pour le d\u00e9veloppement de la recherche (PFDR) Ann\u00e9es En cours Chercheur(s) CHRS V\u00e9ronique Strimelle Autre(s) chercheur(s) Fran\u00e7oise Vanhamme &nbsp; Fran\u00e7oise Vanhamme&#8230;<\/p>\n","protected":false},"author":2,"featured_media":0,"parent":50,"menu_order":8,"comment_status":"closed","ping_status":"closed","template":"","meta":{"_monsterinsights_skip_tracking":false,"_monsterinsights_sitenote_active":false,"_monsterinsights_sitenote_note":"","_monsterinsights_sitenote_category":0,"footnotes":""},"class_list":["post-310","page","type-page","status-publish","hentry"],"_links":{"self":[{"href":"https:\/\/chrs.uqam.ca\/index.php\/wp-json\/wp\/v2\/pages\/310","targetHints":{"allow":["GET"]}}],"collection":[{"href":"https:\/\/chrs.uqam.ca\/index.php\/wp-json\/wp\/v2\/pages"}],"about":[{"href":"https:\/\/chrs.uqam.ca\/index.php\/wp-json\/wp\/v2\/types\/page"}],"author":[{"embeddable":true,"href":"https:\/\/chrs.uqam.ca\/index.php\/wp-json\/wp\/v2\/users\/2"}],"replies":[{"embeddable":true,"href":"https:\/\/chrs.uqam.ca\/index.php\/wp-json\/wp\/v2\/comments?post=310"}],"version-history":[{"count":0,"href":"https:\/\/chrs.uqam.ca\/index.php\/wp-json\/wp\/v2\/pages\/310\/revisions"}],"up":[{"embeddable":true,"href":"https:\/\/chrs.uqam.ca\/index.php\/wp-json\/wp\/v2\/pages\/50"}],"wp:attachment":[{"href":"https:\/\/chrs.uqam.ca\/index.php\/wp-json\/wp\/v2\/media?parent=310"}],"curies":[{"name":"wp","href":"https:\/\/api.w.org\/{rel}","templated":true}]}}