{"id":302,"date":"2017-01-27T06:06:51","date_gmt":"2017-01-27T05:06:51","guid":{"rendered":"http:\/\/chrs.cieq.ca\/?page_id=302"},"modified":"2017-02-21T01:37:08","modified_gmt":"2017-02-21T00:37:08","slug":"le-recours-aux-lois-speciales-et-le-droit-de-greve-depuis-1980-au-quebec","status":"publish","type":"page","link":"https:\/\/chrs.uqam.ca\/index.php\/recherche\/realisations\/projets-de-recherche-termines\/le-recours-aux-lois-speciales-et-le-droit-de-greve-depuis-1980-au-quebec\/","title":{"rendered":"Le recours aux lois sp\u00e9ciales et le droit de gr\u00e8ve depuis 1980 au Qu\u00e9bec: une perspective historique"},"content":{"rendered":"<p>&nbsp;<\/p>\n<h4>Organisme(s) subventionnaire(s)<\/h4>\n<p>Programme d&rsquo;aide financi\u00e8re \u00e0 la recherche et \u00e0 la cr\u00e9ation (PAFARC) <\/p>\n<h4>Ann\u00e9es<\/h4>\n<p>2012-2014<\/p>\n<h4>Chercheur(s) CHRS<\/h4>\n<p><a href=\"\/index.php\/a-propos\/equipe\/membres-reguliers\/martin-petitclerc\/\">Martin Petitclerc<\/a><\/p>\n<h4>Assistant-e(s)<\/h4>\n<p><a href=\"\/index.php\/a-propos\/equipe\/assistants-de-recherche\/\">Martin Robert<\/a><\/p>\n<p>&nbsp;<\/p>\n<p>Ce projet de recherche porte sur le recours aux lois sp\u00e9ciales afin de limiter le droit de gr\u00e8ve depuis 1980 au Qu\u00e9bec. Ce sujet a cela de fascinant qu&rsquo;il permet d&rsquo;aborder \u00e0 la fois l&rsquo;histoire politique et l&rsquo;histoire du syndicalisme et des relations de travail au Qu\u00e9bec. \u00c0 la suite de la r\u00e9cente loi 12, premi\u00e8re loi de ce type \u00e0 ne pas concerner que des personnes salari\u00e9es, et dans le contexte d&rsquo;un usage r\u00e9p\u00e9t\u00e9 de lois sp\u00e9ciales dans les derni\u00e8res ann\u00e9es au provincial et au f\u00e9d\u00e9ral, il ne fait aucun doute qu&rsquo;il y a une grande pertinence sociale \u00e0 \u00e9tudier ce ph\u00e9nom\u00e8ne. En partenariat avec le milieu syndical qu\u00e9b\u00e9cois en vertu du Protocole UQAM-CSN-CSQ-FTQ, ce projet devrait donc permettre de dresser un bilan global des strat\u00e9gies politiques et juridiques des employeurs et de l&rsquo;\u00c9tat, de leurs impacts (politiques, \u00e9conomiques, juridiques, etc.) sur les organisations syndicales et les personnes salari\u00e9es. Au final, nous souhaitons que cette recherche puisse nourrir une r\u00e9flexion au sein des mouvements sociaux sur l&rsquo;importance de ces strat\u00e9gies dans le projet de transformation n\u00e9olib\u00e9rale de la soci\u00e9t\u00e9 qu\u00e9b\u00e9coise depuis 1980.<\/p>\n","protected":false},"excerpt":{"rendered":"<p>&nbsp; Organisme(s) subventionnaire(s) Programme d&rsquo;aide financi\u00e8re \u00e0 la recherche et \u00e0 la cr\u00e9ation (PAFARC) Ann\u00e9es 2012-2014 Chercheur(s) CHRS Martin Petitclerc Assistant-e(s) Martin Robert &nbsp; Ce projet de recherche porte sur&#8230;<\/p>\n","protected":false},"author":2,"featured_media":0,"parent":52,"menu_order":0,"comment_status":"closed","ping_status":"closed","template":"","meta":{"_monsterinsights_skip_tracking":false,"_monsterinsights_sitenote_active":false,"_monsterinsights_sitenote_note":"","_monsterinsights_sitenote_category":0,"footnotes":""},"class_list":["post-302","page","type-page","status-publish","hentry"],"_links":{"self":[{"href":"https:\/\/chrs.uqam.ca\/index.php\/wp-json\/wp\/v2\/pages\/302","targetHints":{"allow":["GET"]}}],"collection":[{"href":"https:\/\/chrs.uqam.ca\/index.php\/wp-json\/wp\/v2\/pages"}],"about":[{"href":"https:\/\/chrs.uqam.ca\/index.php\/wp-json\/wp\/v2\/types\/page"}],"author":[{"embeddable":true,"href":"https:\/\/chrs.uqam.ca\/index.php\/wp-json\/wp\/v2\/users\/2"}],"replies":[{"embeddable":true,"href":"https:\/\/chrs.uqam.ca\/index.php\/wp-json\/wp\/v2\/comments?post=302"}],"version-history":[{"count":0,"href":"https:\/\/chrs.uqam.ca\/index.php\/wp-json\/wp\/v2\/pages\/302\/revisions"}],"up":[{"embeddable":true,"href":"https:\/\/chrs.uqam.ca\/index.php\/wp-json\/wp\/v2\/pages\/52"}],"wp:attachment":[{"href":"https:\/\/chrs.uqam.ca\/index.php\/wp-json\/wp\/v2\/media?parent=302"}],"curies":[{"name":"wp","href":"https:\/\/api.w.org\/{rel}","templated":true}]}}