{"id":2976,"date":"2017-10-11T16:19:58","date_gmt":"2017-10-11T20:19:58","guid":{"rendered":"https:\/\/chrs.dev.uqam.ca\/?page_id=2976"},"modified":"2023-09-21T12:11:29","modified_gmt":"2023-09-21T16:11:29","slug":"aline-charles","status":"publish","type":"page","link":"https:\/\/chrs.uqam.ca\/index.php\/a-propos\/equipe\/membres-reguliers\/aline-charles\/","title":{"rendered":"Aline Charles"},"content":{"rendered":"<div class=\"su-row\"><div class=\"su-column su-column-size-1-5\"><div class=\"su-column-inner su-u-clearfix su-u-trim\"><img loading=\"lazy\" decoding=\"async\" class=\"alignleft size-thumbnail\" src=\"https:\/\/chrs.uqam.ca\/wp-content\/uploads\/2017\/10\/alinecharles.jpg\" width=\"125\" height=\"156\" \/><\/div><\/div>\n<div class=\"su-column su-column-size-4-5\"><div class=\"su-column-inner su-u-clearfix su-u-trim\">2017 &#8211; Actuel<\/p>\n<p><strong>Professeure titulaire, Universit\u00e9 Laval<br \/>\nD\u00e9partement des sciences historiques<\/strong><\/div><\/div><\/div>\n<p>Aline Charles est sp\u00e9cialiste d&rsquo;histoire sociale et du genre pour le Qu\u00e9bec et le Canada du XXe si\u00e8cle. Ses recherches portent sur la mani\u00e8re dont le genre et l\u2019\u00e2ge structurent la vie en soci\u00e9t\u00e9, sur les politiques sociales adopt\u00e9es par l&rsquo;\u00c9tat et les citoyennet\u00e9s qui en d\u00e9coulent, sur le syst\u00e8me hospitalier ainsi que sur les diff\u00e9rentes facettes du travail (r\u00e9mun\u00e9r\u00e9, b\u00e9n\u00e9vole, religieux, etc.). Adoptant une approche transnationale, elle examine aussi comment normes, id\u00e9es ou personnes circulent par del\u00e0 les fronti\u00e8res qu\u00e9b\u00e9coises, canadiennes ou nord-am\u00e9ricaines. Par exemple, comment les religieuses qu\u00e9b\u00e9coises \u00e9voluent dans des espaces qui englobent les Am\u00e9riques et l\u2019Europe, l\u2019Asie et l\u2019Afrique. Ou comment le travail des femmes et des hommes &#8211; jeunes, adultes ou \u00e2g\u00e9s &#8211; d\u00e9pend de pratiques tant qu\u00e9b\u00e9coises qu&rsquo;internationales.<\/p>\n<p><strong><a href=\"https:\/\/chrs.uqam.ca\/index.php\/recherche\/realisations\/publications\/?tgid=&amp;yr=&amp;type=&amp;usr=&amp;auth=307#tppubs\" target=\"_blank\" rel=\"noopener\">Liste des publications<\/a><\/strong><\/p>\n<div class=\"su-spoiler su-spoiler-style-default su-spoiler-icon-chevron su-spoiler-closed\" data-scroll-offset=\"0\" data-anchor-in-url=\"no\"><div class=\"su-spoiler-title\" tabindex=\"0\" role=\"button\"><span class=\"su-spoiler-icon\"><\/span>Coordonn\u00e9es<\/div><div class=\"su-spoiler-content su-u-clearfix su-u-trim\">\n<strong>Adresse :<\/strong><br \/>\nUniversit\u00e9 Laval<br \/>\nPavillon Charles-De Koninck<br \/>\nLocal 6225<\/p>\n<p><strong>T\u00e9l\u00e9phone : <\/strong><br \/>\n418 656-2131 poste 402137<\/p>\n<p><strong>T\u00e9l\u00e9copieur : <\/strong><br \/>\n418 656-3603<\/p>\n<p><strong>Courriel : <\/strong><br \/>\nAline.Charles@hst.ulaval.ca<\/div><\/div>\n<div class=\"su-spoiler su-spoiler-style-default su-spoiler-icon-chevron su-spoiler-closed\" data-scroll-offset=\"0\" data-anchor-in-url=\"no\"><div class=\"su-spoiler-title\" tabindex=\"0\" role=\"button\"><span class=\"su-spoiler-icon\"><\/span>Liens<\/div><div class=\"su-spoiler-content su-u-clearfix su-u-trim\">\n<a href=\"http:\/\/www.hst.ulaval.ca\/le-departement\/personnel\/professeurs\/histoire\/charles-aline\/\" target=\"_blank\" rel=\"noopener\">Page personnelle d&rsquo;Aline Charles sur le site du d\u00e9partement de sciences historiques de l&rsquo;Universit\u00e9 Laval<\/a><\/p>\n<\/div><\/div>\n<div class=\"su-spoiler su-spoiler-style-default su-spoiler-icon-chevron su-spoiler-closed\" data-scroll-offset=\"0\" data-anchor-in-url=\"no\"><div class=\"su-spoiler-title\" tabindex=\"0\" role=\"button\"><span class=\"su-spoiler-icon\"><\/span>Projets de recherche<\/div><div class=\"su-spoiler-content su-u-clearfix su-u-trim\">\n<ul>\n<li><a href=\"http:\/\/www.vrrc.ulaval.ca\/fileadmin\/ulaval_ca\/Images\/recherche\/bd\/projet\/fiche\/110981.html\">Centre interuniversitaire d&rsquo;\u00e9tudes qu\u00e9b\u00e9coises<\/a>, Subvention, Institutionnel &#8211; BDR, BDR &#8211; Centres de recherche reconnus, du 2014-05-01 au 2020-04-30<\/li>\n<li><a href=\"http:\/\/www.vrrc.ulaval.ca\/fileadmin\/ulaval_ca\/Images\/recherche\/bd\/projet\/fiche\/116271.html\">Centre interuniversitaire d&rsquo;\u00e9tudes qu\u00e9b\u00e9coises (CIEQ)<\/a>, Subvention, Fonds de recherche du Qu\u00e9bec &#8211; Soci\u00e9t\u00e9 et culture, Regroupements strat\u00e9giques SC, du 2017-04-01 au 2023-03-31<\/li>\n<li><a href=\"https:\/\/chrs.uqam.ca\/index.php\/regulations-sociales-et-familiales-dans-lhistoire-des-problemes-sociaux-au-quebec\/\">R\u00e9gulations sociales et familiales dans l&rsquo;histoire des probl\u00e8mes sociaux au Qu\u00e9bec<\/a><\/li>\n<li><a href=\"https:\/\/chrs.uqam.ca\/index.php\/entre-hospices-et-manoirs-de-lage-dor-le-bien-veillir-au-quebec-1921-1971\/\">Entre hospices et manoirs de l&rsquo;\u00e2ge d&rsquo;or : le bien vieillir au Qu\u00e9bec, 1921, 1971<\/a><\/div><\/div><\/li>\n<\/ul>\n<div class=\"su-spoiler su-spoiler-style-default su-spoiler-icon-chevron\" data-scroll-offset=\"0\" data-anchor-in-url=\"no\"><div class=\"su-spoiler-title\" tabindex=\"0\" role=\"button\"><span class=\"su-spoiler-icon\"><\/span>Nouvelles<\/div><div class=\"su-spoiler-content su-u-clearfix su-u-trim\">\n<a href=\"https:\/\/chrs.uqam.ca\/index.php\/2026\/02\/23\/lancement-du-livre-prendre-soin-de-la-folie-les-infirmieres-et-infirmiers-psychiatriques-dans-le-monde-francophone\/\">Lancement du livre \u00ab\u00a0Prendre soin de la folie &#8211; Les infirmi\u00e8res et infirmiers psychiatriques dans le monde francophone\u00a0\u00bb\u00a0\u00a0<\/a><br><a href=\"https:\/\/chrs.uqam.ca\/index.php\/2025\/11\/03\/retour-sur-le-congres-de-lihaf-un-prix-pour-janice-harvey-et-un-panel-fascinant-pour-lequipe-du-chrs\/\">Retour sur le Congr\u00e8s de l&rsquo;IHAF : Un prix pour Janice Harvey et un panel fascinant pour l&rsquo;\u00e9quipe du CHRS<\/a><br><a href=\"https:\/\/chrs.uqam.ca\/index.php\/2025\/10\/02\/plusieurs-membres-du-chrs-au-congres-annuel-de-lihaf\/\">Plusieurs membres du CHRS au congr\u00e8s annuel de l&rsquo;IHAF<\/a><br><a href=\"https:\/\/chrs.uqam.ca\/index.php\/2024\/10\/09\/aline-charles-nommee-codirectrice-du-cieq-laval\/\">Aline Charles nomm\u00e9e codirectrice du CIEQ-Laval<\/a><br><a href=\"https:\/\/chrs.uqam.ca\/index.php\/2024\/02\/21\/emilie-malenfant-publie-dans-recherches-feministes\/\">\u00c9milie Malenfant publie dans <em>Recherches f\u00e9ministes<\/em><\/a><br><a href=\"https:\/\/chrs.uqam.ca\/index.php\/2023\/05\/10\/parution-du-livre-profession-historienne-dirige-par-louise-bienvenue\/\">Parution du livre <em>Profession historienne?<\/em> dirig\u00e9 par Louise Bienvenue<\/a><br><a href=\"https:\/\/chrs.uqam.ca\/index.php\/2023\/01\/24\/lancement-du-webdocumentaire-les-infirmieres-de-la-folie\/\">Lancement du webdocumentaire <em>Les infirmi\u00e8res de la folie<\/em><\/a><br><a href=\"https:\/\/chrs.uqam.ca\/index.php\/2022\/12\/01\/participation-daline-charles-au-balado-facteurs-humains\/\">Participation d&rsquo;Aline Charles au balado <em>Facteurs humains<\/em><\/a><br><a href=\"https:\/\/chrs.uqam.ca\/index.php\/2022\/10\/17\/entretien-dans-etudes-dhistoire-religieuse-entre-catherine-larochelle-aline-charles-et-marie-claude-thifault\/\">Entretien dans <em>\u00c9tudes d&rsquo;histoire religieuse<\/em> entre Catherine Larochelle, Aline Charles et Marie-Claude Thifault<\/a><br><a href=\"https:\/\/chrs.uqam.ca\/index.php\/2022\/08\/22\/participation-de-nos-membres-au-congres-de-lihaf\/\">Participation de nos membres au congr\u00e8s de l&rsquo;IHAF<\/a><br><a href=\"https:\/\/chrs.uqam.ca\/index.php\/2022\/04\/05\/aline-charles-obtient-une-bourse-dialogue-du-frq-pour-son-projet-de-webdocumentaire-sur-lhistoire-du-vieillir\/\">Aline Charles obtient une bourse Dialogue du FRQ pour son projet de webdocumentaire sur l&rsquo;histoire du vieillir<\/a><br><a href=\"https:\/\/chrs.uqam.ca\/index.php\/2021\/11\/08\/appel-a-communications-du-74e-congres-de-lihaf\/\">Appel \u00e0 communications du 74e congr\u00e8s de l&rsquo;IHAF<\/a><br><a href=\"https:\/\/chrs.uqam.ca\/index.php\/2021\/10\/01\/sophie-richelle-en-dialogue-avec-aline-charles-autour-de-louvrage-hospices-une-histoire-sensible-de-la-vieillesse\/\">Sophie Richelle en dialogue avec Aline Charles autour de l&rsquo;ouvrage <em>Hospices. Une histoire sensible de la vieillesse<\/em><\/a><br><a href=\"https:\/\/chrs.uqam.ca\/index.php\/2021\/09\/13\/invitation-et-inscription-au-colloque-profession-historienne\/\">Invitation et inscription au colloque Profession historienne ?<\/a><br><a href=\"https:\/\/chrs.uqam.ca\/index.php\/2021\/02\/22\/participation-de-nos-membres-au-colloque-des-etudiants-du-departement-des-sciences-historiques-a-lulaval\/\">Participation de nos membres au colloque \u00e9tudiant du D\u00e9partement des sciences historiques \u00e0 l&rsquo;ULaval<\/a><br><a href=\"https:\/\/chrs.uqam.ca\/index.php\/2020\/10\/02\/seminaire-en-ligne-historians-in-the-public-sphere\/\">S\u00e9minaire en ligne <em>Historians in the Public Sphere\ufeff<\/em><\/a><br><a href=\"https:\/\/chrs.uqam.ca\/index.php\/2020\/06\/02\/grand-entretien-avec-aline-charles-sur-lhistoire-de-la-vieillesse-au-quebec\/\">Grand entretien avec Aline Charles sur l\u2019histoire de la vieillesse au Qu\u00e9bec<\/a><br><a href=\"https:\/\/chrs.uqam.ca\/index.php\/2020\/06\/01\/dossier-special-vieillesse-sante-et-travail-des-femmes\/\">Dossier sp\u00e9cial : Vieillesse, sant\u00e9, et travail des femmes<\/a><br><a href=\"https:\/\/chrs.uqam.ca\/index.php\/2020\/05\/26\/aline-charles-au-micro-dici-premiere-pour-aborder-lhistoire-des-institutions-pour-personnes-agees\/\">Aline Charles au micro d&rsquo;ICI PREMIERE \u00e0 propos de l&rsquo;histoire des \u00e9tablissements pour personnes \u00e2g\u00e9es<\/a><br><a href=\"https:\/\/chrs.uqam.ca\/index.php\/2020\/05\/11\/aline-charles-et-francois-guerard-interviewes-pour-larticle-du-devoir-les-personnes-agees-sous-de-mauvais-auspices\/\">Aline Charles et Fran\u00e7ois Gu\u00e9rard interview\u00e9s pour l&rsquo;article du Devoir \u00abLes personnes \u00e2g\u00e9es sous de mauvais auspices\u00bb<\/a><br><a href=\"https:\/\/chrs.uqam.ca\/index.php\/2020\/01\/27\/invitation-a-la-conference-daline-charles-habiter-a-lhospice-au-xxe-siecle-entre-choix-et-dernier-recours\/\">Invitation \u00e0 la conf\u00e9rence d\u2019Aline Charles, <em>Habiter \u00e0 l\u2019hospice au XXe si\u00e8cle: entre choix et dernier recours<\/em><\/a><br><a href=\"https:\/\/chrs.uqam.ca\/index.php\/2019\/10\/15\/72e-congres-de-linstitut-dhistoire-de-lamerique-francaise-inscription-et-programmation\/\">72e Congr\u00e8s de l\u2019Institut d&rsquo;histoire de l&rsquo;Am\u00e9rique fran\u00e7aise: programmation<\/a><br><a href=\"https:\/\/chrs.uqam.ca\/index.php\/2019\/05\/09\/archives-et-histoire-transnationale\/\">Archives et histoire transnationale<\/a><br><a href=\"https:\/\/chrs.uqam.ca\/index.php\/2019\/04\/12\/louise-bienvenue-aline-charles-et-catherine-larochelle-participent-au-colloque-hommage-a-denyse-baillargeon\/\">Louise Bienvenue, Aline Charles et Catherine Larochelle participent au colloque hommage \u00e0 l&rsquo;historienne Denyse Baillargeon<\/a><br><a href=\"https:\/\/chrs.uqam.ca\/index.php\/2019\/02\/14\/seminaire-du-chrs-entre-hospices-et-manoirs-de-lage-dor-le-bien-vieillir-au-quebec-1921-1971\/\">S\u00e9minaire du CHRS: Entre hospices et manoirs de l&rsquo;\u00e2ge d&rsquo;or : le bien vieillir au Qu\u00e9bec, 1921-1971<\/a><br><a href=\"https:\/\/chrs.uqam.ca\/index.php\/2017\/10\/11\/trois-nouveaux-chercheurs-rejoignent-lequipe-du-chrs\/\">Trois nouveaux chercheurs rejoignent l&rsquo;\u00e9quipe du CHRS<\/a><br>\n<\/div><\/div>\n","protected":false},"excerpt":{"rendered":"<p>Aline Charles est sp\u00e9cialiste d&rsquo;histoire sociale et du genre pour le Qu\u00e9bec et le Canada du XXe si\u00e8cle. Ses recherches portent sur la mani\u00e8re dont le genre et l\u2019\u00e2ge structurent&#8230;<\/p>\n","protected":false},"author":2,"featured_media":0,"parent":65,"menu_order":0,"comment_status":"closed","ping_status":"closed","template":"","meta":{"_monsterinsights_skip_tracking":false,"_monsterinsights_sitenote_active":false,"_monsterinsights_sitenote_note":"","_monsterinsights_sitenote_category":0,"footnotes":""},"class_list":["post-2976","page","type-page","status-publish","hentry"],"_links":{"self":[{"href":"https:\/\/chrs.uqam.ca\/index.php\/wp-json\/wp\/v2\/pages\/2976","targetHints":{"allow":["GET"]}}],"collection":[{"href":"https:\/\/chrs.uqam.ca\/index.php\/wp-json\/wp\/v2\/pages"}],"about":[{"href":"https:\/\/chrs.uqam.ca\/index.php\/wp-json\/wp\/v2\/types\/page"}],"author":[{"embeddable":true,"href":"https:\/\/chrs.uqam.ca\/index.php\/wp-json\/wp\/v2\/users\/2"}],"replies":[{"embeddable":true,"href":"https:\/\/chrs.uqam.ca\/index.php\/wp-json\/wp\/v2\/comments?post=2976"}],"version-history":[{"count":2,"href":"https:\/\/chrs.uqam.ca\/index.php\/wp-json\/wp\/v2\/pages\/2976\/revisions"}],"predecessor-version":[{"id":11425,"href":"https:\/\/chrs.uqam.ca\/index.php\/wp-json\/wp\/v2\/pages\/2976\/revisions\/11425"}],"up":[{"embeddable":true,"href":"https:\/\/chrs.uqam.ca\/index.php\/wp-json\/wp\/v2\/pages\/65"}],"wp:attachment":[{"href":"https:\/\/chrs.uqam.ca\/index.php\/wp-json\/wp\/v2\/media?parent=2976"}],"curies":[{"name":"wp","href":"https:\/\/api.w.org\/{rel}","templated":true}]}}