{"id":2872,"date":"2017-09-01T12:17:31","date_gmt":"2017-09-01T16:17:31","guid":{"rendered":"https:\/\/chrs.dev.uqam.ca\/?page_id=2872"},"modified":"2024-10-02T14:21:47","modified_gmt":"2024-10-02T18:21:47","slug":"benoit-marsan","status":"publish","type":"page","link":"https:\/\/chrs.uqam.ca\/index.php\/a-propos\/equipe\/chercheurs-affilies\/benoit-marsan\/","title":{"rendered":"Benoit Marsan"},"content":{"rendered":"<p>Benoit Marsan a obtenu son dipl\u00f4me de doctorat en histoire en d\u00e9cembre 2021. Il a \u00e9galement compl\u00e9t\u00e9 un stage postdoctoral au d\u00e9partement de sociologie de l\u2019Universit\u00e9 McGill en f\u00e9vrier 2023. Il est pr\u00e9sentement charg\u00e9 de cours au d\u00e9partement de relations industrielles de l\u2019Universit\u00e9 du Qu\u00e9bec en Outaouais et au d\u00e9partement d\u2019histoire de l\u2019Universit\u00e9 de Sherbrooke.<\/p>\n<p>Ses int\u00e9r\u00eats de recherche sont l\u2019histoire ouvri\u00e8re et du travail au Qu\u00e9bec, au Canada et aux \u00c9tats- Unis. Plus pr\u00e9cis\u00e9ment, il s\u2019int\u00e9resse \u00e0 l\u2019histoire des mouvements sociaux, ainsi qu\u2019aux politiques sociales et du travail dans une perspective d\u2019histoire vue d\u2019en bas. Sa recherche doctorale a pour sujet les protestations de sans-travail au Qu\u00e9bec au cours de l\u2019entre-deux-guerres. Ses travaux postdoctoraux \u00e9tudient le ph\u00e9nom\u00e8ne des gr\u00e8ves ill\u00e9gales (gr\u00e8ves sauvages en fran\u00e7ais et <em>wildcat strikes <\/em>en anglais) au Qu\u00e9bec, au Canada et aux \u00c9tats-Unis dans la deuxi\u00e8me moiti\u00e9 des ann\u00e9es 1960.<\/p>\n<p><a href=\"https:\/\/chrs.uqam.ca\/wp-content\/uploads\/2023\/10\/CV_BenoitMarsan_pas.pdf\">CV_BenoitMarsan<\/a><\/p>\n<div class=\"su-spoiler su-spoiler-style-default su-spoiler-icon-chevron su-spoiler-closed\" data-scroll-offset=\"0\" data-anchor-in-url=\"no\"><div class=\"su-spoiler-title\" tabindex=\"0\" role=\"button\"><span class=\"su-spoiler-icon\"><\/span>Coordonn\u00e9es<\/div><div class=\"su-spoiler-content su-u-clearfix su-u-trim\">\n<p><strong>Courriel : <\/strong><br \/>\nmarsan.benoit@courrier.uqam.ca<\/div><\/div>\n<div class=\"su-spoiler su-spoiler-style-default su-spoiler-icon-chevron su-spoiler-closed\" data-scroll-offset=\"0\" data-anchor-in-url=\"no\"><div class=\"su-spoiler-title\" tabindex=\"0\" role=\"button\"><span class=\"su-spoiler-icon\"><\/span>Liens<\/div><div class=\"su-spoiler-content su-u-clearfix su-u-trim\">\n<a href=\"http:\/\/uqam.academia.edu\/BenoitMarsan\" target=\"_blank\" rel=\"noopener\">Profil Academia de Benoit Marsan<\/a><\/p>\n<p><a href=\"http:\/\/histoireengagee.ca\/?cat=490\" target=\"_blank\" rel=\"noopener\">Contributions de Benoit Marsan \u00e0 HistoireEngag\u00e9e<\/a><br \/>\n<\/div><\/div>\n<div class=\"su-spoiler su-spoiler-style-default su-spoiler-icon-chevron su-spoiler-closed\" data-scroll-offset=\"0\" data-anchor-in-url=\"no\"><div class=\"su-spoiler-title\" tabindex=\"0\" role=\"button\"><span class=\"su-spoiler-icon\"><\/span>Th\u00e8se de doctorat<\/div><div class=\"su-spoiler-content su-u-clearfix su-u-trim\">\nTitre de la th\u00e8se (en cours) : <a href=\"http:\/\/archipel.uqam.ca\/id\/eprint\/14879\"><em>Les sans-emploi et l\u2019entre-deux-guerres au Qu\u00e9bec\u00a0: une histoire vue d\u2019en bas des protestations contre le ch\u00f4mage et la pauvret\u00e9 (1919-1939)<\/em><\/a>, UQAM<br \/>\nDirection : <a href=\"https:\/\/chrs.uqam.ca\/index.php\/a-propos\/equipe\/membres-reguliers\/martin-petitclerc\/\" target=\"_blank\" rel=\"noopener\">Martin Petitclerc<\/a><br \/>\nCo-direction : Sean Mills<br \/>\n<\/div><\/div>\n<div class=\"su-spoiler su-spoiler-style-default su-spoiler-icon-chevron su-spoiler-closed\" data-scroll-offset=\"0\" data-anchor-in-url=\"no\"><div class=\"su-spoiler-title\" tabindex=\"0\" role=\"button\"><span class=\"su-spoiler-icon\"><\/span>M\u00e9moire de ma\u00eetrise<\/div><div class=\"su-spoiler-content su-u-clearfix su-u-trim\">\nTitre du m\u00e9moire : <a href=\"http:\/\/hdl.handle.net\/11143\/6525\"><em>\u00ab Battez-vous, ne vous laissez pas affamer! \u00bb : la lutte des sans-emploi et le Parti communiste du Canada durant la Grande D\u00e9pression \u00e0 Montr\u00e9al (1930-1935)<\/em><\/a>, Universit\u00e9 de Sherbrooke<br \/>\nDirection : Harold B\u00e9rub\u00e9<br \/>\n<\/div><\/div>\n<div class=\"su-spoiler su-spoiler-style-default su-spoiler-icon-chevron\" data-scroll-offset=\"0\" data-anchor-in-url=\"no\"><div class=\"su-spoiler-title\" tabindex=\"0\" role=\"button\"><span class=\"su-spoiler-icon\"><\/span>Nouvelles<\/div><div class=\"su-spoiler-content su-u-clearfix su-u-trim\">\n<a href=\"https:\/\/chrs.uqam.ca\/index.php\/2026\/04\/22\/lancement-du-livre-de-benoit-marsan-lheure-des-petitions-est-passee-les-luttes-des-sans-travail-au-quebec-1919-1939\/\">Lancement du livre de Benoit Marsan, \u00ab\u00a0L&rsquo;heure des p\u00e9titions est pass\u00e9e. Les luttes des sans-travail au Qu\u00e9bec, 1919-1939\u00a0\u00bb<\/a><br><a href=\"https:\/\/chrs.uqam.ca\/index.php\/2026\/03\/26\/parution-dun-article-de-benoit-marsan-dans-le-plus-recent-numero-du-bulletin-dhistoire-politique\/\">Parution d&rsquo;un article de Benoit Marsan dans le plus r\u00e9cent num\u00e9ro du Bulletin d&rsquo;histoire politique<\/a><br><a href=\"https:\/\/chrs.uqam.ca\/index.php\/2025\/10\/21\/colloque-quelle-est-la-valeur-du-travail-passe-present-et-futur-de-la-classe-ouvriere-et-des-etudes-sur-le-travail-13-au-15-novembre-2025\/\">Colloque\u00a0\u00ab\u00a0Quelle est la valeur du travail? Pass\u00e9, pr\u00e9sent et futur de la classe ouvri\u00e8re et des \u00e9tudes sur le travail\u00a0\u00bb, 13 au 15 novembre 2025<\/a><br><a href=\"https:\/\/chrs.uqam.ca\/index.php\/2025\/06\/18\/benoit-marsan-recoit-le-prix-en-histoire-politique-pour-le-meilleur-article\/\">Benoit Marsan re\u00e7oit le Prix en histoire politique pour le Meilleur article<\/a><br><a href=\"https:\/\/chrs.uqam.ca\/index.php\/2025\/02\/13\/article-de-benoit-marsan-dans-le-dernier-numero-de-la-rhaf\/\">Article de Benoit Marsan dans le dernier num\u00e9ro de la RHAF<\/a><br><a href=\"https:\/\/chrs.uqam.ca\/index.php\/2025\/01\/15\/appel-a-communications-pour-un-colloque-sur-le-travail-et-la-classe-ouvriere\/\">Appel \u00e0 communications pour un colloque sur le travail et la classe ouvri\u00e8re<\/a><br><a href=\"https:\/\/chrs.uqam.ca\/index.php\/2024\/10\/10\/participation-de-benoit-marsan-a-une-journee-de-reflexion-sur-les-inegalites-sociales\/\">Participation de Benoit Marsan \u00e0 une journ\u00e9e de r\u00e9flexion sur les in\u00e9galit\u00e9s sociales<\/a><br><a href=\"https:\/\/chrs.uqam.ca\/index.php\/2024\/04\/30\/benoit-marsan-donnera-une-conference-sur-lhistoire-de-la-journee-internationale-des-travailleuses-et-des-travailleurs\/\">Benoit Marsan donnera une conf\u00e9rence sur l&rsquo;histoire de la journ\u00e9e internationale des travailleuses et des travailleurs<\/a><br><a href=\"https:\/\/chrs.uqam.ca\/index.php\/2024\/03\/28\/martin-petitclerc-et-benoit-marsan-dans-le-dernier-numero-du-bhp\/\">Martin Petitclerc et Benoit Marsan dans le dernier num\u00e9ro du <em>BHP<\/em><\/a><br><a href=\"https:\/\/chrs.uqam.ca\/index.php\/2024\/01\/31\/lancement-du-nouveau-numero-du-bulletin-dhistoire-politique\/\">Lancement du nouveau num\u00e9ro du <em>Bulletin d&rsquo;histoire politique<\/em><\/a><br><a href=\"https:\/\/chrs.uqam.ca\/index.php\/2024\/01\/18\/invitation-aux-journees-detudes-nouvelles-perspectives-de-recherche-et-de-diffusion-en-histoire-du-travail-des-mouvements-sociaux-et-du-capitalisme\/\">Invitation aux journ\u00e9es d&rsquo;\u00e9tudes <i>Nouvelles perspectives de recherche et de diffusion en histoire du travail, des mouvements sociaux et du capitalisme<\/i><\/a><br><a href=\"https:\/\/chrs.uqam.ca\/index.php\/2023\/09\/25\/appel-a-communication-journees-detude-nouvelles-perspectives-de-recherche-et-de-diffusion-en-histoire-du-travail-des-mouvements-sociaux-et-du-capitalisme\/\">Appel \u00e0 contribution\u00a0: <i>Journ\u00e9es d\u2019\u00e9tudes Nouvelles perspectives de recherche et de diffusion en histoire du travail, des mouvements sociaux et du capitalisme<\/i><\/a><br><a href=\"https:\/\/chrs.uqam.ca\/index.php\/2023\/06\/09\/benoit-marsan-recompense-pour-sa-these-de-doctorat\/\">Benoit Marsan r\u00e9compens\u00e9 pour sa th\u00e8se de doctorat<\/a><br><a href=\"https:\/\/chrs.uqam.ca\/index.php\/2023\/05\/25\/participation-de-benoit-marsan-a-une-discussion-sur-le-chomage\/\">Participation de Benoit Marsan \u00e0 une discussion sur le ch\u00f4mage<\/a><br><a href=\"https:\/\/chrs.uqam.ca\/index.php\/2022\/12\/20\/benoit-marsan-publie-une-rencension-de-trouve-toi-une-job-dans-histoire-engagee\/\">Benoit Marsan publie une rencension de <em>Trouve-toi une job!<\/em> dans Histoire Engag\u00e9e<\/a><br><a href=\"https:\/\/chrs.uqam.ca\/index.php\/2022\/11\/22\/benoit-marsan-participe-a-lemission-de-la-societe-historique-de-montreal-au-sujet-de-laffaire-soulgikoff\/\">Benoit Marsan participe \u00e0 l&rsquo;\u00e9mission de la Soci\u00e9t\u00e9 historique de Montr\u00e9al au sujet de l&rsquo;affaire Soulgikoff<\/a><br><a href=\"https:\/\/chrs.uqam.ca\/index.php\/2022\/10\/27\/participation-de-benoit-marsan-et-camille-robert-a-la-conference-challenging-labour-le-defi-du-travail\/\">Participation de Benoit Marsan et Camille Robert \u00e0 la conf\u00e9rence Challenging Labour\/Le d\u00e9fi du travail<\/a><br><a href=\"https:\/\/chrs.uqam.ca\/index.php\/2022\/09\/22\/benoit-marsan-signe-un-chapitre-dans-louvrage-collectif-for-a-better-world\/\">Benoit Marsan signe un chapitre dans l&rsquo;ouvrage collectif <em>For a Better World<\/em><\/a><br><a href=\"https:\/\/chrs.uqam.ca\/index.php\/2021\/09\/22\/nos-membres-au-73e-congres-de-lihaf\/\">Nos membres au 73e congr\u00e8s de l&rsquo;IHAF<\/a><br><a href=\"https:\/\/chrs.uqam.ca\/index.php\/2021\/09\/16\/avis-de-soutenance-de-m-benoit-marsan\/\">Avis de soutenance de M. Benoit Marsan<\/a><br><a href=\"https:\/\/chrs.uqam.ca\/index.php\/2021\/03\/05\/webinaire-chrs-angers-question-sociale-et-citoyennete\/\">Webinaire CHRS \u2013 Angers : Question sociale et citoyennet\u00e9\ufeff<\/a><br><a href=\"https:\/\/chrs.uqam.ca\/index.php\/2020\/09\/24\/parution-de-louvrage-question-sociale-et-citoyenneteaux-presses-de-luniversite-du-quebec\/\">Parution de l&rsquo;ouvrage  <em>Question sociale et citoyennet\u00e9<\/em> aux Presses de l&rsquo;Universit\u00e9 du Qu\u00e9bec<\/a><br><a href=\"https:\/\/chrs.uqam.ca\/index.php\/2020\/05\/22\/felicitations-aux-etudiants-bourses-de-recherche-2020-2021\/\">F\u00e9licitations aux \u00e9tudiant\u00b7es laur\u00e9at\u00b7es de bourses de recherche 2020-2021<\/a><br><a href=\"https:\/\/chrs.uqam.ca\/index.php\/2020\/04\/07\/la-stigmatisation-des-sans-emploi-un-theme-a-la-mode-un-texte-signe-benoit-marsan-dans-le-devoir\/\">Benoit Marsan signe le texte \u00abLa stigmatisation des sans-emploi, un th\u00e8me \u00e0 la mode\u00bb dans <em>Le Devoir <\/em><\/a><br><a href=\"https:\/\/chrs.uqam.ca\/index.php\/2019\/06\/05\/benoit-marsan-traduit-une-affiche-du-projet-remember-resist-redraw-a-radical-history-poster-project\/\">Benoit Marsan traduit une affiche du projet <em> Remember | Resist | Redraw: A Radical History Poster <\/em><\/a><br><a href=\"https:\/\/chrs.uqam.ca\/index.php\/2019\/05\/06\/conference-de-benoit-marsan-au-manitoba-pour-le-centenaire-de-la-greve-generale-de-winnipeg\/\">Conf\u00e9rence de Benoit Marsan au Manitoba pour le centenaire de la gr\u00e8ve g\u00e9n\u00e9rale de Winnipeg<\/a><br><a href=\"https:\/\/chrs.uqam.ca\/index.php\/2019\/04\/05\/contribution-de-benoit-marsan-au-journal-nos-droits-nos-luttes\/\">Contribution de Benoit Marsan au journal <em>Nos droits, nos luttes<\/em><\/a><br><a href=\"https:\/\/chrs.uqam.ca\/index.php\/2018\/11\/22\/entretien-avec-caroline-robert\/\">Entretien avec Caroline Robert<\/a><br><a href=\"https:\/\/chrs.uqam.ca\/index.php\/2018\/05\/17\/benoit-marsan-publie-un-compte-rendu-de-lexposition-viva-lea-indignee-battante-humaniste-lea-roback\/\">Benoit Marsan publie un compte-rendu de l&rsquo;exposition <i>VIVA L\u00c9A! Indign\u00e9e, battante, humaniste : L\u00e9a Roback<\/i><\/a><br><a href=\"https:\/\/chrs.uqam.ca\/index.php\/2018\/05\/15\/participation-de-benoit-marsan-a-la-conference-hommage-aux-batisseurs-du-marche-jean-talon\/\">Participation de Benoit Marsan \u00e0 la conf\u00e9rence <i>Hommage aux b\u00e2tisseurs du March\u00e9 Jean-Talon<\/i><\/a><br><a href=\"https:\/\/chrs.uqam.ca\/index.php\/2018\/04\/25\/invitation-au-colloque-du-chrs-vers-une-histoire-politique-du-capitalisme-dans-le-cadre-de-la-conference-internationale-la-grande-transition\/\">Invitation au colloque du CHRS <i>Vers une histoire politique du capitalisme?<\/i>, dans le cadre de la conf\u00e9rence internationale <i>La Grande transition<\/i><\/a><br><a href=\"https:\/\/chrs.uqam.ca\/index.php\/2018\/04\/16\/entretien-avec-jacques-rouillard-sur-lhistoire-du-regroupement-des-chercheurs-chercheures-en-histoire-des-travailleurs-et-travailleuses-du-quebec-rchtq-et-de-son-bulletin\/\">Entretien avec Jacques Rouillard sur l&rsquo;histoire du RCHTQ et de son bulletin<\/a><br><a href=\"https:\/\/chrs.uqam.ca\/index.php\/2017\/12\/23\/benoit-marsan-publie-une-lettre-ouverte-dans-le-devoir\/\">Benoit Marsan publie une lettre ouverte dans <i>Le Devoir<\/i><\/a><br><a href=\"https:\/\/chrs.uqam.ca\/index.php\/2017\/12\/21\/appel-a-communications-vers-une-histoire-politique-du-capitalisme\/\">Appel \u00e0 communications : Vers une histoire politique du capitalisme?<\/a><br><a href=\"https:\/\/chrs.uqam.ca\/index.php\/2017\/07\/04\/entretien-avec-tunde-decker\/\">Entretien avec Tunde Decker<\/a><br><a href=\"https:\/\/chrs.uqam.ca\/index.php\/2017\/07\/03\/benoit-marsan-et-camille-robert-presentent-leurs-recherches-a-seattle\/\">Benoit Marsan et Camille Robert pr\u00e9sentent leurs recherches \u00e0 Seattle<\/a><br><a href=\"https:\/\/chrs.uqam.ca\/index.php\/2017\/06\/19\/entretien-avec-pierre-fournier\/\">Entretien avec Pierre Fournier<\/a><br><a href=\"https:\/\/chrs.uqam.ca\/index.php\/2017\/06\/12\/30ieme-du-comite-de-chomage-de-lest-de-montreal\/\">30i\u00e8me du Comit\u00e9 de ch\u00f4mage de l\u2019Est de Montr\u00e9al<\/a><br><a href=\"https:\/\/chrs.uqam.ca\/index.php\/2016\/08\/16\/martin-petitclerc\/\">Entretien avec Martin Petitclerc<\/a><br><a href=\"https:\/\/chrs.uqam.ca\/index.php\/2016\/08\/08\/marie-claude-thifault\/\">Entretien avec Marie-Claude Thifault<\/a><br><a href=\"https:\/\/chrs.uqam.ca\/index.php\/2016\/07\/28\/francois-deschamps\/\">Entretien avec Fran\u00e7ois Deschamps<\/a><br><a href=\"https:\/\/chrs.uqam.ca\/index.php\/2016\/07\/21\/cory-verbauwhede\/\">Entretien avec Cory Verbauwhede<\/a><br><a href=\"https:\/\/chrs.uqam.ca\/index.php\/2016\/07\/21\/sebastien-rioux\/\">Entretien avec S\u00e9bastien Rioux<\/a><br><a href=\"https:\/\/chrs.uqam.ca\/index.php\/2016\/06\/30\/benoit-marsan\/\">Entretien avec Benoit Marsan<\/a><br><a href=\"https:\/\/chrs.uqam.ca\/index.php\/2016\/06\/20\/jean-philippe-bernard\/\">Entretien avec Jean-Philippe Bernard<\/a><br><a href=\"https:\/\/chrs.uqam.ca\/index.php\/2016\/04\/19\/lhistoire-ouvriere-americaine-vue-den-bas-par-benoit-marsan\/\">\u00ab L\u2019histoire ouvri\u00e8re am\u00e9ricaine vue d\u2019en bas\u00bb par Benoit Marsan<\/a><br><a href=\"https:\/\/chrs.uqam.ca\/index.php\/2016\/04\/06\/conference-de-cory-verbauwhede-et-benoit-marsan-inegalites-depossession-lutte-de-classe-quelles-questions-danalyse-pour-une-histoire-critique\/\">Conf\u00e9rence de Cory Verbauwhede et Benoit Marsan : \u00ab In\u00e9galit\u00e9s, d\u00e9possession, lutte de classe : quelle(s) question(s) d\u2019analyse pour une histoire critique? \u00bb<\/a><br><a href=\"https:\/\/chrs.uqam.ca\/index.php\/2015\/10\/11\/linternationale-sera-le-genre-humain-table-ronde-autour-de-louvrage-dirige-par-pierre-beaudet-et-thierry-drapeau\/\">\u00abL&rsquo;Internationale sera le genre humain\u00bb  Table-ronde autour de l&rsquo;ouvrage dirig\u00e9 par Pierre Beaudet et Thierry Drapeau<\/a><br><a href=\"https:\/\/chrs.uqam.ca\/index.php\/2015\/04\/08\/benoit-marsan-presentera-une-conference-sur-lhistoire-de-la-mobilisation-des-sans-emploi\/\">Benoit Marsan pr\u00e9sentera une conf\u00e9rence sur l&rsquo;histoire de la mobilisation des sans-emploi<\/a><br><a href=\"https:\/\/chrs.uqam.ca\/index.php\/2015\/03\/10\/benoit-marsan-signe-un-article-dans-le-devoir\/\">Benoit Marsan signe un article dans Le Devoir<\/a><br><a href=\"https:\/\/chrs.uqam.ca\/index.php\/2014\/12\/04\/lequipe-du-chrs-decerne-deux-bourses-detude\/\">L&rsquo;\u00e9quipe du CHRS d\u00e9cerne deux bourses d&rsquo;\u00e9tude<\/a><br><a href=\"https:\/\/chrs.uqam.ca\/index.php\/2014\/09\/18\/benoit-marsan-publie-aux-editions-m\/\">Benoit Marsan publie aux \u00c9ditions M<\/a><br><a href=\"https:\/\/chrs.uqam.ca\/index.php\/2014\/01\/18\/retour-sur-la-conference-chomage-et-luttes-des-sans-emploi-dune-crise-a-lautre\/\">Retour sur la conf\u00e9rence \u00abCh\u00f4mage et luttes des sans-emploi: d&rsquo;une crise \u00e0 l&rsquo;autre\u00bb<\/a><br>\n<\/div><\/div>\n","protected":false},"excerpt":{"rendered":"<p>Benoit Marsan a obtenu son dipl\u00f4me de doctorat en histoire en d\u00e9cembre 2021. Il a \u00e9galement compl\u00e9t\u00e9 un stage postdoctoral au d\u00e9partement de sociologie de l\u2019Universit\u00e9 McGill en f\u00e9vrier 2023&#8230;.<\/p>\n","protected":false},"author":2,"featured_media":0,"parent":67,"menu_order":0,"comment_status":"closed","ping_status":"closed","template":"","meta":{"_monsterinsights_skip_tracking":false,"_monsterinsights_sitenote_active":false,"_monsterinsights_sitenote_note":"","_monsterinsights_sitenote_category":0,"footnotes":""},"class_list":["post-2872","page","type-page","status-publish","hentry"],"_links":{"self":[{"href":"https:\/\/chrs.uqam.ca\/index.php\/wp-json\/wp\/v2\/pages\/2872","targetHints":{"allow":["GET"]}}],"collection":[{"href":"https:\/\/chrs.uqam.ca\/index.php\/wp-json\/wp\/v2\/pages"}],"about":[{"href":"https:\/\/chrs.uqam.ca\/index.php\/wp-json\/wp\/v2\/types\/page"}],"author":[{"embeddable":true,"href":"https:\/\/chrs.uqam.ca\/index.php\/wp-json\/wp\/v2\/users\/2"}],"replies":[{"embeddable":true,"href":"https:\/\/chrs.uqam.ca\/index.php\/wp-json\/wp\/v2\/comments?post=2872"}],"version-history":[{"count":4,"href":"https:\/\/chrs.uqam.ca\/index.php\/wp-json\/wp\/v2\/pages\/2872\/revisions"}],"predecessor-version":[{"id":12323,"href":"https:\/\/chrs.uqam.ca\/index.php\/wp-json\/wp\/v2\/pages\/2872\/revisions\/12323"}],"up":[{"embeddable":true,"href":"https:\/\/chrs.uqam.ca\/index.php\/wp-json\/wp\/v2\/pages\/67"}],"wp:attachment":[{"href":"https:\/\/chrs.uqam.ca\/index.php\/wp-json\/wp\/v2\/media?parent=2872"}],"curies":[{"name":"wp","href":"https:\/\/api.w.org\/{rel}","templated":true}]}}