{"id":2353,"date":"2017-05-03T09:48:21","date_gmt":"2017-05-03T13:48:21","guid":{"rendered":"http:\/\/chrs.cieq.ca\/?page_id=2353"},"modified":"2024-01-15T10:11:48","modified_gmt":"2024-01-15T14:11:48","slug":"partenaire","status":"publish","type":"page","link":"https:\/\/chrs.uqam.ca\/index.php\/partenaire\/","title":{"rendered":"Partenaires"},"content":{"rendered":"<h2>Groupes de recherche<\/h2>\n<ul>\n<li><a href=\"http:\/\/www.cieq.ca\/\">Centre interuniversitaire d\u2019\u00e9tudes qu\u00e9b\u00e9coises (CIEQ)<\/a><\/li>\n<li><a href=\"http:\/\/www.univ-angers.fr\/fr\/recherche\/unites-et-structures-de-recherche\/pole-ll-shs\/cerhio-angers.html\">Centre de Recherches Historiques de L&rsquo;Ouest (CERHIO) &#8211; Universit\u00e9 d&rsquo;Angers<\/a><\/li>\n<li><a href=\"http:\/\/crises.uqam.ca\/\">Centre de recherche sur les innovations sociales (CRISES)<\/a><\/li>\n<li><a href=\"http:\/\/sciencessociales.uottawa.ca\/suicide\/apropos\">Groupe de recherche sur la sociologie historique du suicide au Qu\u00e9bec, 1763-2000 (SHSQ)\u00a0<\/a><\/li>\n<li><a href=\"http:\/\/lhpm.uqam.ca\/\">Laboratoire d&rsquo;histoire et de patrimoine de Montr\u00e9al (LHPM)<\/a><\/li>\n<li><a href=\"http:\/\/www.grhs.uqam.ca\/\">Groupe de recherche en histoire des sociabilit\u00e9s (GRHS)<\/a><\/li>\n<li><a href=\"https:\/\/recherche.uottawa.ca\/chaires\/chaires-recherche-francophonie-canadienne\">Chaire de recherche sur la francophonie canadienne en sant\u00e9<\/a><\/li>\n<li><a href=\"http:\/\/q3s.ca\/\">R\u00e9seau Qu\u00e9bec, sciences sociales et sant\u00e9 (Q3S)\u00a0<\/a><\/li>\n<li><a href=\"https:\/\/cerpeca.com\/\">Centre d&rsquo;\u00e9tudes et de recherche pluridisciplinaire d&rsquo;\u00e9tudes canadiennes de l&rsquo;universit\u00e9 d&rsquo;Angers (CERPECA)<\/a><\/li>\n<li><a href=\"https:\/\/uclouvain.be\/fr\/instituts-recherche\/incal\/chdj\">Centre d&rsquo;histoire du droit et de la justice (CHDJ) &#8211; Universit\u00e9 Catholique de Louvain\u00a0<\/a><\/li>\n<li><a href=\"http:\/\/lehda.fflch.usp.br\/\">Laborat\u00f2rio de Estudos Hist\u00f2ricos das Drogas e da Alimenta\u00e7\u00e0o (LEHDA) &#8211; Universidade de S\u00e3o Paulo\u00a0<\/a><\/li>\n<li><a href=\"https:\/\/urhnnhru.home.blog\/\">Unit\u00e9 de Recherche sur l&rsquo;Histoire du Nursing (Universit\u00e9 d&rsquo;Ottawa)<\/a><\/li>\n<\/ul>\n<h2>Revues et blogues<\/h2>\n<ul>\n<li><a href=\"https:\/\/www.bulletinhistoirepolitique.org\/\">Bulletin d&rsquo;histoire politique<\/a><\/li>\n<li><a href=\"http:\/\/www.ihaf.qc.ca\/ihaf\/?page_id=17\">Revue d\u2019histoire de l\u2019Am\u00e9rique fran\u00e7aise<\/a><\/li>\n<li><a href=\"http:\/\/histoireengagee.ca\/\">HistoireEngag\u00e9e.ca<\/a><\/li>\n<li><a href=\"http:\/\/activehistory.ca\/\">ActiveHistory.ca<\/a><\/li>\n<li><a href=\"http:\/\/histoiresante.blogspot.ca\/\">Historiens de la sant\u00e9<\/a><\/li>\n<\/ul>\n<h2>Prix Jean-Marie-Fecteau<\/h2>\n<ul>\n<li><a href=\"http:\/\/www.flsh.ulaval.ca\/bourses-et-aide-financiere\/deuxieme-cycle\/bourse-jean-marie-fecteau\/\">Bourse Jean-Marie-Fecteau de l&rsquo;Universit\u00e9 Laval\u00a0<\/a><\/li>\n<li><a href=\"http:\/\/www.cha-shc.ca\/?lid=XFXB3-QNJTB-XKD7W#sthash.ZdZUy8gt.Cw9IYJ8W.dpbs\">Prix Jean-Marie-Fecteau de la Soci\u00e9t\u00e9 historique du Canada<\/a><\/li>\n<li><a href=\"http:\/\/crises.uqam.ca\/\">Prix Jean-Marie-Fecteau du CRISES<\/a><\/li>\n<\/ul>\n<h2>Organismes subventionnaires<\/h2>\n<p><a href=\"http:\/\/www.frqsc.gouv.qc.ca\/\" target=\"_blank\" rel=\"noopener\"><img loading=\"lazy\" decoding=\"async\" class=\"alignnone wp-image-2357 size-full\" title=\"Fonds de recherche Soci\u00e9t\u00e9 et culture du Qu\u00e9bec\" src=\"\/wp-content\/uploads\/2017\/05\/FRQSC_RGBmultimedia-transparent-e1493819032302.png\" alt=\"Fonds de recherche Soci\u00e9t\u00e9 et culture du Qu\u00e9bec\" width=\"278\" height=\"80\" \/><\/a><\/p>\n<p><a href=\"\/\/www.sshrc-crsh.gc.ca\/home-accueil-fra.aspx\" target=\"_blank\" rel=\"noopener\"><img loading=\"lazy\" decoding=\"async\" class=\"size-large wp-image-2358\" title=\"Conseil de recherches en sciences humaines\" src=\"\/wp-content\/uploads\/2017\/05\/SSHRC-CRSH_FIP-1024x43.jpg\" alt=\"Conseil de recherches en sciences humaines\" width=\"740\" height=\"31\" srcset=\"https:\/\/chrs.uqam.ca\/wp-content\/uploads\/2017\/05\/SSHRC-CRSH_FIP-1024x43.jpg 1024w, https:\/\/chrs.uqam.ca\/wp-content\/uploads\/2017\/05\/SSHRC-CRSH_FIP-300x13.jpg 300w, https:\/\/chrs.uqam.ca\/wp-content\/uploads\/2017\/05\/SSHRC-CRSH_FIP-768x32.jpg 768w, https:\/\/chrs.uqam.ca\/wp-content\/uploads\/2017\/05\/SSHRC-CRSH_FIP.jpg 1507w\" sizes=\"auto, (max-width: 740px) 100vw, 740px\" \/><\/a><\/p>\n<p><a href=\"http:\/\/www.uquebec.ca\/fodar\/\" target=\"_blank\" rel=\"noopener\"><img loading=\"lazy\" decoding=\"async\" class=\"wp-image-2356 size-medium\" title=\"Universit\u00e9 du Qu\u00e9bec FODAR - Fonds de d\u00e9veloppement acad\u00e9mique du r\u00e9seau\" src=\"\/wp-content\/uploads\/2017\/05\/uq1_couleur300-300x43.jpg\" alt=\"Universit\u00e9 du Qu\u00e9bec FODAR - Fonds de d\u00e9veloppement acad\u00e9mique du r\u00e9seau\" width=\"300\" height=\"43\" srcset=\"https:\/\/chrs.uqam.ca\/wp-content\/uploads\/2017\/05\/uq1_couleur300-300x43.jpg 300w, https:\/\/chrs.uqam.ca\/wp-content\/uploads\/2017\/05\/uq1_couleur300.jpg 697w\" sizes=\"auto, (max-width: 300px) 100vw, 300px\" \/><\/a><\/p>\n","protected":false},"excerpt":{"rendered":"<p>Groupes de recherche Centre interuniversitaire d\u2019\u00e9tudes qu\u00e9b\u00e9coises (CIEQ) Centre de Recherches Historiques de L&rsquo;Ouest (CERHIO) &#8211; Universit\u00e9 d&rsquo;Angers Centre de recherche sur les innovations sociales (CRISES) Groupe de recherche sur&#8230;<\/p>\n","protected":false},"author":2,"featured_media":0,"parent":0,"menu_order":0,"comment_status":"closed","ping_status":"closed","template":"","meta":{"_monsterinsights_skip_tracking":false,"_monsterinsights_sitenote_active":false,"_monsterinsights_sitenote_note":"","_monsterinsights_sitenote_category":0,"footnotes":""},"class_list":["post-2353","page","type-page","status-publish","hentry"],"_links":{"self":[{"href":"https:\/\/chrs.uqam.ca\/index.php\/wp-json\/wp\/v2\/pages\/2353","targetHints":{"allow":["GET"]}}],"collection":[{"href":"https:\/\/chrs.uqam.ca\/index.php\/wp-json\/wp\/v2\/pages"}],"about":[{"href":"https:\/\/chrs.uqam.ca\/index.php\/wp-json\/wp\/v2\/types\/page"}],"author":[{"embeddable":true,"href":"https:\/\/chrs.uqam.ca\/index.php\/wp-json\/wp\/v2\/users\/2"}],"replies":[{"embeddable":true,"href":"https:\/\/chrs.uqam.ca\/index.php\/wp-json\/wp\/v2\/comments?post=2353"}],"version-history":[{"count":2,"href":"https:\/\/chrs.uqam.ca\/index.php\/wp-json\/wp\/v2\/pages\/2353\/revisions"}],"predecessor-version":[{"id":11613,"href":"https:\/\/chrs.uqam.ca\/index.php\/wp-json\/wp\/v2\/pages\/2353\/revisions\/11613"}],"wp:attachment":[{"href":"https:\/\/chrs.uqam.ca\/index.php\/wp-json\/wp\/v2\/media?parent=2353"}],"curies":[{"name":"wp","href":"https:\/\/api.w.org\/{rel}","templated":true}]}}