{"id":1942,"date":"2017-03-05T23:44:41","date_gmt":"2017-03-05T22:44:41","guid":{"rendered":"http:\/\/chrs.cieq.ca\/?page_id=1942"},"modified":"2017-05-03T14:26:45","modified_gmt":"2017-05-03T18:26:45","slug":"prix-clio-quebec-pour-lessai-nous-protegeons-linfortune-les-origines-populaires-de-leconomie-sociale-au-quebec","status":"publish","type":"page","link":"https:\/\/chrs.uqam.ca\/index.php\/prix-clio-quebec-pour-lessai-nous-protegeons-linfortune-les-origines-populaires-de-leconomie-sociale-au-quebec\/","title":{"rendered":"Prix Clio-Qu\u00e9bec, pour l&rsquo;essai \u00ab \u00ab\u00a0Nous prot\u00e9geons l&rsquo;infortune.\u00a0\u00bb Les origines populaires de l&rsquo;\u00e9conomie sociale au Qu\u00e9bec \u00bb"},"content":{"rendered":"<p>Histoire<\/p>\n<p>R\u00e9cipiendaire : <a href=\"\/index.php\/a-propos\/equipe\/membres-reguliers\/martin-petitclerc\/\" target=\"_blank\">Martin Petitclerc<\/a><br \/>\nOrganisation : Soci\u00e9t\u00e9 historique du Canada<br \/>\nQu\u00e9bec<br \/>\nAnn\u00e9e : 2008<\/p>\n","protected":false},"excerpt":{"rendered":"<p>Histoire R\u00e9cipiendaire : Martin Petitclerc Organisation : Soci\u00e9t\u00e9 historique du Canada Qu\u00e9bec Ann\u00e9e : 2008<\/p>\n","protected":false},"author":2,"featured_media":0,"parent":0,"menu_order":0,"comment_status":"closed","ping_status":"closed","template":"","meta":{"_monsterinsights_skip_tracking":false,"_monsterinsights_sitenote_active":false,"_monsterinsights_sitenote_note":"","_monsterinsights_sitenote_category":0,"footnotes":""},"class_list":["post-1942","page","type-page","status-publish","hentry"],"_links":{"self":[{"href":"https:\/\/chrs.uqam.ca\/index.php\/wp-json\/wp\/v2\/pages\/1942","targetHints":{"allow":["GET"]}}],"collection":[{"href":"https:\/\/chrs.uqam.ca\/index.php\/wp-json\/wp\/v2\/pages"}],"about":[{"href":"https:\/\/chrs.uqam.ca\/index.php\/wp-json\/wp\/v2\/types\/page"}],"author":[{"embeddable":true,"href":"https:\/\/chrs.uqam.ca\/index.php\/wp-json\/wp\/v2\/users\/2"}],"replies":[{"embeddable":true,"href":"https:\/\/chrs.uqam.ca\/index.php\/wp-json\/wp\/v2\/comments?post=1942"}],"version-history":[{"count":0,"href":"https:\/\/chrs.uqam.ca\/index.php\/wp-json\/wp\/v2\/pages\/1942\/revisions"}],"wp:attachment":[{"href":"https:\/\/chrs.uqam.ca\/index.php\/wp-json\/wp\/v2\/media?parent=1942"}],"curies":[{"name":"wp","href":"https:\/\/api.w.org\/{rel}","templated":true}]}}