{"id":1940,"date":"2017-03-05T23:43:27","date_gmt":"2017-03-05T22:43:27","guid":{"rendered":"http:\/\/chrs.cieq.ca\/?page_id=1940"},"modified":"2017-05-03T14:25:34","modified_gmt":"2017-05-03T18:25:34","slug":"mention-dhonneur-au-concours-de-linstitut-de-recherche-en-economie-contemporaine-these-de-doctorat","status":"publish","type":"page","link":"https:\/\/chrs.uqam.ca\/index.php\/mention-dhonneur-au-concours-de-linstitut-de-recherche-en-economie-contemporaine-these-de-doctorat\/","title":{"rendered":"Mention d\u2019honneur au concours de l\u2019Institut de recherche en \u00e9conomie contemporaine. Th\u00e8se de doctorat"},"content":{"rendered":"<p>R\u00e9cipiendaire : <a href=\"\/index.php\/a-propos\/equipe\/membres-reguliers\/martin-petitclerc\/\" target=\"_blank\">Martin Petitclerc<\/a><br \/>\nOrganisation : Institut de recherche en \u00e9conomie contemporaine<br \/>\nAnn\u00e9e : 2005<\/p>\n","protected":false},"excerpt":{"rendered":"<p>R\u00e9cipiendaire : Martin Petitclerc Organisation : Institut de recherche en \u00e9conomie contemporaine Ann\u00e9e : 2005<\/p>\n","protected":false},"author":2,"featured_media":0,"parent":0,"menu_order":0,"comment_status":"closed","ping_status":"closed","template":"","meta":{"_monsterinsights_skip_tracking":false,"_monsterinsights_sitenote_active":false,"_monsterinsights_sitenote_note":"","_monsterinsights_sitenote_category":0,"footnotes":""},"class_list":["post-1940","page","type-page","status-publish","hentry"],"_links":{"self":[{"href":"https:\/\/chrs.uqam.ca\/index.php\/wp-json\/wp\/v2\/pages\/1940","targetHints":{"allow":["GET"]}}],"collection":[{"href":"https:\/\/chrs.uqam.ca\/index.php\/wp-json\/wp\/v2\/pages"}],"about":[{"href":"https:\/\/chrs.uqam.ca\/index.php\/wp-json\/wp\/v2\/types\/page"}],"author":[{"embeddable":true,"href":"https:\/\/chrs.uqam.ca\/index.php\/wp-json\/wp\/v2\/users\/2"}],"replies":[{"embeddable":true,"href":"https:\/\/chrs.uqam.ca\/index.php\/wp-json\/wp\/v2\/comments?post=1940"}],"version-history":[{"count":0,"href":"https:\/\/chrs.uqam.ca\/index.php\/wp-json\/wp\/v2\/pages\/1940\/revisions"}],"wp:attachment":[{"href":"https:\/\/chrs.uqam.ca\/index.php\/wp-json\/wp\/v2\/media?parent=1940"}],"curies":[{"name":"wp","href":"https:\/\/api.w.org\/{rel}","templated":true}]}}