{"id":1509,"date":"2017-02-21T04:34:13","date_gmt":"2017-02-21T03:34:13","guid":{"rendered":"http:\/\/chrs.cieq.ca\/?page_id=1509"},"modified":"2017-05-03T14:27:49","modified_gmt":"2017-05-03T18:27:49","slug":"prix-edgar-lesperance-pour-louvrage-collectif-la-condition-quebecoise-enjeux-et-horizons-dune-societe-en-devenir","status":"publish","type":"page","link":"https:\/\/chrs.uqam.ca\/index.php\/prix-edgar-lesperance-pour-louvrage-collectif-la-condition-quebecoise-enjeux-et-horizons-dune-societe-en-devenir\/","title":{"rendered":"Prix Edgar-Lesp\u00e9rance, pour l&rsquo;ouvrage collectif \u00ab La condition qu\u00e9b\u00e9coise: enjeux et horizons d&rsquo;une soci\u00e9t\u00e9 en devenir \u00bb"},"content":{"rendered":"<p>Histoire<\/p>\n<p>R\u00e9cipiendaire : <a href=\"\/index.php\/a-propos\/equipe\/membres-reguliers\/jean-marie-fecteau\/\">Jean-Marie Fecteau\u2020<\/a><br \/>\nQu\u00e9bec<br \/>\nAnn\u00e9e : 1996<\/p>\n","protected":false},"excerpt":{"rendered":"<p>Histoire R\u00e9cipiendaire : Jean-Marie Fecteau\u2020 Qu\u00e9bec Ann\u00e9e : 1996<\/p>\n","protected":false},"author":2,"featured_media":0,"parent":0,"menu_order":0,"comment_status":"closed","ping_status":"closed","template":"","meta":{"_monsterinsights_skip_tracking":false,"_monsterinsights_sitenote_active":false,"_monsterinsights_sitenote_note":"","_monsterinsights_sitenote_category":0,"footnotes":""},"class_list":["post-1509","page","type-page","status-publish","hentry"],"_links":{"self":[{"href":"https:\/\/chrs.uqam.ca\/index.php\/wp-json\/wp\/v2\/pages\/1509","targetHints":{"allow":["GET"]}}],"collection":[{"href":"https:\/\/chrs.uqam.ca\/index.php\/wp-json\/wp\/v2\/pages"}],"about":[{"href":"https:\/\/chrs.uqam.ca\/index.php\/wp-json\/wp\/v2\/types\/page"}],"author":[{"embeddable":true,"href":"https:\/\/chrs.uqam.ca\/index.php\/wp-json\/wp\/v2\/users\/2"}],"replies":[{"embeddable":true,"href":"https:\/\/chrs.uqam.ca\/index.php\/wp-json\/wp\/v2\/comments?post=1509"}],"version-history":[{"count":0,"href":"https:\/\/chrs.uqam.ca\/index.php\/wp-json\/wp\/v2\/pages\/1509\/revisions"}],"wp:attachment":[{"href":"https:\/\/chrs.uqam.ca\/index.php\/wp-json\/wp\/v2\/media?parent=1509"}],"curies":[{"name":"wp","href":"https:\/\/api.w.org\/{rel}","templated":true}]}}