{"id":149,"date":"2017-01-26T22:15:52","date_gmt":"2017-01-26T21:15:52","guid":{"rendered":"http:\/\/chrs.cieq.ca\/?page_id=149"},"modified":"2023-10-04T18:00:31","modified_gmt":"2023-10-04T22:00:31","slug":"jean-marie-fecteau","status":"publish","type":"page","link":"https:\/\/chrs.uqam.ca\/index.php\/a-propos\/jean-marie-fecteau\/","title":{"rendered":"Jean-Marie Fecteau \u2020"},"content":{"rendered":"<div class=\"su-row\"><div class=\"su-column su-column-size-1-5\"><div class=\"su-column-inner su-u-clearfix su-u-trim\"><img loading=\"lazy\" decoding=\"async\" class=\"alignleft size-thumbnail wp-image-150\" src=\"\/wp-content\/uploads\/2017\/01\/jmfecteau_0-120x150.jpeg\" alt=\"\" width=\"120\" height=\"150\" \/><\/div><\/div>\n<div class=\"su-column su-column-size-4-5\"><div class=\"su-column-inner su-u-clearfix su-u-trim\">1990 &#8211; 2012\u2020<\/p>\n<p><strong>Professeur, Universit\u00e9 du Qu\u00e9bec \u00e0 Montr\u00e9al<br \/>\nD\u00e9partement d&rsquo;histoire<\/strong><\/div><\/div><\/div>\n<p>Jean-Marie Fecteau (1949 &#8211; 2012), historien, a \u00e9t\u00e9 professeur au d\u00e9partement d\u2019histoire de l\u2019UQAM. Il est co-fondateur du Centre d&rsquo;histoire des r\u00e9gulations sociales (CHRS), chercheur au Centre de recherche sur les innovations sociales (CRISES) et au Centre de recherche sur l&rsquo;itin\u00e9rance (CRI) de l&rsquo;Universit\u00e9 du Qu\u00e9bec \u00e0 Montr\u00e9al, chercheur associ\u00e9 au Centre international en criminologie compar\u00e9e (CICC \u2013 Universit\u00e9 de Montr\u00e9al) et au Centre d&rsquo;histoire des r\u00e9gulations et des politiques sociales de l&rsquo;Universit\u00e9 d&rsquo;Angers (France). Ses recherches doctorales et une bonne partie de ses travaux ult\u00e9rieurs ont port\u00e9 sur l\u2019histoire du contr\u00f4le social, de la prison et des institutions d\u2019assistance. Il a travaill\u00e9 sur l\u2019histoire des rapports entre l\u2019\u00c9tat, la gestion du crime et l\u2019organisation de l\u2019assistance au Qu\u00e9bec aux 19e et 20e si\u00e8cles. Il est co-fondateur et membre du comit\u00e9 de r\u00e9daction scientifique du Bulletin d\u2019histoire politique (BHP) de l&rsquo;Association qu\u00e9b\u00e9coise d&rsquo;histoire politique. Il a \u00e9t\u00e9 \u00e9galement titutlaire de la Chaire Hector-Fabre d&rsquo;histoire du Qu\u00e9bec (UQAM) de 2006 \u00e0 2008.<\/p>\n<h3>Entretien film\u00e9 de l&rsquo;historien Jean-Marie Fecteau<\/h3>\n<h3><\/h3>\n<h3><iframe loading=\"lazy\" title=\"YouTube video player\" src=\"https:\/\/www.youtube.com\/embed\/gu2AQsSOr4M?si=k_mFZEV25yVaPK86\" width=\"560\" height=\"315\" frameborder=\"0\" allowfullscreen=\"allowfullscreen\"><\/iframe><\/h3>\n<p>Une r\u00e9alisation de Louise Bienvenue et de St\u00e9phanie Lanthier<br \/>\nD\u00e9partement d&rsquo;histoire, Universit\u00e9 de Sherbrooke<\/p>\n<div class=\"su-spoiler su-spoiler-style-default su-spoiler-icon-chevron su-spoiler-closed\" data-scroll-offset=\"0\" data-anchor-in-url=\"no\"><div class=\"su-spoiler-title\" tabindex=\"0\" role=\"button\"><span class=\"su-spoiler-icon\"><\/span>Liens<\/div><div class=\"su-spoiler-content su-u-clearfix su-u-trim\">\n<a href=\"https:\/\/chrs.uqam.ca\/index.php\/recherche\/realisations\/publications\/?tgid=&amp;yr=&amp;type=&amp;usr=&amp;auth=221#tppubs\" target=\"_blank\" rel=\"noopener\">Liste des publications de Jean-Marie Fecteau<\/a><br \/>\n<\/div><\/div>\n<div class=\"su-spoiler su-spoiler-style-default su-spoiler-icon-chevron su-spoiler-closed\" data-scroll-offset=\"0\" data-anchor-in-url=\"no\"><div class=\"su-spoiler-title\" tabindex=\"0\" role=\"button\"><span class=\"su-spoiler-icon\"><\/span>Projets de recherche<\/div><div class=\"su-spoiler-content su-u-clearfix su-u-trim\">\n<a href=\"\/index.php\/recherche\/realisations\/projets-de-recherche-termines\/mutualite-et-cooperatisme\/\" target=\"_blank\" rel=\"noopener\">Mutualit\u00e9 et coop\u00e9ratisme : les conditions politiques de d\u00e9veloppement d&rsquo;une communaut\u00e9 coop\u00e9rative au Qu\u00e9bec, 1789-1914<\/a><br \/>\n<a href=\"\/index.php\/recherche\/realisations\/projets-de-recherche-termines\/lindividu-lassociation-le-droit\/\" target=\"_blank\" rel=\"noopener\">L&rsquo;individu, l&rsquo;association, le droit. Dimension historique de la l\u00e9galisation des formes de regroupement dans la soci\u00e9t\u00e9 moderne<\/a><br \/>\n<a href=\"\/index.php\/recherche\/realisations\/projets-de-recherche-termines\/les-conditions-historiques-de-developpement-du-probleme-de-linstitutionnalisation-au-quebec-jusqua-la-revolution-tranquille\/\" target=\"_blank\" rel=\"noopener\">Les conditions historiques de d\u00e9veloppement du probl\u00e8me de l&rsquo;institutionnalisation au Qu\u00e9bec jusqu&rsquo;\u00e0 la R\u00e9volution tranquille<\/a><br \/>\n<a href=\"\/index.php\/recherche\/realisations\/projets-de-recherche-termines\/les-decisions-prises-a-legard-des-jeunes-contrevenants\/\" target=\"_blank\" rel=\"noopener\">Les d\u00e9cisions prises \u00e0 l&rsquo;\u00e9gard des jeunes contrevenants<\/a><br \/>\n<a href=\"\/index.php\/recherche\/realisations\/projets-de-recherche-termines\/politique-et-pratique-de-la-prison-de-montreal-1850-1913\/\" target=\"_blank\" rel=\"noopener\">Politique et pratique de la prison de Montr\u00e9al, 1850-1913<\/a><br \/>\n<a href=\"\/index.php\/recherche\/realisations\/projets-de-recherche-termines\/emergence-et-evolution-historique-de-lenfermement-a-montreal\/\" target=\"_blank\" rel=\"noopener\">\u00c9mergence et \u00e9volution historique de l\u2019enfermement \u00e0 Montr\u00e9al, 1840-1921<\/a><br \/>\n<a href=\"\/index.php\/recherche\/realisations\/projets-de-recherche-termines\/populations-itinerantes-vulnerabilite-sur-le-plan-de-la-sante-et-problemes-dacces-aux-soins\/\" target=\"_blank\" rel=\"noopener\">Populations itin\u00e9rantes : vuln\u00e9rabilit\u00e9 sur le plan de la sant\u00e9 et probl\u00e8mes d\u2019acc\u00e8s aux soins<\/a><br \/>\n<a href=\"\/index.php\/recherche\/realisations\/projets-de-recherche-termines\/de-lexperience-individuelle-au-phenomene-global\/\" target=\"_blank\" rel=\"noopener\">De l\u2019exp\u00e9rience individuelle au ph\u00e9nom\u00e8ne global : configuration et r\u00e9ponse sociale \u00e0 l\u2019itin\u00e9rance<\/a><br \/>\n<a href=\"\/index.php\/recherche\/realisations\/projets-de-recherche-termines\/trajectoires-historiques-de-la-misere-a-montreal\/\" target=\"_blank\" rel=\"noopener\">Trajectoires historiques de la mis\u00e8re \u00e0 Montr\u00e9al, 1840-1921 : une radioscopie<\/a><br \/>\n<a href=\"\/index.php\/recherche\/realisations\/projets-de-recherche-termines\/la-mise-en-place-et-les-mutations-du-reseau-montrealais-de-regulation-sociale\/\" target=\"_blank\" rel=\"noopener\">La mise en place et les mutations du r\u00e9seau montr\u00e9alais de r\u00e9gulation sociale, de l\u2019\u00e8re lib\u00e9rale \u00e0 l\u2019\u00c9tat providence<\/a><br \/>\n<a href=\"\/index.php\/recherche\/realisations\/projets-de-recherche-termines\/une-economie-de-la-rarete\/\" target=\"_blank\" rel=\"noopener\">Une \u00e9conomie de la raret\u00e9 : la r\u00e9gulation sociale de la pauvret\u00e9 \u00e0 Montr\u00e9al, 1840-1921. R\u00e9ponses caritatives et populaires \u00e0 la vuln\u00e9rabilit\u00e9 sociale<\/a><br \/>\n<a href=\"\/index.php\/recherche\/realisations\/projets-de-recherche-termines\/droit-des-associations-au-quebec-au-19e-siecle\/\" target=\"_blank\" rel=\"noopener\">Droit des associations au Qu\u00e9bec au 19e si\u00e8cle<\/a><br \/>\n<a href=\"\/index.php\/recherche\/realisations\/projets-de-recherche-termines\/histoire-du-droit-au-quebec-de-la-nouvelle-france-a-nos-jours\/\" target=\"_blank\" rel=\"noopener\">Histoire du droit au Qu\u00e9bec : de la Nouvelle-France \u00e0 nos jours<\/a><br \/>\n<a href=\"\/index.php\/recherche\/realisations\/projets-de-recherche-termines\/la-naissance-de-lideal-cooperatif-et-son-inscription-juridique-au-quebec\/\" target=\"_blank\" rel=\"noopener\">La naissance de l&rsquo;id\u00e9al coop\u00e9ratif et son inscription juridique au Qu\u00e9bec, 1850-1914<\/a><br \/>\n<a href=\"\/index.php\/recherche\/realisations\/projets-de-recherche-termines\/lorganisation-de-lassistance-et-regulation-de-la-pauvrete-a-montreal\/\" target=\"_blank\" rel=\"noopener\">L\u2019organisation de l\u2019assistance et r\u00e9gulation de la pauvret\u00e9 \u00e0 Montr\u00e9al, 1840-1921<\/a><br \/>\n<a href=\"\/index.php\/recherche\/realisations\/projets-de-recherche-termines\/regulation-sociale-et-institutions-a-montreal\/\" target=\"_blank\" rel=\"noopener\">R\u00e9gulation sociale et institutions \u00e0 Montr\u00e9al, 1840-1921<\/a><br \/>\n<a href=\"\/index.php\/recherche\/realisations\/projets-de-recherche-termines\/une-politique-de-la-dependance-letat-et-la-formation-du-reseau-institutionnel-dassistance-a-montreal\/\" target=\"_blank\" rel=\"noopener\">Une politique de la d\u00e9pendance. L&rsquo;\u00c9tat et la formation du r\u00e9seau institutionnel d&rsquo;assistance \u00e0 Montr\u00e9al. 1840-1921<\/a><br \/>\n<a href=\"\/index.php\/recherche\/realisations\/projets-de-recherche-termines\/emergence-et-developpement-des-institutions-pour-mineurs-delinquants-et-en-danger-a-montreal\/\" target=\"_blank\" rel=\"noopener\">\u00c9mergence et d\u00e9veloppement des institutions pour mineurs d\u00e9linquants et en danger \u00e0 Montr\u00e9al, 1850-1910<\/a><br \/>\n<a href=\"\/index.php\/recherche\/realisations\/projets-de-recherche-termines\/projet-dinfrastructure-laboratoire-danalyse-historique-des-regulations-sociales-lahrs\/\" target=\"_blank\" rel=\"noopener\">Projet d\u2019infrastructure : Laboratoire d\u2019analyse historique des r\u00e9gulations sociales (LAHRS)<\/a><br \/>\n<a href=\"\/index.php\/recherche\/realisations\/projets-de-recherche-termines\/gestion-des-risques-sociaux-et-reponses-aux-vulnerabilites\/\" target=\"_blank\" rel=\"noopener\">Gestion des risques sociaux et r\u00e9ponses aux vuln\u00e9rabilit\u00e9s et probl\u00e8mes sociaux au Qu\u00e9bec, 19e et 20e si\u00e8cles<\/a><br \/>\n<\/div><\/div>\n<div class=\"su-spoiler su-spoiler-style-default su-spoiler-icon-chevron su-spoiler-closed\" data-scroll-offset=\"0\" data-anchor-in-url=\"no\"><div class=\"su-spoiler-title\" tabindex=\"0\" role=\"button\"><span class=\"su-spoiler-icon\"><\/span>Bourses, prix et distinctions<\/div><div class=\"su-spoiler-content su-u-clearfix su-u-trim\">\n<a href=\"\/index.php\/doctoras-honoris-causa-de-luniversite-dangers-france\/\" target=\"_blank\" rel=\"noopener\">Doctoras Honoris Causa de l&rsquo;Universit\u00e9 d&rsquo;Angers (France)<\/a><br \/>\n<a href=\"\/index.php\/finaliste-prix-du-gouverneur-general-du-canada\/\" target=\"_blank\" rel=\"noopener\">Finaliste, Prix du Gouverneur-G\u00e9n\u00e9ral du Canada<\/a><br \/>\n<a href=\"\/index.php\/prix-edgar-lesperance-pour-louvrage-collectif-la-condition-quebecoise-enjeux-et-horizons-dune-societe-en-devenir\/\" target=\"_blank\" rel=\"noopener\">Prix Edgar-Lesp\u00e9rance, pour l&rsquo;ouvrage collectif \u00ab La condition qu\u00e9b\u00e9coise: enjeux et horizons d&rsquo;une soci\u00e9t\u00e9 en devenir \u00bb<\/a><br \/>\n<a href=\"\/index.php\/prix-gabriel-tarde\/\" target=\"_blank\" rel=\"noopener\">Prix Gabriel Tarde<\/a><br \/>\n<a href=\"\/index.php\/prix-guy-fregault\/\" target=\"_blank\" rel=\"noopener\">Prix Guy Fr\u00e9gault<\/a><br \/>\n<\/div><\/div>\n<div class=\"su-spoiler su-spoiler-style-default su-spoiler-icon-chevron\" data-scroll-offset=\"0\" data-anchor-in-url=\"no\"><div class=\"su-spoiler-title\" tabindex=\"0\" role=\"button\"><span class=\"su-spoiler-icon\"><\/span>Nouvelles<\/div><div class=\"su-spoiler-content su-u-clearfix su-u-trim\">\n<a href=\"https:\/\/chrs.uqam.ca\/index.php\/2022\/04\/07\/chronique-radio-sur-lheritage-de-jean-marie-fecteau\/\">Chronique radio sur l\u2019h\u00e9ritage de Jean-Marie Fecteau<\/a><br><a href=\"https:\/\/chrs.uqam.ca\/index.php\/2017\/06\/05\/traduction-de-la-liberte-du-pauvre-de-jean-marie-fecteau-the-paupers-freedom-crime-and-povrety-in-nineteenth-century-quebec\/\">Parution du livre \u00abThe Pauper&rsquo;s Freedom Crime and povrety in Nineteenth-Century Quebec\u00bb, traduction anglaise de \u00abLa libert\u00e9 du pauvre\u00bb<\/a><br><a href=\"https:\/\/chrs.uqam.ca\/index.php\/2016\/09\/08\/lancement-du-dernier-numero-du-bulletin-dhistoire-politique-des-marges-et-des-normes-reflexions-sur-la-carriere-de-jean-marie-fecteau\/\">Lancement du dernier num\u00e9ro du Bulletin d\u2019histoire politique, \u00ab Des marges et des normes. R\u00e9flexions sur la carri\u00e8re de Jean-Marie Fecteau \u00bb<\/a><br><a href=\"https:\/\/chrs.uqam.ca\/index.php\/2013\/10\/03\/tout-cela-est-tres-bien-continue-a-avancer\/\">\u00abTout cela est tr\u00e8s bien. Continue \u00e0 avancer\u00bb<\/a><br><a href=\"https:\/\/chrs.uqam.ca\/index.php\/2013\/01\/27\/quelques-mots-de-jean-marie\/\">Quelques mots de Jean-Marie&#8230;<\/a><br><a href=\"https:\/\/chrs.uqam.ca\/index.php\/2012\/09\/02\/conference-a-la-banq-jean-marie-fecteau-et-janice-harvey-presentent-leurs-reflexions-sur-lentraide-a-montreal-avant-1930\/\">Conf\u00e9rence \u00e0 la BANQ &#8211; Jean-Marie Fecteau et Janice Harvey pr\u00e9sentent leurs r\u00e9flexions sur l&rsquo;entraide \u00e0 Montr\u00e9al avant 1930<\/a><br><a href=\"https:\/\/chrs.uqam.ca\/index.php\/2012\/08\/07\/compte-rendu-dun-collectif-co-dirige-par-marcos-costa-dans-la-revue-crime-histoire-et-societes\/\">Compte-rendu d&rsquo;un collectif co-dirig\u00e9 par Marcos Costa dans la revue Crime, Histoire et Soci\u00e9t\u00e9s<\/a><br><a href=\"https:\/\/chrs.uqam.ca\/index.php\/2012\/07\/16\/arnaud-bessiere-publie-un-livre-sur-lhistoire-des-noirs-au-quebec\/\">Arnaud Bessi\u00e8re publie un livre sur l&rsquo;histoire des Noirs au Qu\u00e9bec<\/a><br><a href=\"https:\/\/chrs.uqam.ca\/index.php\/2012\/05\/18\/des-membres-du-chrs-denoncent-la-loi-speciale-du-gouvernement-charest\/\">Des membres du CHRS d\u00e9noncent la loi sp\u00e9ciale du gouvernement Charest<\/a><br><a href=\"https:\/\/chrs.uqam.ca\/index.php\/2012\/05\/18\/arnaud-bessiere-publie-un-livre-sur-lhistoire-des-noirs-au-quebec-2\/\">Arnaud Bessi\u00e8re publie un livre sur l&rsquo;histoire des Noirs au Qu\u00e9bec<\/a><br><a href=\"https:\/\/chrs.uqam.ca\/index.php\/2012\/05\/08\/martin-robert-signe-un-texte-dans-louvrage-collectif-michel-foucault-entre-sujet-et-revolte-publie-par-la-revue-du-mauss-permanente\/\">Martin Robert signe un texte dans l&rsquo;ouvrage collectif \u00ab\u00a0Michel Foucault &#8211; Entre sujet et r\u00e9volte \u00bb publi\u00e9 par la Revue du MAUSS permanente<\/a><br><a href=\"https:\/\/chrs.uqam.ca\/index.php\/2012\/03\/24\/un-groupe-du-chrs-sest-joint-a-la-manifestation-etudiante-du-22-mars\/\">Un groupe du CHRS s&rsquo;est joint \u00e0 la manifestation \u00e9tudiante du 22 mars<\/a><br><a href=\"https:\/\/chrs.uqam.ca\/index.php\/2012\/01\/17\/debat-sur-lhistoire-politique-et-lhistoire-nationale-des-chercheurs-du-chrs-prennent-position\/\">D\u00e9bat sur l\u2019histoire politique et l\u2019histoire nationale : des chercheurs du CHRS prennent position<\/a><br><a href=\"https:\/\/chrs.uqam.ca\/index.php\/2010\/04\/16\/fonds-des-leaders\/\">Fonds des leaders<\/a><br><a href=\"https:\/\/chrs.uqam.ca\/index.php\/2010\/03\/15\/reflexions-sur-laide-et-lentraide-a-montreal-avant-1930\/\">R\u00e9flexions sur&#8230; l&rsquo;aide et l&rsquo;entraide \u00e0 Montr\u00e9al avant 1930<\/a><br>\n<\/div><\/div>\n","protected":false},"excerpt":{"rendered":"<p>Jean-Marie Fecteau (1949 &#8211; 2012), historien, a \u00e9t\u00e9 professeur au d\u00e9partement d\u2019histoire de l\u2019UQAM. Il est co-fondateur du Centre d&rsquo;histoire des r\u00e9gulations sociales (CHRS), chercheur au Centre de recherche sur&#8230;<\/p>\n","protected":false},"author":2,"featured_media":0,"parent":5,"menu_order":3,"comment_status":"closed","ping_status":"closed","template":"","meta":{"_monsterinsights_skip_tracking":false,"_monsterinsights_sitenote_active":false,"_monsterinsights_sitenote_note":"","_monsterinsights_sitenote_category":0,"footnotes":""},"class_list":["post-149","page","type-page","status-publish","hentry"],"_links":{"self":[{"href":"https:\/\/chrs.uqam.ca\/index.php\/wp-json\/wp\/v2\/pages\/149","targetHints":{"allow":["GET"]}}],"collection":[{"href":"https:\/\/chrs.uqam.ca\/index.php\/wp-json\/wp\/v2\/pages"}],"about":[{"href":"https:\/\/chrs.uqam.ca\/index.php\/wp-json\/wp\/v2\/types\/page"}],"author":[{"embeddable":true,"href":"https:\/\/chrs.uqam.ca\/index.php\/wp-json\/wp\/v2\/users\/2"}],"replies":[{"embeddable":true,"href":"https:\/\/chrs.uqam.ca\/index.php\/wp-json\/wp\/v2\/comments?post=149"}],"version-history":[{"count":4,"href":"https:\/\/chrs.uqam.ca\/index.php\/wp-json\/wp\/v2\/pages\/149\/revisions"}],"predecessor-version":[{"id":11458,"href":"https:\/\/chrs.uqam.ca\/index.php\/wp-json\/wp\/v2\/pages\/149\/revisions\/11458"}],"up":[{"embeddable":true,"href":"https:\/\/chrs.uqam.ca\/index.php\/wp-json\/wp\/v2\/pages\/5"}],"wp:attachment":[{"href":"https:\/\/chrs.uqam.ca\/index.php\/wp-json\/wp\/v2\/media?parent=149"}],"curies":[{"name":"wp","href":"https:\/\/api.w.org\/{rel}","templated":true}]}}