{"id":1456,"date":"2017-02-21T00:24:50","date_gmt":"2017-02-20T23:24:50","guid":{"rendered":"http:\/\/chrs.cieq.ca\/?page_id=1456"},"modified":"2017-05-03T14:17:31","modified_gmt":"2017-05-03T18:17:31","slug":"le-crises-remet-le-prix-jean-marie-fecteau-a-loccasion-de-son-colloque-annuel-des-etudiant-e-s","status":"publish","type":"page","link":"https:\/\/chrs.uqam.ca\/index.php\/a-propos\/prix-jean-marie-fecteau\/le-crises-remet-le-prix-jean-marie-fecteau-a-loccasion-de-son-colloque-annuel-des-etudiant-e-s\/","title":{"rendered":"Le CRISES remet le Prix Jean-Marie-Fecteau \u00e0 l&rsquo;occasion de son colloque annuel des \u00e9tudiant-e-s"},"content":{"rendered":"<p><strong>Donateur<\/strong> : CRISES<\/p>\n<p>C&rsquo;est sous le th\u00e8me \u00abL&rsquo;innovation sociale \u00e0 l&rsquo;\u00e8re de l&rsquo;aust\u00e9rit\u00e9 : transformations et mobilisations sociales\u00bb que s&rsquo;est d\u00e9roul\u00e9 le 16<sup>e <\/sup>colloque des \u00e9tudiantEs des cycles sup\u00e9rieurs du <a href=\"http:\/\/crises.uqam.ca\/\">Centre de recherche sur les innovations sociales (CRISES)<\/a>. \u00c0 cette occasion, le prix\u00a0<span class=\"field-content\"><a href=\"https:\/\/chrs.uqam.ca\/jean-marie-fecteau\">Jean-Marie Fecteau\u2020<\/a>\u00a0a \u00e9t\u00e9 remis \u00e0 Myriam Michaud pour sa communication intitul\u00e9e \u00abUne coop\u00e9rative de service qui ne vend pas de service : le paradoxe de l&rsquo;Accorderie\u00bb. Une mention d&rsquo;honneur a \u00e9galement \u00e9t\u00e9 d\u00e9cern\u00e9e \u00e0 Karyna Soucy pour sa communication intitul\u00e9e \u00abFili\u00e8re \u00e9olienne dans la MRC de Rivi\u00e8re-du-Loup : de l&rsquo;opposition \u00e0 l&rsquo;innovation\u00bb.<\/span><\/p>\n<p><span class=\"field-content\">F\u00e9licitations!<\/span><\/p>\n<p><span class=\"field-content\">Pour plus d&rsquo;infos, voir le <a href=\"http:\/\/crises.uqam.ca\/\">site Internet du CRISES<\/a>.<\/span><\/p>\n<p>&nbsp;<\/p>\n<p><strong>Liste des r\u00e9cipiendaires des ann\u00e9es ant\u00e9rieures<\/strong><\/p>\n<p>2014<\/p>\n<ul>\n<li>Jonathan Scott, Ph.D., UQAM, \u00ab\u00c9tude sur les transformations discursives et les strat\u00e9gies d&rsquo;action au sein du syndicalisme qu\u00e9b\u00e9cois depuis 1980 : sociologie syndical en contexte n\u00e9olib\u00e9ral\u00bb, sous la direction de Jean-Marc Fontan et de Sid Ahmed Soussi<\/li>\n<li>Marion Maignan, Ph.D., Universit\u00e9 Paris-Est Marne-La-Vall\u00e9e, \u00abLa mat\u00e9rialisation de l&rsquo;innovation sociale dans les dispositifs de gestion : cas de la d\u00e9finition du prix au sein de la SCIC Alter-Conso\u00bb, sous la direction de Amina B\u00e9cheur (Universit\u00e9 Paris-Est Marne-La-Vall\u00e9e)<\/li>\n<\/ul>\n<p>2013<\/p>\n<ul>\n<li>Saour\u00e9 Kouam\u00e9, Ph.D., HEC-Montr\u00e9al, \u00abDiversit\u00e9 affective dans les \u00ab\u00a0upper \u00e9chelons\u00a0\u00bb\u00bb, sous la direction de Ta\u00efeb Hafsi<\/li>\n<\/ul>\n<p>&nbsp;<\/p>\n<p><strong>Mentions d&rsquo;honneur<\/strong><\/p>\n<p>2014 <\/p>\n<ul>\n<li>Simon Beaubien, Ma\u00eetrise, UQAM, \u00ab\u00c9conomie sociale, tourisme et d\u00e9veloppement local\u00bb, sous la direction de Juan-Luis Klein<\/li>\n<li>Hadjira Bachiri, Ph.D., Universit\u00e9 Lille 1 et TELUQ, \u00abUne m\u00e9ta-analyse qualitative des travaux sur le d\u00e9veloppement des clusters et leur cycles de vie\u00bb, sous la direction de Muriel Maillefert (Universit\u00e9 Lille 1) et Gabrielle Tremblay<\/li>\n<\/ul>\n<p>&nbsp;<\/p>\n<p>\u00c0 toutes et tous, f\u00e9licitations !<\/p>\n","protected":false},"excerpt":{"rendered":"<p>Donateur : CRISES C&rsquo;est sous le th\u00e8me \u00abL&rsquo;innovation sociale \u00e0 l&rsquo;\u00e8re de l&rsquo;aust\u00e9rit\u00e9 : transformations et mobilisations sociales\u00bb que s&rsquo;est d\u00e9roul\u00e9 le 16e colloque des \u00e9tudiantEs des cycles sup\u00e9rieurs du&#8230;<\/p>\n","protected":false},"author":2,"featured_media":0,"parent":9,"menu_order":2,"comment_status":"closed","ping_status":"closed","template":"","meta":{"_monsterinsights_skip_tracking":false,"_monsterinsights_sitenote_active":false,"_monsterinsights_sitenote_note":"","_monsterinsights_sitenote_category":0,"footnotes":""},"class_list":["post-1456","page","type-page","status-publish","hentry"],"_links":{"self":[{"href":"https:\/\/chrs.uqam.ca\/index.php\/wp-json\/wp\/v2\/pages\/1456","targetHints":{"allow":["GET"]}}],"collection":[{"href":"https:\/\/chrs.uqam.ca\/index.php\/wp-json\/wp\/v2\/pages"}],"about":[{"href":"https:\/\/chrs.uqam.ca\/index.php\/wp-json\/wp\/v2\/types\/page"}],"author":[{"embeddable":true,"href":"https:\/\/chrs.uqam.ca\/index.php\/wp-json\/wp\/v2\/users\/2"}],"replies":[{"embeddable":true,"href":"https:\/\/chrs.uqam.ca\/index.php\/wp-json\/wp\/v2\/comments?post=1456"}],"version-history":[{"count":0,"href":"https:\/\/chrs.uqam.ca\/index.php\/wp-json\/wp\/v2\/pages\/1456\/revisions"}],"up":[{"embeddable":true,"href":"https:\/\/chrs.uqam.ca\/index.php\/wp-json\/wp\/v2\/pages\/9"}],"wp:attachment":[{"href":"https:\/\/chrs.uqam.ca\/index.php\/wp-json\/wp\/v2\/media?parent=1456"}],"curies":[{"name":"wp","href":"https:\/\/api.w.org\/{rel}","templated":true}]}}

Le CRISES remet le Prix Jean-Marie-Fecteau à l&rsquo;occasion de son colloque annuel des étudiant-e-s

<p><strong>Donateur</strong> : CRISES</p>
<p>C&rsquo;est sous le thème «L&rsquo;innovation sociale à l&rsquo;ère de l&rsquo;austérité : transformations et mobilisations sociales» que s&rsquo;est déroulé le 16<sup>e </sup>colloque des étudiantEs des cycles supérieurs du <a href="http://crises.uqam.ca/">Centre de recherche sur les innovations sociales (CRISES)</a>. À cette occasion, le prix <span class="field-content"><a href="https://chrs.uqam.ca/jean-marie-fecteau">Jean-Marie Fecteau†</a> a été remis à Myriam Michaud pour sa communication intitulée «Une coopérative de service qui ne vend pas de service : le paradoxe de l&rsquo;Accorderie». Une mention d&rsquo;honneur a également été décernée à Karyna Soucy pour sa communication intitulée «Filière éolienne dans la MRC de Rivière-du-Loup : de l&rsquo;opposition à l&rsquo;innovation».</span></p>
<p><span class="field-content">Félicitations!</span></p>
<p><span class="field-content">Pour plus d&rsquo;infos, voir le <a href="http://crises.uqam.ca/">site Internet du CRISES</a>.</span></p>
<p>&nbsp;</p>
<p><strong>Liste des récipiendaires des années antérieures</strong></p>
<p>2014</p>
<ul>
<li>Jonathan Scott, Ph.D., UQAM, «Étude sur les transformations discursives et les stratégies d&rsquo;action au sein du syndicalisme québécois depuis 1980 : sociologie syndical en contexte néolibéral», sous la direction de Jean-Marc Fontan et de Sid Ahmed Soussi</li>
<li>Marion Maignan, Ph.D., Université Paris-Est Marne-La-Vallée, «La matérialisation de l&rsquo;innovation sociale dans les dispositifs de gestion : cas de la définition du prix au sein de la SCIC Alter-Conso», sous la direction de Amina Bécheur (Université Paris-Est Marne-La-Vallée)</li>
</ul>
<p>2013</p>
<ul>
<li>Saouré Kouamé, Ph.D., HEC-Montréal, «Diversité affective dans les « upper échelons »», sous la direction de Taïeb Hafsi</li>
</ul>
<p>&nbsp;</p>
<p><strong>Mentions d&rsquo;honneur</strong></p>
<p>2014 </p>
<ul>
<li>Simon Beaubien, Maîtrise, UQAM, «Économie sociale, tourisme et développement local», sous la direction de Juan-Luis Klein</li>
<li>Hadjira Bachiri, Ph.D., Université Lille 1 et TELUQ, «Une méta-analyse qualitative des travaux sur le développement des clusters et leur cycles de vie», sous la direction de Muriel Maillefert (Université Lille 1) et Gabrielle Tremblay</li>
</ul>
<p>&nbsp;</p>
<p>À toutes et tous, félicitations !</p>

<p>Donateur : CRISES C&rsquo;est sous le thème «L&rsquo;innovation sociale à l&rsquo;ère de l&rsquo;austérité : transformations et mobilisations sociales» que s&rsquo;est déroulé le 16e colloque des étudiantEs des cycles supérieurs du&#8230;</p>
