{"id":1276,"date":"2017-02-19T03:50:18","date_gmt":"2017-02-19T02:50:18","guid":{"rendered":"http:\/\/chrs.cieq.ca\/?page_id=1276"},"modified":"2017-05-03T14:09:33","modified_gmt":"2017-05-03T18:09:33","slug":"politique-et-pratique-de-la-prison-de-montreal-1850-1913","status":"publish","type":"page","link":"https:\/\/chrs.uqam.ca\/index.php\/recherche\/realisations\/projets-de-recherche-termines\/politique-et-pratique-de-la-prison-de-montreal-1850-1913\/","title":{"rendered":"Politique et pratique de la prison de Montr\u00e9al, 1850-1913"},"content":{"rendered":"<p>&nbsp;<\/p>\n<h4>Organisme(s) subventionnaire(s)<\/h4>\n<p>Programme d\u2019aide financi\u00e8re \u00e0 la recherche et \u00e0 la cr\u00e9ation (PAFARC)<br \/>\nFacult\u00e9 des sciences humaines (UQAM)<br \/>\nConseil de recherche en sciences humaines du Canada (CRSH)<br \/>\nFondation de l&rsquo;UQAM<br \/>\nFondation Donner<br \/>\nFonds pour la formation de chercheurs et l\u2019aide \u00e0 la recherche (FCAR) du Qu\u00e9bec<\/p>\n<h4>Ann\u00e9es<\/h4>\n<p>1988-1994<\/p>\n<h4>Chercheur(s) CHRS<\/h4>\n<div class=\"su-row\"><div class=\"su-column su-column-size-1-3\"><div class=\"su-column-inner su-u-clearfix su-u-trim\">\n<a href=\"\/index.php\/a-propos\/equipe\/membres-reguliers\/jean-marie-fecteau\/\" target=\"_blank\">Jean-Marie Fecteau\u2020<\/a><br \/>\n<\/div><\/div>\n<div class=\"su-column su-column-size-1-3\"><div class=\"su-column-inner su-u-clearfix su-u-trim\">\n<a href=\"\/index.php\/a-propos\/equipe\/membres-reguliers\/jean-trepanier\/\" target=\"_blank\">Jean Tr\u00e9panier<\/a><br \/>\n<\/div><\/div>\n<div class=\"su-column su-column-size-1-3\"><div class=\"su-column-inner su-u-clearfix su-u-trim\"><\/div><\/div>\n<\/div>\n<p>&nbsp;<\/p>\n<p>Ce projet de recherche avait un objectif double. D'abord enrichir notre connaissance th\u00e9orique et empirique des conditions de d\u00e9veloppement de l'appareil r\u00e9pressif au long de la croissance du capitalisme moderne. Ensuite mettre \u00e0 la disposition des chercheurs et des \u00e9tudiants aux \u00e9tudes avanc\u00e9es un instrument unique de travail, soit une base de donn\u00e9e informatis\u00e9e touchant la population incarc\u00e9r\u00e9e \u00e0 la prison de Montr\u00e9al du milieu du 19e si\u00e8cle au milieu du 20e si\u00e8cle.<\/p>\n","protected":false},"excerpt":{"rendered":"<p>&nbsp; Organisme(s) subventionnaire(s) Programme d\u2019aide financi\u00e8re \u00e0 la recherche et \u00e0 la cr\u00e9ation (PAFARC) Facult\u00e9 des sciences humaines (UQAM) Conseil de recherche en sciences humaines du Canada (CRSH) Fondation de&#8230;<\/p>\n","protected":false},"author":2,"featured_media":0,"parent":52,"menu_order":0,"comment_status":"closed","ping_status":"closed","template":"","meta":{"_monsterinsights_skip_tracking":false,"_monsterinsights_sitenote_active":false,"_monsterinsights_sitenote_note":"","_monsterinsights_sitenote_category":0,"footnotes":""},"class_list":["post-1276","page","type-page","status-publish","hentry"],"_links":{"self":[{"href":"https:\/\/chrs.uqam.ca\/index.php\/wp-json\/wp\/v2\/pages\/1276","targetHints":{"allow":["GET"]}}],"collection":[{"href":"https:\/\/chrs.uqam.ca\/index.php\/wp-json\/wp\/v2\/pages"}],"about":[{"href":"https:\/\/chrs.uqam.ca\/index.php\/wp-json\/wp\/v2\/types\/page"}],"author":[{"embeddable":true,"href":"https:\/\/chrs.uqam.ca\/index.php\/wp-json\/wp\/v2\/users\/2"}],"replies":[{"embeddable":true,"href":"https:\/\/chrs.uqam.ca\/index.php\/wp-json\/wp\/v2\/comments?post=1276"}],"version-history":[{"count":0,"href":"https:\/\/chrs.uqam.ca\/index.php\/wp-json\/wp\/v2\/pages\/1276\/revisions"}],"up":[{"embeddable":true,"href":"https:\/\/chrs.uqam.ca\/index.php\/wp-json\/wp\/v2\/pages\/52"}],"wp:attachment":[{"href":"https:\/\/chrs.uqam.ca\/index.php\/wp-json\/wp\/v2\/media?parent=1276"}],"curies":[{"name":"wp","href":"https:\/\/api.w.org\/{rel}","templated":true}]}}

Politique et pratique de la prison de Montréal, 1850-1913

<p>&nbsp;</p>
<h4>Organisme(s) subventionnaire(s)</h4>
<p>Programme d’aide financière à la recherche et à la création (PAFARC)<br />
Faculté des sciences humaines (UQAM)<br />
Conseil de recherche en sciences humaines du Canada (CRSH)<br />
Fondation de l&rsquo;UQAM<br />
Fondation Donner<br />
Fonds pour la formation de chercheurs et l’aide à la recherche (FCAR) du Québec</p>
<h4>Années</h4>
<p>1988-1994</p>
<h4>Chercheur(s) CHRS</h4>
<div class="su-row"><div class="su-column su-column-size-1-3"><div class="su-column-inner su-u-clearfix su-u-trim">
<a href="/index.php/a-propos/equipe/membres-reguliers/jean-marie-fecteau/" target="_blank">Jean-Marie Fecteau†</a><br />
</div></div>
<div class="su-column su-column-size-1-3"><div class="su-column-inner su-u-clearfix su-u-trim">
<a href="/index.php/a-propos/equipe/membres-reguliers/jean-trepanier/" target="_blank">Jean Trépanier</a><br />
</div></div>
<div class="su-column su-column-size-1-3"><div class="su-column-inner su-u-clearfix su-u-trim"></div></div>
</div>
<p>&nbsp;</p>
<p>Ce projet de recherche avait un objectif double. D'abord enrichir notre connaissance théorique et empirique des conditions de développement de l'appareil répressif au long de la croissance du capitalisme moderne. Ensuite mettre à la disposition des chercheurs et des étudiants aux études avancées un instrument unique de travail, soit une base de donnée informatisée touchant la population incarcérée à la prison de Montréal du milieu du 19e siècle au milieu du 20e siècle.</p>

<p>&nbsp; Organisme(s) subventionnaire(s) Programme d’aide financière à la recherche et à la création (PAFARC) Faculté des sciences humaines (UQAM) Conseil de recherche en sciences humaines du Canada (CRSH) Fondation de&#8230;</p>
