{"id":1268,"date":"2017-02-19T03:20:21","date_gmt":"2017-02-19T02:20:21","guid":{"rendered":"http:\/\/chrs.cieq.ca\/?page_id=1268"},"modified":"2017-05-03T14:12:24","modified_gmt":"2017-05-03T18:12:24","slug":"les-decisions-prises-a-legard-des-jeunes-contrevenants","status":"publish","type":"page","link":"https:\/\/chrs.uqam.ca\/index.php\/recherche\/realisations\/projets-de-recherche-termines\/les-decisions-prises-a-legard-des-jeunes-contrevenants\/","title":{"rendered":"Les d\u00e9cisions prises \u00e0 l&rsquo;\u00e9gard des jeunes contrevenants"},"content":{"rendered":"<p>&nbsp;<\/p>\n<h4>Organisme(s) subventionnaire(s)<\/h4>\n<p>Minist\u00e8re de la Justice du Canada<br \/>\nMinist\u00e8re de la sant\u00e9 et des services sociaux du Qu\u00e9bec<br \/>\nMinist\u00e8re de l&#8217;emploi et de l&rsquo;immigration du Canada<br \/>\nDonation Richelieu<\/p>\n<h4>Ann\u00e9es<\/h4>\n<p>1990-1991<\/p>\n<h4>Chercheur(s) CHRS<\/h4>\n<div class=\"su-row\"><div class=\"su-column su-column-size-1-3\"><div class=\"su-column-inner su-u-clearfix su-u-trim\">\n<a href=\"\/index.php\/a-propos\/equipe\/membres-reguliers\/jean-marie-fecteau\/\" target=\"_blank\">Jean-Marie Fecteau\u2020<\/a><br \/>\n<\/div><\/div>\n<div class=\"su-column su-column-size-1-3\"><div class=\"su-column-inner su-u-clearfix su-u-trim\">\n<\/div><\/div>\n<div class=\"su-column su-column-size-1-3\"><div class=\"su-column-inner su-u-clearfix su-u-trim\"><\/div><\/div>\n<\/div>\n<h4>Autre(s) chercheur(s)<\/h4>\n<div class=\"su-row\"><div class=\"su-column su-column-size-1-3\"><div class=\"su-column-inner su-u-clearfix su-u-trim\">\nLouise Langelier-Biron<br \/>\n<\/div><\/div>\n<div class=\"su-column su-column-size-1-3\"><div class=\"su-column-inner su-u-clearfix su-u-trim\">\n<\/div><\/div>\n<div class=\"su-column su-column-size-1-3\"><div class=\"su-column-inner su-u-clearfix su-u-trim\"><\/div><\/div>\n<\/div>\n","protected":false},"excerpt":{"rendered":"<p>&nbsp; Organisme(s) subventionnaire(s) Minist\u00e8re de la Justice du Canada Minist\u00e8re de la sant\u00e9 et des services sociaux du Qu\u00e9bec Minist\u00e8re de l&#8217;emploi et de l&rsquo;immigration du Canada Donation Richelieu Ann\u00e9es&#8230;<\/p>\n","protected":false},"author":2,"featured_media":0,"parent":52,"menu_order":0,"comment_status":"closed","ping_status":"closed","template":"","meta":{"_monsterinsights_skip_tracking":false,"_monsterinsights_sitenote_active":false,"_monsterinsights_sitenote_note":"","_monsterinsights_sitenote_category":0,"footnotes":""},"class_list":["post-1268","page","type-page","status-publish","hentry"],"_links":{"self":[{"href":"https:\/\/chrs.uqam.ca\/index.php\/wp-json\/wp\/v2\/pages\/1268","targetHints":{"allow":["GET"]}}],"collection":[{"href":"https:\/\/chrs.uqam.ca\/index.php\/wp-json\/wp\/v2\/pages"}],"about":[{"href":"https:\/\/chrs.uqam.ca\/index.php\/wp-json\/wp\/v2\/types\/page"}],"author":[{"embeddable":true,"href":"https:\/\/chrs.uqam.ca\/index.php\/wp-json\/wp\/v2\/users\/2"}],"replies":[{"embeddable":true,"href":"https:\/\/chrs.uqam.ca\/index.php\/wp-json\/wp\/v2\/comments?post=1268"}],"version-history":[{"count":0,"href":"https:\/\/chrs.uqam.ca\/index.php\/wp-json\/wp\/v2\/pages\/1268\/revisions"}],"up":[{"embeddable":true,"href":"https:\/\/chrs.uqam.ca\/index.php\/wp-json\/wp\/v2\/pages\/52"}],"wp:attachment":[{"href":"https:\/\/chrs.uqam.ca\/index.php\/wp-json\/wp\/v2\/media?parent=1268"}],"curies":[{"name":"wp","href":"https:\/\/api.w.org\/{rel}","templated":true}]}}

Les décisions prises à l&rsquo;égard des jeunes contrevenants

<p>&nbsp;</p>
<h4>Organisme(s) subventionnaire(s)</h4>
<p>Ministère de la Justice du Canada<br />
Ministère de la santé et des services sociaux du Québec<br />
Ministère de l&#8217;emploi et de l&rsquo;immigration du Canada<br />
Donation Richelieu</p>
<h4>Années</h4>
<p>1990-1991</p>
<h4>Chercheur(s) CHRS</h4>
<div class="su-row"><div class="su-column su-column-size-1-3"><div class="su-column-inner su-u-clearfix su-u-trim">
<a href="/index.php/a-propos/equipe/membres-reguliers/jean-marie-fecteau/" target="_blank">Jean-Marie Fecteau†</a><br />
</div></div>
<div class="su-column su-column-size-1-3"><div class="su-column-inner su-u-clearfix su-u-trim">
</div></div>
<div class="su-column su-column-size-1-3"><div class="su-column-inner su-u-clearfix su-u-trim"></div></div>
</div>
<h4>Autre(s) chercheur(s)</h4>
<div class="su-row"><div class="su-column su-column-size-1-3"><div class="su-column-inner su-u-clearfix su-u-trim">
Louise Langelier-Biron<br />
</div></div>
<div class="su-column su-column-size-1-3"><div class="su-column-inner su-u-clearfix su-u-trim">
</div></div>
<div class="su-column su-column-size-1-3"><div class="su-column-inner su-u-clearfix su-u-trim"></div></div>
</div>

<p>&nbsp; Organisme(s) subventionnaire(s) Ministère de la Justice du Canada Ministère de la santé et des services sociaux du Québec Ministère de l&#8217;emploi et de l&rsquo;immigration du Canada Donation Richelieu Années&#8230;</p>
