{"id":12514,"date":"2025-09-04T16:50:23","date_gmt":"2025-09-04T20:50:23","guid":{"rendered":"https:\/\/chrs.uqam.ca\/?page_id=12514"},"modified":"2025-09-04T17:21:35","modified_gmt":"2025-09-04T21:21:35","slug":"sophie-richelle","status":"publish","type":"page","link":"https:\/\/chrs.uqam.ca\/index.php\/a-propos\/equipe\/chercheurs-affilies\/sophie-richelle\/","title":{"rendered":"Sophie Richelle"},"content":{"rendered":"\n<figure class=\"wp-block-image size-large is-resized\"><img decoding=\"async\" src=\"https:\/\/chrs.uqam.ca\/wp-content\/uploads\/2025\/09\/RICHELLE-sophie-_A.-Delsoir-Photo_0862_ppWeb-683x1024.jpg\" alt=\"\" class=\"wp-image-12515\" style=\"width:231px;height:auto\"\/><\/figure>\n\n\n\n<p>Sophie&nbsp;Richelle&nbsp;est docteure en histoire de l\u2019Universit\u00e9 du Luxembourg. Ses recherches croisent les notions d\u2019espaces et d\u2019exp\u00e9riences du pass\u00e9. Elle a r\u00e9alis\u00e9 un travail de fin d&rsquo;\u00e9tude sur les femmes ali\u00e9n\u00e9es de l&rsquo;asile de Bailleul, une th\u00e8se sur les hospices bruxellois d&rsquo;assistance publique pour personnes \u00e2g\u00e9es et un post-doctorat sur les bains publics des villes belges. Elle a approfondi ses questionnements avec un post-doctorat \u00e0 l&rsquo;Universit\u00e9 d&rsquo;Ottawa sur la prise en charge des femmes \u00e2g\u00e9es \u00e0 l&rsquo;hospice et \u00e0 l&rsquo;asile. \u00c0 travers ses recherches, elle place au centre de son attention l\u2019exp\u00e9rience sensible, mat\u00e9rielle et humaine d\u2019espaces resserr\u00e9s et particuliers. Elle tente de raconter l\u2019histoire de celles et de ceux qui avaient laiss\u00e9 peu de traces.&nbsp;Sophie&nbsp;Richelle&nbsp;a \u00e9galement une attention particuli\u00e8re pour les mani\u00e8res de raconter l&rsquo;histoire. Celle-ci se traduit par des formats originaux de production des connaissances.&nbsp;<\/p>\n\n\n\n<p><strong>Domaines d&rsquo;int\u00e9r\u00eat<\/strong>:<br>&#8211; Histoire sociale sensible et mat\u00e9rielle;<br>&#8211; Histoire de la folie;<br>&#8211; Histoire de la vieillesse;<br>&#8211; Histoire de la sant\u00e9 (hygi\u00e8ne, bains publics, \u00e9tablissements m\u00e9dico-sociaux);<br>&#8211; Histoire du genre.<\/p>\n\n\n<div class=\"su-spoiler su-spoiler-style-default su-spoiler-icon-chevron su-spoiler-closed\" data-scroll-offset=\"0\" data-anchor-in-url=\"no\"><div class=\"su-spoiler-title\" tabindex=\"0\" role=\"button\"><span class=\"su-spoiler-icon\"><\/span>Coordonn\u00e9es<\/div><div class=\"su-spoiler-content su-u-clearfix su-u-trim\">\n<p><strong>Courriel : <\/strong><br \/>\n<\/div><\/div>\n\n\n<div class=\"su-spoiler su-spoiler-style-default su-spoiler-icon-chevron su-spoiler-closed\" data-scroll-offset=\"0\" data-anchor-in-url=\"no\"><div class=\"su-spoiler-title\" tabindex=\"0\" role=\"button\"><span class=\"su-spoiler-icon\"><\/span>Liens<\/div><div class=\"su-spoiler-content su-u-clearfix su-u-trim\">\n<blockquote class=\"wp-embedded-content\" data-secret=\"Btdn1Sbu9E\"><p><a href=\"https:\/\/bainsdouches.hypotheses.org\/\">Explorations historiennes<\/a><\/p><\/blockquote>\n<p><iframe loading=\"lazy\" class=\"wp-embedded-content\" sandbox=\"allow-scripts\" security=\"restricted\" style=\"position: absolute; visibility: hidden;\" title=\"\u00ab\u00a0Explorations historiennes\u00a0\u00bb &#8212; Explorations historiennes\" src=\"https:\/\/bainsdouches.hypotheses.org\/embed#?secret=gxKwkZeRYN#?secret=Btdn1Sbu9E\" data-secret=\"Btdn1Sbu9E\" width=\"600\" height=\"338\" frameborder=\"0\" marginwidth=\"0\" marginheight=\"0\" scrolling=\"no\"><\/iframe><br \/>\n<\/div><\/div>\n\n\n<div class=\"su-spoiler su-spoiler-style-default su-spoiler-icon-chevron su-spoiler-closed\" data-scroll-offset=\"0\" data-anchor-in-url=\"no\"><div class=\"su-spoiler-title\" tabindex=\"0\" role=\"button\"><span class=\"su-spoiler-icon\"><\/span>Th\u00e8se de doctorat<\/div><div class=\"su-spoiler-content su-u-clearfix su-u-trim\">\nTitre de la th\u00e8se :<br \/>\nDirection :<br \/>\n<\/div><\/div>\n\n\n<div class=\"su-spoiler su-spoiler-style-default su-spoiler-icon-chevron su-spoiler-closed\" data-scroll-offset=\"0\" data-anchor-in-url=\"no\"><div class=\"su-spoiler-title\" tabindex=\"0\" role=\"button\"><span class=\"su-spoiler-icon\"><\/span>M\u00e9moire de ma\u00eetrise<\/div><div class=\"su-spoiler-content su-u-clearfix su-u-trim\">\nTitre du m\u00e9moire :<br \/>\nDirection :<br \/>\n<\/div><\/div>\n\n\n<div class=\"su-spoiler su-spoiler-style-default su-spoiler-icon-chevron\" data-scroll-offset=\"0\" data-anchor-in-url=\"no\"><div class=\"su-spoiler-title\" tabindex=\"0\" role=\"button\"><span class=\"su-spoiler-icon\"><\/span>Nouvelles<\/div><div class=\"su-spoiler-content su-u-clearfix su-u-trim\">\n\n<\/div><\/div>\n","protected":false},"excerpt":{"rendered":"<p>Sophie&nbsp;Richelle&nbsp;est docteure en histoire de l\u2019Universit\u00e9 du Luxembourg. Ses recherches croisent les notions d\u2019espaces et d\u2019exp\u00e9riences du pass\u00e9. Elle a r\u00e9alis\u00e9 un travail de fin d&rsquo;\u00e9tude sur les femmes ali\u00e9n\u00e9es&#8230;<\/p>\n","protected":false},"author":11,"featured_media":0,"parent":67,"menu_order":0,"comment_status":"closed","ping_status":"closed","template":"","meta":{"_monsterinsights_skip_tracking":false,"_monsterinsights_sitenote_active":false,"_monsterinsights_sitenote_note":"","_monsterinsights_sitenote_category":0,"footnotes":""},"class_list":["post-12514","page","type-page","status-publish","hentry"],"_links":{"self":[{"href":"https:\/\/chrs.uqam.ca\/index.php\/wp-json\/wp\/v2\/pages\/12514","targetHints":{"allow":["GET"]}}],"collection":[{"href":"https:\/\/chrs.uqam.ca\/index.php\/wp-json\/wp\/v2\/pages"}],"about":[{"href":"https:\/\/chrs.uqam.ca\/index.php\/wp-json\/wp\/v2\/types\/page"}],"author":[{"embeddable":true,"href":"https:\/\/chrs.uqam.ca\/index.php\/wp-json\/wp\/v2\/users\/11"}],"replies":[{"embeddable":true,"href":"https:\/\/chrs.uqam.ca\/index.php\/wp-json\/wp\/v2\/comments?post=12514"}],"version-history":[{"count":4,"href":"https:\/\/chrs.uqam.ca\/index.php\/wp-json\/wp\/v2\/pages\/12514\/revisions"}],"predecessor-version":[{"id":12522,"href":"https:\/\/chrs.uqam.ca\/index.php\/wp-json\/wp\/v2\/pages\/12514\/revisions\/12522"}],"up":[{"embeddable":true,"href":"https:\/\/chrs.uqam.ca\/index.php\/wp-json\/wp\/v2\/pages\/67"}],"wp:attachment":[{"href":"https:\/\/chrs.uqam.ca\/index.php\/wp-json\/wp\/v2\/media?parent=12514"}],"curies":[{"name":"wp","href":"https:\/\/api.w.org\/{rel}","templated":true}]}}