{"id":12447,"date":"2025-01-30T13:00:31","date_gmt":"2025-01-30T17:00:31","guid":{"rendered":"https:\/\/chrs.uqam.ca\/?page_id=12447"},"modified":"2025-01-30T13:00:34","modified_gmt":"2025-01-30T17:00:34","slug":"flavie-lemoine","status":"publish","type":"page","link":"https:\/\/chrs.uqam.ca\/index.php\/a-propos\/equipe\/membres-etudiants\/flavie-lemoine\/","title":{"rendered":"Flavie Lemoine"},"content":{"rendered":"\n<figure class=\"wp-block-image size-large is-resized\"><img loading=\"lazy\" decoding=\"async\" width=\"768\" height=\"1024\" src=\"https:\/\/chrs.uqam.ca\/wp-content\/uploads\/2025\/01\/Flavie-Lemoine-768x1024.jpg\" alt=\"\" class=\"wp-image-12445\" style=\"width:247px;height:auto\" srcset=\"https:\/\/chrs.uqam.ca\/wp-content\/uploads\/2025\/01\/Flavie-Lemoine-768x1024.jpg 768w, https:\/\/chrs.uqam.ca\/wp-content\/uploads\/2025\/01\/Flavie-Lemoine-225x300.jpg 225w, https:\/\/chrs.uqam.ca\/wp-content\/uploads\/2025\/01\/Flavie-Lemoine-1152x1536.jpg 1152w, https:\/\/chrs.uqam.ca\/wp-content\/uploads\/2025\/01\/Flavie-Lemoine-1536x2048.jpg 1536w, https:\/\/chrs.uqam.ca\/wp-content\/uploads\/2025\/01\/Flavie-Lemoine-scaled.jpg 1920w\" sizes=\"auto, (max-width: 768px) 100vw, 768px\" \/><\/figure>\n\n\n\n<p><strong>Universit\u00e9 de Montr\u00e9al<br>D\u00e9partement d&rsquo;histoire<\/strong><\/p>\n\n\n\n<p>Flavie Lemoine est \u00e9tudiante \u00e0 la ma\u00eetrise en histoire \u00e0 l\u2019Universit\u00e9 de Montr\u00e9al sous la direction conjointe de Catherine Larochelle (UdeM) et de Daniel Ross (UQ\u00c0M). Elle s\u2019int\u00e9resse \u00e0 la perception de l\u2019opinion publique montr\u00e9alaise sur l\u2019immigration entre 1901 et 1911.<\/p>\n\n\n\n<p>Son projet vise \u00e0 \u00e9valuer comment la repr\u00e9sentation m\u00e9diatique des immigrants \u00e0 Montr\u00e9al a contribu\u00e9 \u00e0 la construction d\u2019une opposition culturelle et raciale entre les populations immigrantes et le groupe majoritaire. Cette \u00e9tude s\u2019appuie principalement sur les repr\u00e9sentations m\u00e9diatiques des immigrants dans les journaux les plus influent de l\u2019\u00e9poque, le <em>Montreal Star<\/em> et <em>La Presse<\/em>, ainsi que sur l\u2019analyse du traitement juridique de certaines causes impliquant des immigrants.<\/p>\n\n\n\n<p>Flavie est actuellement pr\u00e9sidente du comit\u00e9 organisateur du colloque \u00e9tudiant de l\u2019Association des \u00e9tudiant.e.s dipl\u00f4m\u00e9.e.s en histoire de l\u2019Universit\u00e9 de Montr\u00e9al. Elle si\u00e8ge \u00e9galement au comit\u00e9 ex\u00e9cutif de cette association \u00e0 titre de conseill\u00e8re aux affaires externes.<\/p>\n\n\n\n<div class=\"su-spoiler su-spoiler-style-default su-spoiler-icon-chevron su-spoiler-closed\" data-scroll-offset=\"0\" data-anchor-in-url=\"no\"><div class=\"su-spoiler-title\" tabindex=\"0\" role=\"button\"><span class=\"su-spoiler-icon\"><\/span>Coordonn\u00e9es<\/div><div class=\"su-spoiler-content su-u-clearfix su-u-trim\">\n\n\n\n<p><strong>Courriel : <\/strong>flavie.lemoine@umontreal.ca<\/div><\/div>\n\n\n\n<div class=\"su-spoiler su-spoiler-style-default su-spoiler-icon-chevron su-spoiler-closed\" data-scroll-offset=\"0\" data-anchor-in-url=\"no\"><div class=\"su-spoiler-title\" tabindex=\"0\" role=\"button\"><span class=\"su-spoiler-icon\"><\/span>Liens<\/div><div class=\"su-spoiler-content su-u-clearfix su-u-trim\">\n\n\n\n<p><a href=\"https:\/\/chrs.uqam.ca\/wp-content\/uploads\/2025\/01\/Flavie-Lemoine-CV-janvier2025.pdf\" data-type=\"link\" data-id=\"https:\/\/chrs.uqam.ca\/wp-content\/uploads\/2024\/02\/KimGelinas_CV_2024.pdf\" target=\"_blank\" rel=\"noreferrer noopener\">Curriculum vitae<\/a><br><\/div><\/div>\n\n\n\n<div class=\"su-spoiler su-spoiler-style-default su-spoiler-icon-chevron su-spoiler-closed\" data-scroll-offset=\"0\" data-anchor-in-url=\"no\"><div class=\"su-spoiler-title\" tabindex=\"0\" role=\"button\"><span class=\"su-spoiler-icon\"><\/span>Bourses, prix et distinctions<\/div><div class=\"su-spoiler-content su-u-clearfix su-u-trim\">\n\n\n\n<p>Bourse en \u00e9tudes qu\u00e9b\u00e9coises (D\u00e9partement d\u2019histoire de l\u2019Universit\u00e9 de Montr\u00e9al) \u2013 2024<br>Bourse du Fonds de recherche du Qu\u00e9bec \u2013 Soci\u00e9t\u00e9 et culture (FRQSC) \u2013 2024<br><\/div><\/div>\n\n\n\n<div class=\"su-spoiler su-spoiler-style-default su-spoiler-icon-chevron\" data-scroll-offset=\"0\" data-anchor-in-url=\"no\"><div class=\"su-spoiler-title\" tabindex=\"0\" role=\"button\"><span class=\"su-spoiler-icon\"><\/span>Nouvelles<\/div><div class=\"su-spoiler-content su-u-clearfix su-u-trim\"><br><br><\/div><\/div>\n","protected":false},"excerpt":{"rendered":"<p>Universit\u00e9 de Montr\u00e9alD\u00e9partement d&rsquo;histoire Flavie Lemoine est \u00e9tudiante \u00e0 la ma\u00eetrise en histoire \u00e0 l\u2019Universit\u00e9 de Montr\u00e9al sous la direction conjointe de Catherine Larochelle (UdeM) et de Daniel Ross (UQ\u00c0M)&#8230;.<\/p>\n","protected":false},"author":11,"featured_media":0,"parent":455,"menu_order":0,"comment_status":"closed","ping_status":"closed","template":"","meta":{"_monsterinsights_skip_tracking":false,"_monsterinsights_sitenote_active":false,"_monsterinsights_sitenote_note":"","_monsterinsights_sitenote_category":0,"footnotes":""},"class_list":["post-12447","page","type-page","status-publish","hentry"],"_links":{"self":[{"href":"https:\/\/chrs.uqam.ca\/index.php\/wp-json\/wp\/v2\/pages\/12447","targetHints":{"allow":["GET"]}}],"collection":[{"href":"https:\/\/chrs.uqam.ca\/index.php\/wp-json\/wp\/v2\/pages"}],"about":[{"href":"https:\/\/chrs.uqam.ca\/index.php\/wp-json\/wp\/v2\/types\/page"}],"author":[{"embeddable":true,"href":"https:\/\/chrs.uqam.ca\/index.php\/wp-json\/wp\/v2\/users\/11"}],"replies":[{"embeddable":true,"href":"https:\/\/chrs.uqam.ca\/index.php\/wp-json\/wp\/v2\/comments?post=12447"}],"version-history":[{"count":1,"href":"https:\/\/chrs.uqam.ca\/index.php\/wp-json\/wp\/v2\/pages\/12447\/revisions"}],"predecessor-version":[{"id":12448,"href":"https:\/\/chrs.uqam.ca\/index.php\/wp-json\/wp\/v2\/pages\/12447\/revisions\/12448"}],"up":[{"embeddable":true,"href":"https:\/\/chrs.uqam.ca\/index.php\/wp-json\/wp\/v2\/pages\/455"}],"wp:attachment":[{"href":"https:\/\/chrs.uqam.ca\/index.php\/wp-json\/wp\/v2\/media?parent=12447"}],"curies":[{"name":"wp","href":"https:\/\/api.w.org\/{rel}","templated":true}]}}

<figure class="wp-block-image size-large is-resized"><img loading="lazy" decoding="async" width="768" height="1024" src="https://chrs.uqam.ca/wp-content/uploads/2025/01/Flavie-Lemoine-768x1024.jpg" alt="" class="wp-image-12445" style="width:247px;height:auto" srcset="https://chrs.uqam.ca/wp-content/uploads/2025/01/Flavie-Lemoine-768x1024.jpg 768w, https://chrs.uqam.ca/wp-content/uploads/2025/01/Flavie-Lemoine-225x300.jpg 225w, https://chrs.uqam.ca/wp-content/uploads/2025/01/Flavie-Lemoine-1152x1536.jpg 1152w, https://chrs.uqam.ca/wp-content/uploads/2025/01/Flavie-Lemoine-1536x2048.jpg 1536w, https://chrs.uqam.ca/wp-content/uploads/2025/01/Flavie-Lemoine-scaled.jpg 1920w" sizes="auto, (max-width: 768px) 100vw, 768px" /></figure>



<p><strong>Université de Montréal<br>Département d&rsquo;histoire</strong></p>



<p>Flavie Lemoine est étudiante à la maîtrise en histoire à l’Université de Montréal sous la direction conjointe de Catherine Larochelle (UdeM) et de Daniel Ross (UQÀM). Elle s’intéresse à la perception de l’opinion publique montréalaise sur l’immigration entre 1901 et 1911.</p>



<p>Son projet vise à évaluer comment la représentation médiatique des immigrants à Montréal a contribué à la construction d’une opposition culturelle et raciale entre les populations immigrantes et le groupe majoritaire. Cette étude s’appuie principalement sur les représentations médiatiques des immigrants dans les journaux les plus influent de l’époque, le <em>Montreal Star</em> et <em>La Presse</em>, ainsi que sur l’analyse du traitement juridique de certaines causes impliquant des immigrants.</p>



<p>Flavie est actuellement présidente du comité organisateur du colloque étudiant de l’Association des étudiant.e.s diplômé.e.s en histoire de l’Université de Montréal. Elle siège également au comité exécutif de cette association à titre de conseillère aux affaires externes.</p>



<div class="su-spoiler su-spoiler-style-default su-spoiler-icon-chevron su-spoiler-closed" data-scroll-offset="0" data-anchor-in-url="no"><div class="su-spoiler-title" tabindex="0" role="button"><span class="su-spoiler-icon"></span>Coordonnées</div><div class="su-spoiler-content su-u-clearfix su-u-trim">



<p><strong>Courriel : </strong>flavie.lemoine@umontreal.ca</div></div>



<div class="su-spoiler su-spoiler-style-default su-spoiler-icon-chevron su-spoiler-closed" data-scroll-offset="0" data-anchor-in-url="no"><div class="su-spoiler-title" tabindex="0" role="button"><span class="su-spoiler-icon"></span>Liens</div><div class="su-spoiler-content su-u-clearfix su-u-trim">



<p><a href="https://chrs.uqam.ca/wp-content/uploads/2025/01/Flavie-Lemoine-CV-janvier2025.pdf" data-type="link" data-id="https://chrs.uqam.ca/wp-content/uploads/2024/02/KimGelinas_CV_2024.pdf" target="_blank" rel="noreferrer noopener">Curriculum vitae</a><br></div></div>



<div class="su-spoiler su-spoiler-style-default su-spoiler-icon-chevron su-spoiler-closed" data-scroll-offset="0" data-anchor-in-url="no"><div class="su-spoiler-title" tabindex="0" role="button"><span class="su-spoiler-icon"></span>Bourses, prix et distinctions</div><div class="su-spoiler-content su-u-clearfix su-u-trim">



<p>Bourse en études québécoises (Département d’histoire de l’Université de Montréal) – 2024<br>Bourse du Fonds de recherche du Québec – Société et culture (FRQSC) – 2024<br></div></div>



<div class="su-spoiler su-spoiler-style-default su-spoiler-icon-chevron" data-scroll-offset="0" data-anchor-in-url="no"><div class="su-spoiler-title" tabindex="0" role="button"><span class="su-spoiler-icon"></span>Nouvelles</div><div class="su-spoiler-content su-u-clearfix su-u-trim"><br><br></div></div>

<p>Université de MontréalDépartement d&rsquo;histoire Flavie Lemoine est étudiante à la maîtrise en histoire à l’Université de Montréal sous la direction conjointe de Catherine Larochelle (UdeM) et de Daniel Ross (UQÀM)&#8230;.</p>
