{"id":12407,"date":"2024-12-18T13:28:04","date_gmt":"2024-12-18T17:28:04","guid":{"rendered":"https:\/\/chrs.uqam.ca\/?page_id=12407"},"modified":"2024-12-18T13:28:06","modified_gmt":"2024-12-18T17:28:06","slug":"ulrik-doyon","status":"publish","type":"page","link":"https:\/\/chrs.uqam.ca\/index.php\/a-propos\/equipe\/membres-etudiants\/ulrik-doyon\/","title":{"rendered":"Ulrik Doyon"},"content":{"rendered":"\n<figure class=\"wp-block-image size-large is-resized\"><img loading=\"lazy\" decoding=\"async\" width=\"1032\" height=\"1848\" src=\"https:\/\/chrs.uqam.ca\/wp-content\/uploads\/2024\/12\/Ulrik-Doyon-edited.jpg\" alt=\"\" class=\"wp-image-12409\" style=\"width:166px;height:auto\" srcset=\"https:\/\/chrs.uqam.ca\/wp-content\/uploads\/2024\/12\/Ulrik-Doyon-edited.jpg 1032w, https:\/\/chrs.uqam.ca\/wp-content\/uploads\/2024\/12\/Ulrik-Doyon-edited-168x300.jpg 168w, https:\/\/chrs.uqam.ca\/wp-content\/uploads\/2024\/12\/Ulrik-Doyon-edited-572x1024.jpg 572w, https:\/\/chrs.uqam.ca\/wp-content\/uploads\/2024\/12\/Ulrik-Doyon-edited-768x1375.jpg 768w, https:\/\/chrs.uqam.ca\/wp-content\/uploads\/2024\/12\/Ulrik-Doyon-edited-858x1536.jpg 858w\" sizes=\"auto, (max-width: 1032px) 100vw, 1032px\" \/><\/figure>\n\n\n\n<p><strong>Universit\u00e9 de Montr\u00e9al<br>D\u00e9partement d&rsquo;histoire<\/strong><\/p>\n\n\n\n<p>D\u00e9tenteur d\u2019un DEC en musique et dipl\u00f4m\u00e9 de l\u2019Universit\u00e9 Bishop\u2019s avec une mineure en administration des arts, Ulrik Doyon est d\u00e9sormais candidat \u00e0 la ma\u00eetrise en histoire, option Histoire au coll\u00e9gial, sous la direction d&rsquo;Ollivier Hubert. <\/p>\n\n\n\n<p>Son projet de m\u00e9moire traite de l\u2019\u00e9volution des pratiques toponymiques ainsi que des d\u00e9bats et dynamiques m\u00e9morielles entourant l\u2019attribution des noms de rues entre 1959 et 2008 \u00e0 Terrebonne, banlieue issue de deux regroupements municipaux distincts.<\/p>\n\n\n\n<p>Son parcours relativement atypique refl\u00e8te ses int\u00e9r\u00eats pluridisciplinaires, allant de la politique au disque vinyle. Ses recherches portent principalement sur l\u2019histoire urbaine et socioculturelle du Qu\u00e9bec, plus particuli\u00e8rement celle de la banlieue d\u2019apr\u00e8s-guerre post-R\u00e9volution tranquille qui n\u2019a pas encore \u00e9t\u00e9 beaucoup \u00e9tudi\u00e9e dans une perspective historique.<\/p>\n\n\n\n<div class=\"su-spoiler su-spoiler-style-default su-spoiler-icon-chevron su-spoiler-closed\" data-scroll-offset=\"0\" data-anchor-in-url=\"no\"><div class=\"su-spoiler-title\" tabindex=\"0\" role=\"button\"><span class=\"su-spoiler-icon\"><\/span>Coordonn\u00e9es<\/div><div class=\"su-spoiler-content su-u-clearfix su-u-trim\">\n\n\n\n<p><strong>Courriel : <\/strong>ulrik.doyon@umontreal.ca<\/div><\/div>\n\n\n\n<div class=\"su-spoiler su-spoiler-style-default su-spoiler-icon-chevron su-spoiler-closed\" data-scroll-offset=\"0\" data-anchor-in-url=\"no\"><div class=\"su-spoiler-title\" tabindex=\"0\" role=\"button\"><span class=\"su-spoiler-icon\"><\/span>Liens<\/div><div class=\"su-spoiler-content su-u-clearfix su-u-trim\">\n\n\n\n<p><a href=\"https:\/\/chrs.uqam.ca\/wp-content\/uploads\/2024\/12\/Ulrik-Doyon-CV-decembre2024.pdf\" data-type=\"link\" data-id=\"https:\/\/chrs.uqam.ca\/wp-content\/uploads\/2024\/02\/KimGelinas_CV_2024.pdf\" target=\"_blank\" rel=\"noreferrer noopener\">Curriculum vitae<\/a><br><\/div><\/div>\n\n\n\n<div class=\"su-spoiler su-spoiler-style-default su-spoiler-icon-chevron su-spoiler-closed\" data-scroll-offset=\"0\" data-anchor-in-url=\"no\"><div class=\"su-spoiler-title\" tabindex=\"0\" role=\"button\"><span class=\"su-spoiler-icon\"><\/span>Bourses, prix et distinctions<\/div><div class=\"su-spoiler-content su-u-clearfix su-u-trim\">\n\n\n\n<p>Bourse Sun Life (Bourse d\u2019excellence des ESP) \u2013 2024 (UdeM)<br>Prix d\u00e9partemental Malcolm &amp; Evelyn Doak\/Malcolm &amp; Evelyn Doak Prize in History \u2013 2023 (Bishop\u2019s)<br>Bourse Robin Burns\/Robin Burns Memorial Scholarship \u2013 2022-2023 (Bishop\u2019s)<\/p>\n\n\n\n<\/div><\/div>\n\n\n\n<div class=\"su-spoiler su-spoiler-style-default su-spoiler-icon-chevron\" data-scroll-offset=\"0\" data-anchor-in-url=\"no\"><div class=\"su-spoiler-title\" tabindex=\"0\" role=\"button\"><span class=\"su-spoiler-icon\"><\/span>Nouvelles<\/div><div class=\"su-spoiler-content su-u-clearfix su-u-trim\"><br><br><\/div><\/div>\n","protected":false},"excerpt":{"rendered":"<p>Universit\u00e9 de Montr\u00e9alD\u00e9partement d&rsquo;histoire D\u00e9tenteur d\u2019un DEC en musique et dipl\u00f4m\u00e9 de l\u2019Universit\u00e9 Bishop\u2019s avec une mineure en administration des arts, Ulrik Doyon est d\u00e9sormais candidat \u00e0 la ma\u00eetrise en&#8230;<\/p>\n","protected":false},"author":11,"featured_media":0,"parent":455,"menu_order":0,"comment_status":"closed","ping_status":"closed","template":"","meta":{"_monsterinsights_skip_tracking":false,"_monsterinsights_sitenote_active":false,"_monsterinsights_sitenote_note":"","_monsterinsights_sitenote_category":0,"footnotes":""},"class_list":["post-12407","page","type-page","status-publish","hentry"],"_links":{"self":[{"href":"https:\/\/chrs.uqam.ca\/index.php\/wp-json\/wp\/v2\/pages\/12407","targetHints":{"allow":["GET"]}}],"collection":[{"href":"https:\/\/chrs.uqam.ca\/index.php\/wp-json\/wp\/v2\/pages"}],"about":[{"href":"https:\/\/chrs.uqam.ca\/index.php\/wp-json\/wp\/v2\/types\/page"}],"author":[{"embeddable":true,"href":"https:\/\/chrs.uqam.ca\/index.php\/wp-json\/wp\/v2\/users\/11"}],"replies":[{"embeddable":true,"href":"https:\/\/chrs.uqam.ca\/index.php\/wp-json\/wp\/v2\/comments?post=12407"}],"version-history":[{"count":1,"href":"https:\/\/chrs.uqam.ca\/index.php\/wp-json\/wp\/v2\/pages\/12407\/revisions"}],"predecessor-version":[{"id":12411,"href":"https:\/\/chrs.uqam.ca\/index.php\/wp-json\/wp\/v2\/pages\/12407\/revisions\/12411"}],"up":[{"embeddable":true,"href":"https:\/\/chrs.uqam.ca\/index.php\/wp-json\/wp\/v2\/pages\/455"}],"wp:attachment":[{"href":"https:\/\/chrs.uqam.ca\/index.php\/wp-json\/wp\/v2\/media?parent=12407"}],"curies":[{"name":"wp","href":"https:\/\/api.w.org\/{rel}","templated":true}]}}

<figure class="wp-block-image size-large is-resized"><img loading="lazy" decoding="async" width="1032" height="1848" src="https://chrs.uqam.ca/wp-content/uploads/2024/12/Ulrik-Doyon-edited.jpg" alt="" class="wp-image-12409" style="width:166px;height:auto" srcset="https://chrs.uqam.ca/wp-content/uploads/2024/12/Ulrik-Doyon-edited.jpg 1032w, https://chrs.uqam.ca/wp-content/uploads/2024/12/Ulrik-Doyon-edited-168x300.jpg 168w, https://chrs.uqam.ca/wp-content/uploads/2024/12/Ulrik-Doyon-edited-572x1024.jpg 572w, https://chrs.uqam.ca/wp-content/uploads/2024/12/Ulrik-Doyon-edited-768x1375.jpg 768w, https://chrs.uqam.ca/wp-content/uploads/2024/12/Ulrik-Doyon-edited-858x1536.jpg 858w" sizes="auto, (max-width: 1032px) 100vw, 1032px" /></figure>



<p><strong>Université de Montréal<br>Département d&rsquo;histoire</strong></p>



<p>Détenteur d’un DEC en musique et diplômé de l’Université Bishop’s avec une mineure en administration des arts, Ulrik Doyon est désormais candidat à la maîtrise en histoire, option Histoire au collégial, sous la direction d&rsquo;Ollivier Hubert. </p>



<p>Son projet de mémoire traite de l’évolution des pratiques toponymiques ainsi que des débats et dynamiques mémorielles entourant l’attribution des noms de rues entre 1959 et 2008 à Terrebonne, banlieue issue de deux regroupements municipaux distincts.</p>



<p>Son parcours relativement atypique reflète ses intérêts pluridisciplinaires, allant de la politique au disque vinyle. Ses recherches portent principalement sur l’histoire urbaine et socioculturelle du Québec, plus particulièrement celle de la banlieue d’après-guerre post-Révolution tranquille qui n’a pas encore été beaucoup étudiée dans une perspective historique.</p>



<div class="su-spoiler su-spoiler-style-default su-spoiler-icon-chevron su-spoiler-closed" data-scroll-offset="0" data-anchor-in-url="no"><div class="su-spoiler-title" tabindex="0" role="button"><span class="su-spoiler-icon"></span>Coordonnées</div><div class="su-spoiler-content su-u-clearfix su-u-trim">



<p><strong>Courriel : </strong>ulrik.doyon@umontreal.ca</div></div>



<div class="su-spoiler su-spoiler-style-default su-spoiler-icon-chevron su-spoiler-closed" data-scroll-offset="0" data-anchor-in-url="no"><div class="su-spoiler-title" tabindex="0" role="button"><span class="su-spoiler-icon"></span>Liens</div><div class="su-spoiler-content su-u-clearfix su-u-trim">



<p><a href="https://chrs.uqam.ca/wp-content/uploads/2024/12/Ulrik-Doyon-CV-decembre2024.pdf" data-type="link" data-id="https://chrs.uqam.ca/wp-content/uploads/2024/02/KimGelinas_CV_2024.pdf" target="_blank" rel="noreferrer noopener">Curriculum vitae</a><br></div></div>



<div class="su-spoiler su-spoiler-style-default su-spoiler-icon-chevron su-spoiler-closed" data-scroll-offset="0" data-anchor-in-url="no"><div class="su-spoiler-title" tabindex="0" role="button"><span class="su-spoiler-icon"></span>Bourses, prix et distinctions</div><div class="su-spoiler-content su-u-clearfix su-u-trim">



<p>Bourse Sun Life (Bourse d’excellence des ESP) – 2024 (UdeM)<br>Prix départemental Malcolm &amp; Evelyn Doak/Malcolm &amp; Evelyn Doak Prize in History – 2023 (Bishop’s)<br>Bourse Robin Burns/Robin Burns Memorial Scholarship – 2022-2023 (Bishop’s)</p>



</div></div>



<div class="su-spoiler su-spoiler-style-default su-spoiler-icon-chevron" data-scroll-offset="0" data-anchor-in-url="no"><div class="su-spoiler-title" tabindex="0" role="button"><span class="su-spoiler-icon"></span>Nouvelles</div><div class="su-spoiler-content su-u-clearfix su-u-trim"><br><br></div></div>

<p>Université de MontréalDépartement d&rsquo;histoire Détenteur d’un DEC en musique et diplômé de l’Université Bishop’s avec une mineure en administration des arts, Ulrik Doyon est désormais candidat à la maîtrise en&#8230;</p>
