{"id":12383,"date":"2024-11-13T14:53:25","date_gmt":"2024-11-13T18:53:25","guid":{"rendered":"https:\/\/chrs.uqam.ca\/?page_id=12383"},"modified":"2024-11-13T15:45:38","modified_gmt":"2024-11-13T19:45:38","slug":"alexane-roy","status":"publish","type":"page","link":"https:\/\/chrs.uqam.ca\/index.php\/a-propos\/equipe\/membres-etudiants\/alexane-roy\/","title":{"rendered":"Alexane Roy"},"content":{"rendered":"\n<p><strong>Universit\u00e9 de Sherbrooke<br>D\u00e9partement d&rsquo;histoire<\/strong><\/p>\n\n\n\n<p>Alexane Roy est dipl\u00f4m\u00e9e d\u2019un baccalaur\u00e9at en histoire de l\u2019Universit\u00e9 de Sherbrooke. Depuis l\u2019automne 2024, toujours \u00e0 l\u2019Universit\u00e9 de Sherbrooke, elle est candidate \u00e0 la ma\u00eetrise en histoire sous la direction d\u2019Emilie Malenfant. Son projet de m\u00e9moire s\u2019intitule\u00a0<em>Les repr\u00e9sentations de la vieillesse f\u00e9minine dans la presse f\u00e9minine qu\u00e9b\u00e9coise\u00a0: les cas de <\/em>Ch\u00e2telaine<em> et de <\/em>Clin d\u2019\u0153il,<em> 1960-2024<\/em>. Le projet de recherche consiste \u00e0 \u00e9tudier les repr\u00e9sentations de la vieillesse des femmes v\u00e9hicul\u00e9es par les images et les discours dans deux magazines de la presse f\u00e9minine qu\u00e9b\u00e9coise ainsi que leur \u00e9volution.<\/p>\n\n\n\n<p>Dans le cadre de ses recherches, elle d\u00e9sire mettre en \u00e9vidence les repr\u00e9sentations de la vieillesse \u00e0 travers une perspective intersectionnelle et genr\u00e9e. Elle souhaite ainsi contribuer \u00e0 deux historiographies qui se sont jusqu\u2019ici peu crois\u00e9es&nbsp;: celle de la vieillesse et celle de la presse f\u00e9minine.<\/p>\n\n\n<div class=\"su-spoiler su-spoiler-style-default su-spoiler-icon-chevron su-spoiler-closed\" data-scroll-offset=\"0\" data-anchor-in-url=\"no\"><div class=\"su-spoiler-title\" tabindex=\"0\" role=\"button\"><span class=\"su-spoiler-icon\"><\/span>Coordonn\u00e9es<\/div><div class=\"su-spoiler-content su-u-clearfix su-u-trim\">\n<p><strong>Courriel :&nbsp;<\/strong><span class=\"marksu3d5ayyy\" data-markjs=\"true\" data-ogac=\"\" data-ogab=\"\" data-ogsc=\"\" data-ogsb=\"\">alexane.roy@usherbrooke.ca<\/div><\/div>\n\n\n<div class=\"su-spoiler su-spoiler-style-default su-spoiler-icon-chevron\" data-scroll-offset=\"0\" data-anchor-in-url=\"no\"><div class=\"su-spoiler-title\" tabindex=\"0\" role=\"button\"><span class=\"su-spoiler-icon\"><\/span>Nouvelles<\/div><div class=\"su-spoiler-content su-u-clearfix su-u-trim\">\n\n<\/div><\/div>\n","protected":false},"excerpt":{"rendered":"<p>Universit\u00e9 de SherbrookeD\u00e9partement d&rsquo;histoire Alexane Roy est dipl\u00f4m\u00e9e d\u2019un baccalaur\u00e9at en histoire de l\u2019Universit\u00e9 de Sherbrooke. Depuis l\u2019automne 2024, toujours \u00e0 l\u2019Universit\u00e9 de Sherbrooke, elle est candidate \u00e0 la ma\u00eetrise&#8230;<\/p>\n","protected":false},"author":11,"featured_media":0,"parent":455,"menu_order":0,"comment_status":"closed","ping_status":"closed","template":"","meta":{"_monsterinsights_skip_tracking":false,"_monsterinsights_sitenote_active":false,"_monsterinsights_sitenote_note":"","_monsterinsights_sitenote_category":0,"footnotes":""},"class_list":["post-12383","page","type-page","status-publish","hentry"],"_links":{"self":[{"href":"https:\/\/chrs.uqam.ca\/index.php\/wp-json\/wp\/v2\/pages\/12383","targetHints":{"allow":["GET"]}}],"collection":[{"href":"https:\/\/chrs.uqam.ca\/index.php\/wp-json\/wp\/v2\/pages"}],"about":[{"href":"https:\/\/chrs.uqam.ca\/index.php\/wp-json\/wp\/v2\/types\/page"}],"author":[{"embeddable":true,"href":"https:\/\/chrs.uqam.ca\/index.php\/wp-json\/wp\/v2\/users\/11"}],"replies":[{"embeddable":true,"href":"https:\/\/chrs.uqam.ca\/index.php\/wp-json\/wp\/v2\/comments?post=12383"}],"version-history":[{"count":1,"href":"https:\/\/chrs.uqam.ca\/index.php\/wp-json\/wp\/v2\/pages\/12383\/revisions"}],"predecessor-version":[{"id":12384,"href":"https:\/\/chrs.uqam.ca\/index.php\/wp-json\/wp\/v2\/pages\/12383\/revisions\/12384"}],"up":[{"embeddable":true,"href":"https:\/\/chrs.uqam.ca\/index.php\/wp-json\/wp\/v2\/pages\/455"}],"wp:attachment":[{"href":"https:\/\/chrs.uqam.ca\/index.php\/wp-json\/wp\/v2\/media?parent=12383"}],"curies":[{"name":"wp","href":"https:\/\/api.w.org\/{rel}","templated":true}]}}