{"id":1217,"date":"2017-02-18T06:16:57","date_gmt":"2017-02-18T05:16:57","guid":{"rendered":"http:\/\/chrs.cieq.ca\/?page_id=1217"},"modified":"2017-02-18T06:16:57","modified_gmt":"2017-02-18T05:16:57","slug":"droit-francais-diversite-ethnique-et-culture-juridique-bas-canadienne","status":"publish","type":"page","link":"https:\/\/chrs.uqam.ca\/index.php\/recherche\/realisations\/projets-de-recherche-termines\/droit-francais-diversite-ethnique-et-culture-juridique-bas-canadienne\/","title":{"rendered":"Droit fran\u00e7ais, diversit\u00e9 ethnique et culture juridique bas-canadienne : la m\u00e9diation interculturelle des avocats devant la justice montr\u00e9alaise, 1795-1825"},"content":{"rendered":"<p>&nbsp;<\/p>\n<h4>Organisme(s) subventionnaire(s)<\/h4>\n<p>Fonds de recherche sur la soci\u00e9t\u00e9 et la culture (FQRSC)<\/p>\n<h4>Ann\u00e9es<\/h4>\n<p>2007-2010<\/p>\n<p>&nbsp;<\/p>\n<p>Ce projet entendait \u00e9tudier la culture juridique bas-canadienne en examinant le travail des avocats qui plaident devant la justice britannique de Montr\u00e9al, \u00e0 un moment o\u00f9 la soci\u00e9t\u00e9 coloniale conna\u00eet une diversit\u00e9 ethnique croissante. \u00c0 partir de l\u2019Acte de Qu\u00e9bec qui restaure le droit civil fran\u00e7ais (1774), la m\u00e9diation des avocats constitue une donn\u00e9e aussi importante que m\u00e9connue du rapport que la population coloniale a entretenu avec l\u2019univers des r\u00e8gles juridiques. Les travaux sur la culture juridique montrent que les fa\u00e7ons de faire et de penser en mati\u00e8re de droit s\u2019\u00e9laborent souvent dans le contact entre l\u2019homme de loi et le justiciable. Si on conna\u00eet bien les insatisfactions de certaines \u00e9lites britanniques face \u00e0 ce droit jug\u00e9 r\u00e9trograde ou incompr\u00e9hensible, on sait en revanche peu de choses des comportements et repr\u00e9sentations qu\u2019entretiennent \u00e0 cet \u00e9gard certains segments de la population comme les immigrants britanniques qui s\u2019\u00e9tablissent dans la vall\u00e9e laurentienne. L\u2019hypoth\u00e8se veut que les avocats \u2014 ceux qui repr\u00e9sentent les justiciables et r\u00e8glent en cour les conflits interpellant particuli\u00e8rement le droit fran\u00e7ais \u2014 participent \u00e0 un important processus de diffusion et de construction d\u2019une culture juridique originale, faite d\u2019emprunts et d\u2019amalgames. L\u2019analyse du recours en justice et l\u2019\u00e9tude des proc\u00e9dures judiciaires permettaient d\u2019apporter un \u00e9clairage sur ces processus inscrits dans une dynamique judiciaire fondamentalement interculturelle. La p\u00e9riode couverte par le projet permettait de saisir les rythmes de cette \u00e9laboration interculturelle des fa\u00e7ons de faire et de penser en mati\u00e8re de justice et de droit civil.<\/p>\n","protected":false},"excerpt":{"rendered":"<p>&nbsp; Organisme(s) subventionnaire(s) Fonds de recherche sur la soci\u00e9t\u00e9 et la culture (FQRSC) Ann\u00e9es 2007-2010 &nbsp; Ce projet entendait \u00e9tudier la culture juridique bas-canadienne en examinant le travail des avocats&#8230;<\/p>\n","protected":false},"author":2,"featured_media":0,"parent":52,"menu_order":0,"comment_status":"closed","ping_status":"closed","template":"","meta":{"_monsterinsights_skip_tracking":false,"_monsterinsights_sitenote_active":false,"_monsterinsights_sitenote_note":"","_monsterinsights_sitenote_category":0,"footnotes":""},"class_list":["post-1217","page","type-page","status-publish","hentry"],"_links":{"self":[{"href":"https:\/\/chrs.uqam.ca\/index.php\/wp-json\/wp\/v2\/pages\/1217","targetHints":{"allow":["GET"]}}],"collection":[{"href":"https:\/\/chrs.uqam.ca\/index.php\/wp-json\/wp\/v2\/pages"}],"about":[{"href":"https:\/\/chrs.uqam.ca\/index.php\/wp-json\/wp\/v2\/types\/page"}],"author":[{"embeddable":true,"href":"https:\/\/chrs.uqam.ca\/index.php\/wp-json\/wp\/v2\/users\/2"}],"replies":[{"embeddable":true,"href":"https:\/\/chrs.uqam.ca\/index.php\/wp-json\/wp\/v2\/comments?post=1217"}],"version-history":[{"count":0,"href":"https:\/\/chrs.uqam.ca\/index.php\/wp-json\/wp\/v2\/pages\/1217\/revisions"}],"up":[{"embeddable":true,"href":"https:\/\/chrs.uqam.ca\/index.php\/wp-json\/wp\/v2\/pages\/52"}],"wp:attachment":[{"href":"https:\/\/chrs.uqam.ca\/index.php\/wp-json\/wp\/v2\/media?parent=1217"}],"curies":[{"name":"wp","href":"https:\/\/api.w.org\/{rel}","templated":true}]}}

Droit français, diversité ethnique et culture juridique bas-canadienne : la médiation interculturelle des avocats devant la justice montréalaise, 1795-1825

<p>&nbsp;</p>
<h4>Organisme(s) subventionnaire(s)</h4>
<p>Fonds de recherche sur la société et la culture (FQRSC)</p>
<h4>Années</h4>
<p>2007-2010</p>
<p>&nbsp;</p>
<p>Ce projet entendait étudier la culture juridique bas-canadienne en examinant le travail des avocats qui plaident devant la justice britannique de Montréal, à un moment où la société coloniale connaît une diversité ethnique croissante. À partir de l’Acte de Québec qui restaure le droit civil français (1774), la médiation des avocats constitue une donnée aussi importante que méconnue du rapport que la population coloniale a entretenu avec l’univers des règles juridiques. Les travaux sur la culture juridique montrent que les façons de faire et de penser en matière de droit s’élaborent souvent dans le contact entre l’homme de loi et le justiciable. Si on connaît bien les insatisfactions de certaines élites britanniques face à ce droit jugé rétrograde ou incompréhensible, on sait en revanche peu de choses des comportements et représentations qu’entretiennent à cet égard certains segments de la population comme les immigrants britanniques qui s’établissent dans la vallée laurentienne. L’hypothèse veut que les avocats — ceux qui représentent les justiciables et règlent en cour les conflits interpellant particulièrement le droit français — participent à un important processus de diffusion et de construction d’une culture juridique originale, faite d’emprunts et d’amalgames. L’analyse du recours en justice et l’étude des procédures judiciaires permettaient d’apporter un éclairage sur ces processus inscrits dans une dynamique judiciaire fondamentalement interculturelle. La période couverte par le projet permettait de saisir les rythmes de cette élaboration interculturelle des façons de faire et de penser en matière de justice et de droit civil.</p>

<p>&nbsp; Organisme(s) subventionnaire(s) Fonds de recherche sur la société et la culture (FQRSC) Années 2007-2010 &nbsp; Ce projet entendait étudier la culture juridique bas-canadienne en examinant le travail des avocats&#8230;</p>
