{"id":1209,"date":"2017-02-18T05:42:09","date_gmt":"2017-02-18T04:42:09","guid":{"rendered":"http:\/\/chrs.cieq.ca\/?page_id=1209"},"modified":"2017-05-03T14:38:57","modified_gmt":"2017-05-03T18:38:57","slug":"aux-origines-de-la-societe-du-risque","status":"publish","type":"page","link":"https:\/\/chrs.uqam.ca\/index.php\/recherche\/realisations\/projets-de-recherche-termines\/aux-origines-de-la-societe-du-risque\/","title":{"rendered":"Aux origines de la soci\u00e9t\u00e9 du risque : les risques sociaux et les assurances sociales au Qu\u00e9bec et au Canada (1919-1945)"},"content":{"rendered":"<p>&nbsp;<\/p>\n<h4>Organisme(s) subventionnaire(s)<\/h4>\n<p>Gouvernement du Qu\u00e9bec : Fonds de recherche sur la soci\u00e9t\u00e9 et la culture (FQRSC &#8211; Jeune chercheur)<\/p>\n<h4>Ann\u00e9es<\/h4>\n<p>2009-2013<\/p>\n<h4>Chercheur(s) CHRS<\/h4>\n<div class=\"su-row\"><div class=\"su-column su-column-size-1-3\"><div class=\"su-column-inner su-u-clearfix su-u-trim\">\n<a href=\"\/index.php\/a-propos\/equipe\/membres-reguliers\/martin-petitclerc\/\" target=\"_blank\">Martin Petitclerc<\/a><br \/>\n<\/div><\/div>\n<div class=\"su-column su-column-size-1-3\"><div class=\"su-column-inner su-u-clearfix su-u-trim\">\n<\/div><\/div>\n<div class=\"su-column su-column-size-1-3\"><div class=\"su-column-inner su-u-clearfix su-u-trim\"><\/div><\/div>\n<\/div>\n<p>&nbsp;<\/p>\n<p>La remise en question de l'\u00c9tat-providence, et en particulier du syst\u00e8me de sant\u00e9 qu\u00e9b\u00e9cois, est au coeur de ce projet de recherche. Cette remise en question a bien signifi\u00e9 la fin du grand consensus social \u00e9tabli lors de la R\u00e9volution tranquille. Ce consensus d\u00e9coulait d'une certaine id\u00e9e des risques sociaux que la collectivit\u00e9 devait assumer, id\u00e9e qui avait \u00e9t\u00e9 l'objet de conflits et de n\u00e9gociations depuis les ann\u00e9es 1920. Le r\u00f4le que devait jouer l'assurance, non pas en tant que simple technique \u00abneutre\u00bb de r\u00e9partition des risques, mais plut\u00f4t en tant que forme politique que devait prendre la solidarit\u00e9 dans les soci\u00e9t\u00e9s lib\u00e9rales, a \u00e9t\u00e9 au coeur de ces conflits et de ces n\u00e9gociations. Le pr\u00e9sent projet vise donc \u00e0 \u00e9clairer ces enjeux \u00e0 partir d'une r\u00e9flexion historique sur la construction des risques sociaux et leur prise en charge par les m\u00e9canismes de l'assurance sociale au Qu\u00e9bec et au Canada entre 1919 et 1945. Plus pr\u00e9cis\u00e9ment, nous analyserons trois \u00e9v\u00e9nements fortement imbriqu\u00e9s, soit les travaux de la Commission provinciale sur les assurances sociales (1931-1933), ceux de la Commission de la sant\u00e9 et de la s\u00e9curit\u00e9 du travail (1928-1945) et, enfin, les d\u00e9bats entourant l'assurance-maladie entre 1919 et 1945. Si nos hypoth\u00e8ses s'av\u00e9raient fond\u00e9es, nous pourront montrer que la \u00absolution assurancielle\u00bb \u00e0 la question sociale, telle qu'elle a \u00e9t\u00e9 n\u00e9goci\u00e9e dans l'entre-guerre, a d\u00e9bouch\u00e9 sur une forme appauvrie du lien social et de la solidarit\u00e9, posant ainsi les germes des contradictions du syst\u00e8me de protection sociale actuel.<\/p>\n","protected":false},"excerpt":{"rendered":"<p>&nbsp; Organisme(s) subventionnaire(s) Gouvernement du Qu\u00e9bec : Fonds de recherche sur la soci\u00e9t\u00e9 et la culture (FQRSC &#8211; Jeune chercheur) Ann\u00e9es 2009-2013 Chercheur(s) CHRS &nbsp; La remise en question de&#8230;<\/p>\n","protected":false},"author":2,"featured_media":0,"parent":52,"menu_order":0,"comment_status":"closed","ping_status":"closed","template":"","meta":{"_monsterinsights_skip_tracking":false,"_monsterinsights_sitenote_active":false,"_monsterinsights_sitenote_note":"","_monsterinsights_sitenote_category":0,"footnotes":""},"class_list":["post-1209","page","type-page","status-publish","hentry"],"_links":{"self":[{"href":"https:\/\/chrs.uqam.ca\/index.php\/wp-json\/wp\/v2\/pages\/1209","targetHints":{"allow":["GET"]}}],"collection":[{"href":"https:\/\/chrs.uqam.ca\/index.php\/wp-json\/wp\/v2\/pages"}],"about":[{"href":"https:\/\/chrs.uqam.ca\/index.php\/wp-json\/wp\/v2\/types\/page"}],"author":[{"embeddable":true,"href":"https:\/\/chrs.uqam.ca\/index.php\/wp-json\/wp\/v2\/users\/2"}],"replies":[{"embeddable":true,"href":"https:\/\/chrs.uqam.ca\/index.php\/wp-json\/wp\/v2\/comments?post=1209"}],"version-history":[{"count":0,"href":"https:\/\/chrs.uqam.ca\/index.php\/wp-json\/wp\/v2\/pages\/1209\/revisions"}],"up":[{"embeddable":true,"href":"https:\/\/chrs.uqam.ca\/index.php\/wp-json\/wp\/v2\/pages\/52"}],"wp:attachment":[{"href":"https:\/\/chrs.uqam.ca\/index.php\/wp-json\/wp\/v2\/media?parent=1209"}],"curies":[{"name":"wp","href":"https:\/\/api.w.org\/{rel}","templated":true}]}}

Aux origines de la société du risque : les risques sociaux et les assurances sociales au Québec et au Canada (1919-1945)

<p>&nbsp;</p>
<h4>Organisme(s) subventionnaire(s)</h4>
<p>Gouvernement du Québec : Fonds de recherche sur la société et la culture (FQRSC &#8211; Jeune chercheur)</p>
<h4>Années</h4>
<p>2009-2013</p>
<h4>Chercheur(s) CHRS</h4>
<div class="su-row"><div class="su-column su-column-size-1-3"><div class="su-column-inner su-u-clearfix su-u-trim">
<a href="/index.php/a-propos/equipe/membres-reguliers/martin-petitclerc/" target="_blank">Martin Petitclerc</a><br />
</div></div>
<div class="su-column su-column-size-1-3"><div class="su-column-inner su-u-clearfix su-u-trim">
</div></div>
<div class="su-column su-column-size-1-3"><div class="su-column-inner su-u-clearfix su-u-trim"></div></div>
</div>
<p>&nbsp;</p>
<p>La remise en question de l'État-providence, et en particulier du système de santé québécois, est au coeur de ce projet de recherche. Cette remise en question a bien signifié la fin du grand consensus social établi lors de la Révolution tranquille. Ce consensus découlait d'une certaine idée des risques sociaux que la collectivité devait assumer, idée qui avait été l'objet de conflits et de négociations depuis les années 1920. Le rôle que devait jouer l'assurance, non pas en tant que simple technique «neutre» de répartition des risques, mais plutôt en tant que forme politique que devait prendre la solidarité dans les sociétés libérales, a été au coeur de ces conflits et de ces négociations. Le présent projet vise donc à éclairer ces enjeux à partir d'une réflexion historique sur la construction des risques sociaux et leur prise en charge par les mécanismes de l'assurance sociale au Québec et au Canada entre 1919 et 1945. Plus précisément, nous analyserons trois événements fortement imbriqués, soit les travaux de la Commission provinciale sur les assurances sociales (1931-1933), ceux de la Commission de la santé et de la sécurité du travail (1928-1945) et, enfin, les débats entourant l'assurance-maladie entre 1919 et 1945. Si nos hypothèses s'avéraient fondées, nous pourront montrer que la «solution assurancielle» à la question sociale, telle qu'elle a été négociée dans l'entre-guerre, a débouché sur une forme appauvrie du lien social et de la solidarité, posant ainsi les germes des contradictions du système de protection sociale actuel.</p>

<p>&nbsp; Organisme(s) subventionnaire(s) Gouvernement du Québec : Fonds de recherche sur la société et la culture (FQRSC &#8211; Jeune chercheur) Années 2009-2013 Chercheur(s) CHRS &nbsp; La remise en question de&#8230;</p>
