{"id":1207,"date":"2017-02-18T05:23:48","date_gmt":"2017-02-18T04:23:48","guid":{"rendered":"http:\/\/chrs.cieq.ca\/?page_id=1207"},"modified":"2017-05-03T14:30:17","modified_gmt":"2017-05-03T18:30:17","slug":"gestion-des-risques-sociaux-et-reponses-aux-vulnerabilites","status":"publish","type":"page","link":"https:\/\/chrs.uqam.ca\/index.php\/recherche\/realisations\/projets-de-recherche-termines\/gestion-des-risques-sociaux-et-reponses-aux-vulnerabilites\/","title":{"rendered":"Gestion des risques sociaux et r\u00e9ponses aux vuln\u00e9rabilit\u00e9s et probl\u00e8mes sociaux au Qu\u00e9bec, 19e et 20e si\u00e8cles"},"content":{"rendered":"<p>&nbsp;<\/p>\n<h4>Organisme(s) subventionnaire(s)<\/h4>\n<p>Gouvernement du Qu\u00e9bec : Fonds de recherche sur la soci\u00e9t\u00e9 et la culture (FQRSC)<\/p>\n<h4>Ann\u00e9es<\/h4>\n<p>2009-2013<\/p>\n<h4>Chercheur(s) CHRS<\/h4>\n<div class=\"su-row\"><div class=\"su-column su-column-size-1-3\"><div class=\"su-column-inner su-u-clearfix su-u-trim\">\n<a href=\"\/index.php\/a-propos\/equipe\/membres-reguliers\/jean-marie-fecteau\/\" target=\"_blank\">Jean-Marie Fecteau\u2020<\/a><br \/>\n<a href=\"\/index.php\/a-propos\/equipe\/membres-reguliers\/louise-bienvenue\/\" target=\"_blank\">Louise Bienvenue<\/a><br \/>\n<a href=\"\/index.php\/a-propos\/equipe\/membres-reguliers\/guy-cucumel\/\" target=\"_blank\">Guy Cucumel<\/a><br \/>\n<\/div><\/div>\n<div class=\"su-column su-column-size-1-3\"><div class=\"su-column-inner su-u-clearfix su-u-trim\">\n<a href=\"\/index.php\/a-propos\/equipe\/membres-reguliers\/jean-trepanier\/\" target=\"_blank\">Jean Tr\u00e9panier<\/a><br \/>\n<a href=\"\/index.php\/a-propos\/equipe\/chercheurs-affilies\/thierry-nootens\/\" target=\"_blank\">Thierry Nootens<\/a><br \/>\n<a href=\"\/index.php\/a-propos\/equipe\/membres-reguliers\/martin-petitclerc\/\" target=\"_blank\">Martin Petitclerc<\/a><br \/>\n<\/div><\/div>\n<div class=\"su-column su-column-size-1-3\"><div class=\"su-column-inner su-u-clearfix su-u-trim\"><\/div><\/div>\n<a href=\"\/index.php\/a-propos\/equipe\/membres-reguliers\/janice-harvey\/\" target=\"_blank\">Janice Harvey<\/a><br \/>\n<a href=\"\/index.php\/a-propos\/equipe\/membres-reguliers\/marie-claude-thifault\/\" target=\"_blank\">Marie-Claude Thifault<\/a><br \/>\n<\/div>\n<p>&nbsp;<\/p>\n<p>Le CHRS interroge l\u2019historicit\u00e9 des modes d\u2019appr\u00e9hension et de gestion des probl\u00e8mes sociaux aux 19e et 20e si\u00e8cles en prenant la soci\u00e9t\u00e9 montr\u00e9alaise comme principal terrain d\u2019analyse. Son objectif consiste \u00e0 analyser la trame d\u2019implantation et d\u2019expansion des dispositifs institutionnels de r\u00e9gulation des vuln\u00e9rabilit\u00e9s et dangerosit\u00e9s dans ce tissu social urbano-industriel sp\u00e9cifique durant la transition entre les formes anciennes de protection et la protection syst\u00e9matis\u00e9e des programmes sociaux de l\u2019\u00c9tat-providence, du d\u00e9but du 19e si\u00e8cle aux ann\u00e9es 1960.<\/p>\n<p>Ensemble, les membres du CHRS comptent parvenir, au del\u00e0 des objectifs sp\u00e9cifiques de leurs recherches particuli\u00e8res, \u00e0 une reconceptualisation des formes du changement social et des modalit\u00e9s de r\u00e9gulation des probl\u00e8mes sociaux, \u00e0 la d\u00e9finition en cette mati\u00e8re de nouvelles cat\u00e9gories analytiques, historiquement fond\u00e9es mais visant la compr\u00e9hension du pr\u00e9sent.<\/p>\n","protected":false},"excerpt":{"rendered":"<p>&nbsp; Organisme(s) subventionnaire(s) Gouvernement du Qu\u00e9bec : Fonds de recherche sur la soci\u00e9t\u00e9 et la culture (FQRSC) Ann\u00e9es 2009-2013 Chercheur(s) CHRS &nbsp; Le CHRS interroge l\u2019historicit\u00e9 des modes d\u2019appr\u00e9hension et&#8230;<\/p>\n","protected":false},"author":2,"featured_media":0,"parent":52,"menu_order":0,"comment_status":"closed","ping_status":"closed","template":"","meta":{"_monsterinsights_skip_tracking":false,"_monsterinsights_sitenote_active":false,"_monsterinsights_sitenote_note":"","_monsterinsights_sitenote_category":0,"footnotes":""},"class_list":["post-1207","page","type-page","status-publish","hentry"],"_links":{"self":[{"href":"https:\/\/chrs.uqam.ca\/index.php\/wp-json\/wp\/v2\/pages\/1207","targetHints":{"allow":["GET"]}}],"collection":[{"href":"https:\/\/chrs.uqam.ca\/index.php\/wp-json\/wp\/v2\/pages"}],"about":[{"href":"https:\/\/chrs.uqam.ca\/index.php\/wp-json\/wp\/v2\/types\/page"}],"author":[{"embeddable":true,"href":"https:\/\/chrs.uqam.ca\/index.php\/wp-json\/wp\/v2\/users\/2"}],"replies":[{"embeddable":true,"href":"https:\/\/chrs.uqam.ca\/index.php\/wp-json\/wp\/v2\/comments?post=1207"}],"version-history":[{"count":0,"href":"https:\/\/chrs.uqam.ca\/index.php\/wp-json\/wp\/v2\/pages\/1207\/revisions"}],"up":[{"embeddable":true,"href":"https:\/\/chrs.uqam.ca\/index.php\/wp-json\/wp\/v2\/pages\/52"}],"wp:attachment":[{"href":"https:\/\/chrs.uqam.ca\/index.php\/wp-json\/wp\/v2\/media?parent=1207"}],"curies":[{"name":"wp","href":"https:\/\/api.w.org\/{rel}","templated":true}]}}