{"id":12049,"date":"2023-02-28T14:47:01","date_gmt":"2023-02-28T18:47:01","guid":{"rendered":"https:\/\/chrs.uqam.ca\/?page_id=12049"},"modified":"2024-02-28T15:47:16","modified_gmt":"2024-02-28T19:47:16","slug":"maxime-lalo","status":"publish","type":"page","link":"https:\/\/chrs.uqam.ca\/index.php\/a-propos\/equipe\/membres-etudiants\/maxime-lalo\/","title":{"rendered":"Maxime Lalo"},"content":{"rendered":"\n<figure class=\"wp-block-image size-large is-resized\"><img loading=\"lazy\" decoding=\"async\" width=\"753\" height=\"1024\" src=\"https:\/\/chrs.uqam.ca\/wp-content\/uploads\/2024\/02\/MaximeLalo-753x1024.jpeg\" alt=\"\" class=\"wp-image-12041\" style=\"width:247px;height:auto\" srcset=\"https:\/\/chrs.uqam.ca\/wp-content\/uploads\/2024\/02\/MaximeLalo-753x1024.jpeg 753w, https:\/\/chrs.uqam.ca\/wp-content\/uploads\/2024\/02\/MaximeLalo-221x300.jpeg 221w, https:\/\/chrs.uqam.ca\/wp-content\/uploads\/2024\/02\/MaximeLalo-768x1045.jpeg 768w, https:\/\/chrs.uqam.ca\/wp-content\/uploads\/2024\/02\/MaximeLalo-1129x1536.jpeg 1129w, https:\/\/chrs.uqam.ca\/wp-content\/uploads\/2024\/02\/MaximeLalo-1505x2048.jpeg 1505w, https:\/\/chrs.uqam.ca\/wp-content\/uploads\/2024\/02\/MaximeLalo.jpeg 1548w\" sizes=\"auto, (max-width: 753px) 100vw, 753px\" \/><\/figure>\n\n\n\n<p><strong>Universit\u00e9 de Sherbrooke<\/strong><br><strong>D\u00e9partement d&rsquo;histoire<\/strong><\/p>\n\n\n\n<p>Je suis un Innu de la communaut\u00e9 de Pakua-Shipu, situ\u00e9e sur la Basse-C\u00f4te-Nord du Qu\u00e9bec. Je suis actuellement candidat \u00e0 la ma\u00eetrise en histoire et \u00e9tudiant au microprogramme en \u00e9tudes autochtones \u00e0 l\u2019Universit\u00e9 de Sherbrooke. Mes recherches portent sur la transmission interg\u00e9n\u00e9rationnelle, la m\u00e9moire et la r\u00e9sistance des Pakuashipiunnuat dans le cadre de la d\u00e9portation des Innus de Pakuashipi (1961-1963). Je privil\u00e9gie des m\u00e9thodes historiques (histoire orale), anthropologiques (travail de terrain) et ethnographiques (observation participante) pour comprendre le rapport qu\u2019entretiennent les Innus envers leur propre histoire et comment certains \u00e9v\u00e9nements historiques peuvent mener \u00e0 une r\u00e9surgence culturelle et identitaire au sein des communaut\u00e9s innues au Qu\u00e9bec.<\/p>\n\n\n\n<p>Mon projet de m\u00e9moire, qui s\u2019inscrit dans le projet de recherche \u00ab Histoire, m\u00e9moire et r\u00e9cits de la relocalisation forc\u00e9e des Innus de Pakuashipi \u00bb (dirig\u00e9 par Laurent J\u00e9r\u00f4me, en partenariat avec l\u2019Institut Tshakapesh et le Conseil de bande des Innus de Pakuashipi), vise donc \u00e0 mettre en valeur la tradition orale innue comme source historique \u00e0 travers l\u2019analyse des m\u00e9canismes de transmission interg\u00e9n\u00e9rationnelle chez les Innus, tout en participant \u00e0 la patrimonialisation de l\u2019histoire de la communaut\u00e9 de Pakua-Shipu. <\/p>\n\n\n\n<p>Je suis \u00e9galement professionnel de recherche pour La Bo\u00eete Rouge VIF, un organisme autochtone \u00e0 but non lucratif qui a pour mandat la pr\u00e9servation, la transmission et la valorisation des patrimoines culturels des Premiers Peuples, par une approche de concertation et de cocr\u00e9ation.<\/p>\n\n\n\n<div class=\"su-spoiler su-spoiler-style-default su-spoiler-icon-chevron su-spoiler-closed\" data-scroll-offset=\"0\" data-anchor-in-url=\"no\"><div class=\"su-spoiler-title\" tabindex=\"0\" role=\"button\"><span class=\"su-spoiler-icon\"><\/span>Coordonn\u00e9es<\/div><div class=\"su-spoiler-content su-u-clearfix su-u-trim\">\n\n\n\n<p><strong>Courriel :<\/strong> <br>maxime.lalo@usherbrooke.ca<br>lalo.maxime@uqam.ca<\/div><\/div>\n\n\n\n<div class=\"su-spoiler su-spoiler-style-default su-spoiler-icon-chevron su-spoiler-closed\" data-scroll-offset=\"0\" data-anchor-in-url=\"no\"><div class=\"su-spoiler-title\" tabindex=\"0\" role=\"button\"><span class=\"su-spoiler-icon\"><\/span>Liens<\/div><div class=\"su-spoiler-content su-u-clearfix su-u-trim\">\n\n\n\n<p><a href=\"https:\/\/chrs.uqam.ca\/wp-content\/uploads\/2024\/02\/MaximeLalo_CV_2024.pdf\" data-type=\"link\" data-id=\"https:\/\/chrs.uqam.ca\/wp-content\/uploads\/2024\/02\/KimGelinas_CV_2024.pdf\" target=\"_blank\" rel=\"noreferrer noopener\">Curriculum vitae<\/a><br><\/div><\/div>\n\n\n\n<div class=\"su-spoiler su-spoiler-style-default su-spoiler-icon-chevron su-spoiler-closed\" data-scroll-offset=\"0\" data-anchor-in-url=\"no\"><div class=\"su-spoiler-title\" tabindex=\"0\" role=\"button\"><span class=\"su-spoiler-icon\"><\/span>Bourses, prix et distinctions<\/div><div class=\"su-spoiler-content su-u-clearfix su-u-trim\">\n\n\n\n<p>Bourse de recherche \u00e0 la ma\u00eetrise du Fonds de recherche du Qu\u00e9bec &#8211; Soci\u00e9t\u00e9 et culture (FRQSC) \u2013 2023<br>Bourse de soutien \u00e0 la recherche du Centre interuniversitaire de recherches et d\u2019\u00e9tudes autochtones (CI\u00c9RA) \u2013 2023<br>Bourse institutionnelle de la Facult\u00e9 des lettres et sciences humaines de l\u2019Universit\u00e9 de Sherbrooke \u2013 2022<br>Bourse d\u2019admission \u00e0 la ma\u00eetrise de l\u2019Universit\u00e9 de Sherbrooke \u2013 2022<br><\/div><\/div>\n\n\n\n<div class=\"su-spoiler su-spoiler-style-default su-spoiler-icon-chevron\" data-scroll-offset=\"0\" data-anchor-in-url=\"no\"><div class=\"su-spoiler-title\" tabindex=\"0\" role=\"button\"><span class=\"su-spoiler-icon\"><\/span>Nouvelles<\/div><div class=\"su-spoiler-content su-u-clearfix su-u-trim\"><br><br><\/div><\/div>\n","protected":false},"excerpt":{"rendered":"<p>Universit\u00e9 de SherbrookeD\u00e9partement d&rsquo;histoire Je suis un Innu de la communaut\u00e9 de Pakua-Shipu, situ\u00e9e sur la Basse-C\u00f4te-Nord du Qu\u00e9bec. Je suis actuellement candidat \u00e0 la ma\u00eetrise en histoire et \u00e9tudiant&#8230;<\/p>\n","protected":false},"author":11,"featured_media":0,"parent":455,"menu_order":0,"comment_status":"closed","ping_status":"closed","template":"","meta":{"_monsterinsights_skip_tracking":false,"_monsterinsights_sitenote_active":false,"_monsterinsights_sitenote_note":"","_monsterinsights_sitenote_category":0,"footnotes":""},"class_list":["post-12049","page","type-page","status-publish","hentry"],"_links":{"self":[{"href":"https:\/\/chrs.uqam.ca\/index.php\/wp-json\/wp\/v2\/pages\/12049","targetHints":{"allow":["GET"]}}],"collection":[{"href":"https:\/\/chrs.uqam.ca\/index.php\/wp-json\/wp\/v2\/pages"}],"about":[{"href":"https:\/\/chrs.uqam.ca\/index.php\/wp-json\/wp\/v2\/types\/page"}],"author":[{"embeddable":true,"href":"https:\/\/chrs.uqam.ca\/index.php\/wp-json\/wp\/v2\/users\/11"}],"replies":[{"embeddable":true,"href":"https:\/\/chrs.uqam.ca\/index.php\/wp-json\/wp\/v2\/comments?post=12049"}],"version-history":[{"count":2,"href":"https:\/\/chrs.uqam.ca\/index.php\/wp-json\/wp\/v2\/pages\/12049\/revisions"}],"predecessor-version":[{"id":12051,"href":"https:\/\/chrs.uqam.ca\/index.php\/wp-json\/wp\/v2\/pages\/12049\/revisions\/12051"}],"up":[{"embeddable":true,"href":"https:\/\/chrs.uqam.ca\/index.php\/wp-json\/wp\/v2\/pages\/455"}],"wp:attachment":[{"href":"https:\/\/chrs.uqam.ca\/index.php\/wp-json\/wp\/v2\/media?parent=12049"}],"curies":[{"name":"wp","href":"https:\/\/api.w.org\/{rel}","templated":true}]}}