{"id":11980,"date":"2023-02-21T15:17:00","date_gmt":"2023-02-21T19:17:00","guid":{"rendered":"https:\/\/chrs.uqam.ca\/?page_id=11980"},"modified":"2024-02-26T12:14:20","modified_gmt":"2024-02-26T16:14:20","slug":"alseini-cissokho","status":"publish","type":"page","link":"https:\/\/chrs.uqam.ca\/index.php\/a-propos\/equipe\/membres-etudiants\/alseini-cissokho\/","title":{"rendered":"Alseini Cissokho"},"content":{"rendered":"\n<p><strong>Universit\u00e9 Le Havre Normandie<br>D\u00e9partement d&rsquo;histoire<\/strong><\/p>\n\n\n\n<p>Je suis candidat \u00e0 la ma\u00eetrise en histoire \u00e0 l&rsquo;universit\u00e9 Le Havre Normandie, en France. J&rsquo;ai valid\u00e9 mon dipl\u00f4me de licence d&rsquo;histoire, parcours G\u00e9ographie et am\u00e9nagement du territoire, dans la m\u00eame universit\u00e9 en juin 2023.<\/p>\n\n\n\n<p>Dans le cadre de la r\u00e9alisation de mon projet de m\u00e9moire de ma\u00eetrise, j&rsquo;ai trouv\u00e9 int\u00e9ressant de faire un trimestre d&rsquo;\u00e9change \u00e0 l&rsquo;universit\u00e9 de Sherbrooke. En effet, je r\u00e9alise mon m\u00e9moire sous la direction de Louise Bienvenue et de Carole Christen (professeure d&rsquo;histoire contemporaine \u00e0 l&rsquo;universit\u00e9 Le Havre Normandie.)\u00a0<\/p>\n\n\n\n<p>\u200b\u200b\u200b\u200b\u200b\u200bMon projet de recherche porte sur une histoire compar\u00e9e France \/ Qu\u00e9bec (Canada) autour de la question des repr\u00e9sentations de l&rsquo;alt\u00e9rit\u00e9 (populations et territoires colonis\u00e9s plus sp\u00e9cifiquement) dans les programmes et pratiques p\u00e9dagogiques sous la Troisi\u00e8me R\u00e9publique en France et au sein de l&rsquo;instititution scolaire qu\u00e9b\u00e9coise (1880-1940).\u00a0<\/p>\n\n\n\n<div class=\"su-spoiler su-spoiler-style-default su-spoiler-icon-chevron su-spoiler-closed\" data-scroll-offset=\"0\" data-anchor-in-url=\"no\"><div class=\"su-spoiler-title\" tabindex=\"0\" role=\"button\"><span class=\"su-spoiler-icon\"><\/span>Coordonn\u00e9es<\/div><div class=\"su-spoiler-content su-u-clearfix su-u-trim\">\n\n\n\n<p><strong>Courriel : <\/strong>alseinicissokho99@gmail.com<\/div><\/div>\n\n\n\n<div class=\"su-spoiler su-spoiler-style-default su-spoiler-icon-chevron su-spoiler-closed\" data-scroll-offset=\"0\" data-anchor-in-url=\"no\"><div class=\"su-spoiler-title\" tabindex=\"0\" role=\"button\"><span class=\"su-spoiler-icon\"><\/span>Liens<\/div><div class=\"su-spoiler-content su-u-clearfix su-u-trim\">\n\n\n\n<p><a href=\"https:\/\/chrs.uqam.ca\/wp-content\/uploads\/2024\/02\/AlseiniCissokho_CV_2024.pdf\" data-type=\"link\" data-id=\"https:\/\/chrs.uqam.ca\/wp-content\/uploads\/2024\/02\/KimGelinas_CV_2024.pdf\" target=\"_blank\" rel=\"noreferrer noopener\">Curriculum vitae<\/a><br><\/div><\/div>\n\n\n\n<div class=\"su-spoiler su-spoiler-style-default su-spoiler-icon-chevron su-spoiler-closed\" data-scroll-offset=\"0\" data-anchor-in-url=\"no\"><div class=\"su-spoiler-title\" tabindex=\"0\" role=\"button\"><span class=\"su-spoiler-icon\"><\/span>Bourses, prix et distinctions<\/div><div class=\"su-spoiler-content su-u-clearfix su-u-trim\">\n\n\n\n<p>Bourse de soutien \u00e0 la mobilit\u00e9 internationale (AMI) du minist\u00e8re de l&rsquo;Enseignement sup\u00e9rieur de France<br><\/div><\/div>\n\n\n\n<div class=\"su-spoiler su-spoiler-style-default su-spoiler-icon-chevron\" data-scroll-offset=\"0\" data-anchor-in-url=\"no\"><div class=\"su-spoiler-title\" tabindex=\"0\" role=\"button\"><span class=\"su-spoiler-icon\"><\/span>Nouvelles<\/div><div class=\"su-spoiler-content su-u-clearfix su-u-trim\"><br><br><\/div><\/div>\n","protected":false},"excerpt":{"rendered":"<p>Universit\u00e9 Le Havre NormandieD\u00e9partement d&rsquo;histoire Je suis candidat \u00e0 la ma\u00eetrise en histoire \u00e0 l&rsquo;universit\u00e9 Le Havre Normandie, en France. J&rsquo;ai valid\u00e9 mon dipl\u00f4me de licence d&rsquo;histoire, parcours G\u00e9ographie et&#8230;<\/p>\n","protected":false},"author":11,"featured_media":0,"parent":455,"menu_order":0,"comment_status":"closed","ping_status":"closed","template":"","meta":{"_monsterinsights_skip_tracking":false,"_monsterinsights_sitenote_active":false,"_monsterinsights_sitenote_note":"","_monsterinsights_sitenote_category":0,"footnotes":""},"class_list":["post-11980","page","type-page","status-publish","hentry"],"_links":{"self":[{"href":"https:\/\/chrs.uqam.ca\/index.php\/wp-json\/wp\/v2\/pages\/11980","targetHints":{"allow":["GET"]}}],"collection":[{"href":"https:\/\/chrs.uqam.ca\/index.php\/wp-json\/wp\/v2\/pages"}],"about":[{"href":"https:\/\/chrs.uqam.ca\/index.php\/wp-json\/wp\/v2\/types\/page"}],"author":[{"embeddable":true,"href":"https:\/\/chrs.uqam.ca\/index.php\/wp-json\/wp\/v2\/users\/11"}],"replies":[{"embeddable":true,"href":"https:\/\/chrs.uqam.ca\/index.php\/wp-json\/wp\/v2\/comments?post=11980"}],"version-history":[{"count":2,"href":"https:\/\/chrs.uqam.ca\/index.php\/wp-json\/wp\/v2\/pages\/11980\/revisions"}],"predecessor-version":[{"id":12034,"href":"https:\/\/chrs.uqam.ca\/index.php\/wp-json\/wp\/v2\/pages\/11980\/revisions\/12034"}],"up":[{"embeddable":true,"href":"https:\/\/chrs.uqam.ca\/index.php\/wp-json\/wp\/v2\/pages\/455"}],"wp:attachment":[{"href":"https:\/\/chrs.uqam.ca\/index.php\/wp-json\/wp\/v2\/media?parent=11980"}],"curies":[{"name":"wp","href":"https:\/\/api.w.org\/{rel}","templated":true}]}}

<p><strong>Université Le Havre Normandie<br>Département d&rsquo;histoire</strong></p>



<p>Je suis candidat à la maîtrise en histoire à l&rsquo;université Le Havre Normandie, en France. J&rsquo;ai validé mon diplôme de licence d&rsquo;histoire, parcours Géographie et aménagement du territoire, dans la même université en juin 2023.</p>



<p>Dans le cadre de la réalisation de mon projet de mémoire de maîtrise, j&rsquo;ai trouvé intéressant de faire un trimestre d&rsquo;échange à l&rsquo;université de Sherbrooke. En effet, je réalise mon mémoire sous la direction de Louise Bienvenue et de Carole Christen (professeure d&rsquo;histoire contemporaine à l&rsquo;université Le Havre Normandie.) </p>



<p>​​​​​​Mon projet de recherche porte sur une histoire comparée France / Québec (Canada) autour de la question des représentations de l&rsquo;altérité (populations et territoires colonisés plus spécifiquement) dans les programmes et pratiques pédagogiques sous la Troisième République en France et au sein de l&rsquo;instititution scolaire québécoise (1880-1940). </p>



<div class="su-spoiler su-spoiler-style-default su-spoiler-icon-chevron su-spoiler-closed" data-scroll-offset="0" data-anchor-in-url="no"><div class="su-spoiler-title" tabindex="0" role="button"><span class="su-spoiler-icon"></span>Coordonnées</div><div class="su-spoiler-content su-u-clearfix su-u-trim">



<p><strong>Courriel : </strong>alseinicissokho99@gmail.com</div></div>



<div class="su-spoiler su-spoiler-style-default su-spoiler-icon-chevron su-spoiler-closed" data-scroll-offset="0" data-anchor-in-url="no"><div class="su-spoiler-title" tabindex="0" role="button"><span class="su-spoiler-icon"></span>Liens</div><div class="su-spoiler-content su-u-clearfix su-u-trim">



<p><a href="https://chrs.uqam.ca/wp-content/uploads/2024/02/AlseiniCissokho_CV_2024.pdf" data-type="link" data-id="https://chrs.uqam.ca/wp-content/uploads/2024/02/KimGelinas_CV_2024.pdf" target="_blank" rel="noreferrer noopener">Curriculum vitae</a><br></div></div>



<div class="su-spoiler su-spoiler-style-default su-spoiler-icon-chevron su-spoiler-closed" data-scroll-offset="0" data-anchor-in-url="no"><div class="su-spoiler-title" tabindex="0" role="button"><span class="su-spoiler-icon"></span>Bourses, prix et distinctions</div><div class="su-spoiler-content su-u-clearfix su-u-trim">



<p>Bourse de soutien à la mobilité internationale (AMI) du ministère de l&rsquo;Enseignement supérieur de France<br></div></div>



<div class="su-spoiler su-spoiler-style-default su-spoiler-icon-chevron" data-scroll-offset="0" data-anchor-in-url="no"><div class="su-spoiler-title" tabindex="0" role="button"><span class="su-spoiler-icon"></span>Nouvelles</div><div class="su-spoiler-content su-u-clearfix su-u-trim"><br><br></div></div>

<p>Université Le Havre NormandieDépartement d&rsquo;histoire Je suis candidat à la maîtrise en histoire à l&rsquo;université Le Havre Normandie, en France. J&rsquo;ai validé mon diplôme de licence d&rsquo;histoire, parcours Géographie et&#8230;</p>
