{"id":11700,"date":"2024-01-31T16:51:43","date_gmt":"2024-01-31T20:51:43","guid":{"rendered":"https:\/\/chrs.uqam.ca\/?page_id=11700"},"modified":"2024-11-13T15:48:47","modified_gmt":"2024-11-13T19:48:47","slug":"jimmy-beaudet","status":"publish","type":"page","link":"https:\/\/chrs.uqam.ca\/index.php\/a-propos\/equipe\/membres-etudiants\/jimmy-beaudet\/","title":{"rendered":"Jimmy Beaudet"},"content":{"rendered":"\n<figure class=\"wp-block-image size-full is-resized\"><img loading=\"lazy\" decoding=\"async\" width=\"800\" height=\"800\" src=\"https:\/\/chrs.uqam.ca\/wp-content\/uploads\/2024\/01\/jimmy-beaudet-2024.jpg\" alt=\"\" class=\"wp-image-11703\" style=\"width:214px;height:auto\" srcset=\"https:\/\/chrs.uqam.ca\/wp-content\/uploads\/2024\/01\/jimmy-beaudet-2024.jpg 800w, https:\/\/chrs.uqam.ca\/wp-content\/uploads\/2024\/01\/jimmy-beaudet-2024-300x300.jpg 300w, https:\/\/chrs.uqam.ca\/wp-content\/uploads\/2024\/01\/jimmy-beaudet-2024-150x150.jpg 150w, https:\/\/chrs.uqam.ca\/wp-content\/uploads\/2024\/01\/jimmy-beaudet-2024-768x768.jpg 768w\" sizes=\"auto, (max-width: 800px) 100vw, 800px\" \/><\/figure>\n\n\n\n<p><strong>Universit\u00e9 du Qu\u00e9bec \u00e0 Montr\u00e9al<br>D\u00e9partement d&rsquo;histoire<\/strong><\/p>\n\n\n\n<p>Candidat \u00e0 la ma\u00eetrise sous la direction de Martin Petitclerc, Jimmy Beaudet se sp\u00e9cialise en humanit\u00e9s num\u00e9riques et en histoire du travail au Qu\u00e9bec. Il est comp\u00e9tent dans l&rsquo;utilisation de diff\u00e9rents logiciels informatiques de traitement de donn\u00e9es et de visualisation, comprenant notamment les outils de la suite Microsoft, R, Tableau, SQL, Flourish, Transkribus, TXM, auxquels il s&rsquo;est form\u00e9 de mani\u00e8re autodidacte pour servir ses recherches. <\/p>\n\n\n\n<p>Mis \u00e0 part son baccalaur\u00e9at en histoire, Jimmy a \u00e9galement r\u00e9alis\u00e9 des \u00e9tudes en sciences pures et en sciences humaines. Son parcours acad\u00e9mique vari\u00e9 l\u2019am\u00e8ne aujourd\u2019hui \u00e0 approcher les r\u00e9alit\u00e9s du monde social auxquelles il s&rsquo;int\u00e9resse (travail, culture ouvri\u00e8re, contestation) dans une perspective multidisciplinaire, o\u00f9 les approches quantitatives et qualitatives sont simultan\u00e9ment mobilis\u00e9es.<\/p>\n\n\n\n<div class=\"su-spoiler su-spoiler-style-default su-spoiler-icon-chevron su-spoiler-closed\" data-scroll-offset=\"0\" data-anchor-in-url=\"no\"><div class=\"su-spoiler-title\" tabindex=\"0\" role=\"button\"><span class=\"su-spoiler-icon\"><\/span>Coordonn\u00e9es<\/div><div class=\"su-spoiler-content su-u-clearfix su-u-trim\">\n\n\n\n<p><strong>Courriel :<\/strong> beaudet.jimmy@courrier.uqam.ca<\/div><\/div>\n\n\n\n<div class=\"su-spoiler su-spoiler-style-default su-spoiler-icon-chevron su-spoiler-closed\" data-scroll-offset=\"0\" data-anchor-in-url=\"no\"><div class=\"su-spoiler-title\" tabindex=\"0\" role=\"button\"><span class=\"su-spoiler-icon\"><\/span>Liens<\/div><div class=\"su-spoiler-content su-u-clearfix su-u-trim\">\n\n\n\n<p><a href=\"https:\/\/chrs.uqam.ca\/wp-content\/uploads\/2024\/01\/JimmyBeaudet_CV-2024.pdf\" data-type=\"link\" data-id=\"https:\/\/chrs.uqam.ca\/wp-content\/uploads\/2024\/01\/JimmyBeaudet_CV-2024.pdf\" target=\"_blank\" rel=\"noreferrer noopener\">Curriculum vitae<\/a><br><\/div><\/div>\n\n\n\n<div class=\"su-spoiler su-spoiler-style-default su-spoiler-icon-chevron su-spoiler-closed\" data-scroll-offset=\"0\" data-anchor-in-url=\"no\"><div class=\"su-spoiler-title\" tabindex=\"0\" role=\"button\"><span class=\"su-spoiler-icon\"><\/span>Nouvelles<\/div><div class=\"su-spoiler-content su-u-clearfix su-u-trim\"><br><br><\/div><\/div>\n","protected":false},"excerpt":{"rendered":"<p>Universit\u00e9 du Qu\u00e9bec \u00e0 Montr\u00e9alD\u00e9partement d&rsquo;histoire Candidat \u00e0 la ma\u00eetrise sous la direction de Martin Petitclerc, Jimmy Beaudet se sp\u00e9cialise en humanit\u00e9s num\u00e9riques et en histoire du travail au Qu\u00e9bec&#8230;.<\/p>\n","protected":false},"author":11,"featured_media":0,"parent":455,"menu_order":1,"comment_status":"closed","ping_status":"closed","template":"","meta":{"_monsterinsights_skip_tracking":false,"_monsterinsights_sitenote_active":false,"_monsterinsights_sitenote_note":"","_monsterinsights_sitenote_category":0,"footnotes":""},"class_list":["post-11700","page","type-page","status-publish","hentry"],"_links":{"self":[{"href":"https:\/\/chrs.uqam.ca\/index.php\/wp-json\/wp\/v2\/pages\/11700","targetHints":{"allow":["GET"]}}],"collection":[{"href":"https:\/\/chrs.uqam.ca\/index.php\/wp-json\/wp\/v2\/pages"}],"about":[{"href":"https:\/\/chrs.uqam.ca\/index.php\/wp-json\/wp\/v2\/types\/page"}],"author":[{"embeddable":true,"href":"https:\/\/chrs.uqam.ca\/index.php\/wp-json\/wp\/v2\/users\/11"}],"replies":[{"embeddable":true,"href":"https:\/\/chrs.uqam.ca\/index.php\/wp-json\/wp\/v2\/comments?post=11700"}],"version-history":[{"count":5,"href":"https:\/\/chrs.uqam.ca\/index.php\/wp-json\/wp\/v2\/pages\/11700\/revisions"}],"predecessor-version":[{"id":11716,"href":"https:\/\/chrs.uqam.ca\/index.php\/wp-json\/wp\/v2\/pages\/11700\/revisions\/11716"}],"up":[{"embeddable":true,"href":"https:\/\/chrs.uqam.ca\/index.php\/wp-json\/wp\/v2\/pages\/455"}],"wp:attachment":[{"href":"https:\/\/chrs.uqam.ca\/index.php\/wp-json\/wp\/v2\/media?parent=11700"}],"curies":[{"name":"wp","href":"https:\/\/api.w.org\/{rel}","templated":true}]}}

<figure class="wp-block-image size-full is-resized"><img loading="lazy" decoding="async" width="800" height="800" src="https://chrs.uqam.ca/wp-content/uploads/2024/01/jimmy-beaudet-2024.jpg" alt="" class="wp-image-11703" style="width:214px;height:auto" srcset="https://chrs.uqam.ca/wp-content/uploads/2024/01/jimmy-beaudet-2024.jpg 800w, https://chrs.uqam.ca/wp-content/uploads/2024/01/jimmy-beaudet-2024-300x300.jpg 300w, https://chrs.uqam.ca/wp-content/uploads/2024/01/jimmy-beaudet-2024-150x150.jpg 150w, https://chrs.uqam.ca/wp-content/uploads/2024/01/jimmy-beaudet-2024-768x768.jpg 768w" sizes="auto, (max-width: 800px) 100vw, 800px" /></figure>



<p><strong>Université du Québec à Montréal<br>Département d&rsquo;histoire</strong></p>



<p>Candidat à la maîtrise sous la direction de Martin Petitclerc, Jimmy Beaudet se spécialise en humanités numériques et en histoire du travail au Québec. Il est compétent dans l&rsquo;utilisation de différents logiciels informatiques de traitement de données et de visualisation, comprenant notamment les outils de la suite Microsoft, R, Tableau, SQL, Flourish, Transkribus, TXM, auxquels il s&rsquo;est formé de manière autodidacte pour servir ses recherches. </p>



<p>Mis à part son baccalauréat en histoire, Jimmy a également réalisé des études en sciences pures et en sciences humaines. Son parcours académique varié l’amène aujourd’hui à approcher les réalités du monde social auxquelles il s&rsquo;intéresse (travail, culture ouvrière, contestation) dans une perspective multidisciplinaire, où les approches quantitatives et qualitatives sont simultanément mobilisées.</p>



<div class="su-spoiler su-spoiler-style-default su-spoiler-icon-chevron su-spoiler-closed" data-scroll-offset="0" data-anchor-in-url="no"><div class="su-spoiler-title" tabindex="0" role="button"><span class="su-spoiler-icon"></span>Coordonnées</div><div class="su-spoiler-content su-u-clearfix su-u-trim">



<p><strong>Courriel :</strong> beaudet.jimmy@courrier.uqam.ca</div></div>



<div class="su-spoiler su-spoiler-style-default su-spoiler-icon-chevron su-spoiler-closed" data-scroll-offset="0" data-anchor-in-url="no"><div class="su-spoiler-title" tabindex="0" role="button"><span class="su-spoiler-icon"></span>Liens</div><div class="su-spoiler-content su-u-clearfix su-u-trim">



<p><a href="https://chrs.uqam.ca/wp-content/uploads/2024/01/JimmyBeaudet_CV-2024.pdf" data-type="link" data-id="https://chrs.uqam.ca/wp-content/uploads/2024/01/JimmyBeaudet_CV-2024.pdf" target="_blank" rel="noreferrer noopener">Curriculum vitae</a><br></div></div>



<div class="su-spoiler su-spoiler-style-default su-spoiler-icon-chevron su-spoiler-closed" data-scroll-offset="0" data-anchor-in-url="no"><div class="su-spoiler-title" tabindex="0" role="button"><span class="su-spoiler-icon"></span>Nouvelles</div><div class="su-spoiler-content su-u-clearfix su-u-trim"><br><br></div></div>

<p>Université du Québec à MontréalDépartement d&rsquo;histoire Candidat à la maîtrise sous la direction de Martin Petitclerc, Jimmy Beaudet se spécialise en humanités numériques et en histoire du travail au Québec&#8230;.</p>
