{"id":10493,"date":"2023-05-03T11:45:33","date_gmt":"2023-05-03T15:45:33","guid":{"rendered":"https:\/\/chrs.uqam.ca\/?page_id=10493"},"modified":"2024-04-11T13:39:34","modified_gmt":"2024-04-11T17:39:34","slug":"institutions","status":"publish","type":"page","link":"https:\/\/chrs.uqam.ca\/index.php\/institutions\/","title":{"rendered":"Institutions"},"content":{"rendered":"\n<div class=\"wp-block-columns is-layout-flex wp-container-core-columns-is-layout-9d6595d7 wp-block-columns-is-layout-flex\">\n<div class=\"wp-block-column is-layout-flow wp-block-column-is-layout-flow\">\n<p>Les institutions pr\u00e9sent\u00e9es sont celles qui ont \u00e9t\u00e9 \u00e9tudi\u00e9es et g\u00e9olocalis\u00e9es pour le <a title=\"\" href=\"https:\/\/chrs.uqam.ca\/index.php\/carte-du-reseau-dinstitutions-de-regulation-sociale-de-montreal-entre-1841-et-1921\/\" target=\"_blank\" rel=\"noopener\">projet sur le r\u00e9seau d\u2019institutions de r\u00e9gulation sociale de Montr\u00e9al entre 1841 et 1921<\/a>.<\/p>\n\n\n<form  class=\"is-search-form is-form-style is-form-style-3 is-form-id-10767 \" action=\"https:\/\/chrs.uqam.ca\/\" method=\"get\" role=\"search\" ><label for=\"is-search-input-10767\"><span class=\"is-screen-reader-text\">Search for:<\/span><input  type=\"search\" id=\"is-search-input-10767\" name=\"s\" value=\"\" class=\"is-search-input\" placeholder=\"Rechercher une institution\" autocomplete=off \/><\/label><button type=\"submit\" class=\"is-search-submit\"><span class=\"is-screen-reader-text\">Search Button<\/span><span class=\"is-search-icon\"><svg focusable=\"false\" aria-label=\"Search\" xmlns=\"http:\/\/www.w3.org\/2000\/svg\" viewBox=\"0 0 24 24\" width=\"24px\"><path d=\"M15.5 14h-.79l-.28-.27C15.41 12.59 16 11.11 16 9.5 16 5.91 13.09 3 9.5 3S3 5.91 3 9.5 5.91 16 9.5 16c1.61 0 3.09-.59 4.23-1.57l.27.28v.79l5 4.99L20.49 19l-4.99-5zm-6 0C7.01 14 5 11.99 5 9.5S7.01 5 9.5 5 14 7.01 14 9.5 11.99 14 9.5 14z\"><\/path><\/svg><\/span><\/button><input type=\"hidden\" name=\"id\" value=\"10767\" \/><input type=\"hidden\" name=\"post_type\" value=\"institution_montreal\" \/><\/form>\n<\/div>\n<\/div>\n\n\n\n\n\n\n\n\n\n\n\n\n\n\n\n\n\n\n","protected":false},"excerpt":{"rendered":"<p>Les institutions pr\u00e9sent\u00e9es sont celles qui ont \u00e9t\u00e9 \u00e9tudi\u00e9es et g\u00e9olocalis\u00e9es pour le projet sur le r\u00e9seau d\u2019institutions de r\u00e9gulation sociale de Montr\u00e9al entre 1841 et 1921.<\/p>\n","protected":false},"author":12,"featured_media":0,"parent":0,"menu_order":0,"comment_status":"closed","ping_status":"closed","template":"","meta":{"_monsterinsights_skip_tracking":false,"_monsterinsights_sitenote_active":false,"_monsterinsights_sitenote_note":"","_monsterinsights_sitenote_category":0,"footnotes":""},"class_list":["post-10493","page","type-page","status-publish","hentry"],"_links":{"self":[{"href":"https:\/\/chrs.uqam.ca\/index.php\/wp-json\/wp\/v2\/pages\/10493","targetHints":{"allow":["GET"]}}],"collection":[{"href":"https:\/\/chrs.uqam.ca\/index.php\/wp-json\/wp\/v2\/pages"}],"about":[{"href":"https:\/\/chrs.uqam.ca\/index.php\/wp-json\/wp\/v2\/types\/page"}],"author":[{"embeddable":true,"href":"https:\/\/chrs.uqam.ca\/index.php\/wp-json\/wp\/v2\/users\/12"}],"replies":[{"embeddable":true,"href":"https:\/\/chrs.uqam.ca\/index.php\/wp-json\/wp\/v2\/comments?post=10493"}],"version-history":[{"count":33,"href":"https:\/\/chrs.uqam.ca\/index.php\/wp-json\/wp\/v2\/pages\/10493\/revisions"}],"predecessor-version":[{"id":12166,"href":"https:\/\/chrs.uqam.ca\/index.php\/wp-json\/wp\/v2\/pages\/10493\/revisions\/12166"}],"wp:attachment":[{"href":"https:\/\/chrs.uqam.ca\/index.php\/wp-json\/wp\/v2\/media?parent=10493"}],"curies":[{"name":"wp","href":"https:\/\/api.w.org\/{rel}","templated":true}]}}