{"id":10388,"date":"2023-01-25T09:17:58","date_gmt":"2023-01-25T13:17:58","guid":{"rendered":"https:\/\/chrs.uqam.ca\/?page_id=10388"},"modified":"2023-01-25T09:19:56","modified_gmt":"2023-01-25T13:19:56","slug":"olivier-beaulieu","status":"publish","type":"page","link":"https:\/\/chrs.uqam.ca\/index.php\/olivier-beaulieu\/","title":{"rendered":"Olivier Beaulieu"},"content":{"rendered":"\n<p><strong>Universit\u00e9 de Montr\u00e9al<br>D\u00e9partement d&rsquo;histoire<\/strong><\/p>\n\n\n\n<p>Je compte \u00e9tudier le ph\u00e9nom\u00e8ne de transfuge de classe selon une perspective historique. En faisant l\u2019histoire de vie d\u2019un transfuge de classe, pr\u00e9cis\u00e9ment, l\u2019ex-professeur de l\u2019Universit\u00e9 de Montr\u00e9al et ancien felquiste, Charles Gagnon, j\u2019ai comme objectif de comprendre l\u2019impact de son changement de classe sur sa psych\u00e9, ainsi que sur sa trajectoire personnelle. Le fait de s\u2019int\u00e9resser \u00e0 cette question me permettra en m\u00eame temps de mieux saisir les in\u00e9galit\u00e9s sociales au Qu\u00e9bec au cours de la seconde partie du XXe si\u00e8cle, plus particuli\u00e8rement, d\u2019analyser les antagonismes de classe qui se jouait \u00e0 cette \u00e9poque dans la soci\u00e9t\u00e9 qu\u00e9b\u00e9coise.<\/p>\n\n\n<div class=\"su-spoiler su-spoiler-style-default su-spoiler-icon-chevron su-spoiler-closed\" data-scroll-offset=\"0\" data-anchor-in-url=\"no\"><div class=\"su-spoiler-title\" tabindex=\"0\" role=\"button\"><span class=\"su-spoiler-icon\"><\/span>Liens<\/div><div class=\"su-spoiler-content su-u-clearfix su-u-trim\">\n<a href=\"https:\/\/chrs.uqam.ca\/wp-content\/uploads\/2023\/01\/Beaulieu_Olivier_CV.pdf\" target=\"_blank\" rel=\"noopener\">Curriculum vitae<\/a><br \/>\n<\/div><\/div>\n\n\n<div class=\"su-spoiler su-spoiler-style-default su-spoiler-icon-chevron\" data-scroll-offset=\"0\" data-anchor-in-url=\"no\"><div class=\"su-spoiler-title\" tabindex=\"0\" role=\"button\"><span class=\"su-spoiler-icon\"><\/span>Nouvelles<\/div><div class=\"su-spoiler-content su-u-clearfix su-u-trim\">\n\n<\/div><\/div>\n","protected":false},"excerpt":{"rendered":"<p>Universit\u00e9 de Montr\u00e9alD\u00e9partement d&rsquo;histoire Je compte \u00e9tudier le ph\u00e9nom\u00e8ne de transfuge de classe selon une perspective historique. En faisant l\u2019histoire de vie d\u2019un transfuge de classe, pr\u00e9cis\u00e9ment, l\u2019ex-professeur de l\u2019Universit\u00e9&#8230;<\/p>\n","protected":false},"author":2,"featured_media":0,"parent":0,"menu_order":0,"comment_status":"closed","ping_status":"closed","template":"","meta":{"_monsterinsights_skip_tracking":false,"_monsterinsights_sitenote_active":false,"_monsterinsights_sitenote_note":"","_monsterinsights_sitenote_category":0,"footnotes":""},"class_list":["post-10388","page","type-page","status-publish","hentry"],"_links":{"self":[{"href":"https:\/\/chrs.uqam.ca\/index.php\/wp-json\/wp\/v2\/pages\/10388","targetHints":{"allow":["GET"]}}],"collection":[{"href":"https:\/\/chrs.uqam.ca\/index.php\/wp-json\/wp\/v2\/pages"}],"about":[{"href":"https:\/\/chrs.uqam.ca\/index.php\/wp-json\/wp\/v2\/types\/page"}],"author":[{"embeddable":true,"href":"https:\/\/chrs.uqam.ca\/index.php\/wp-json\/wp\/v2\/users\/2"}],"replies":[{"embeddable":true,"href":"https:\/\/chrs.uqam.ca\/index.php\/wp-json\/wp\/v2\/comments?post=10388"}],"version-history":[{"count":0,"href":"https:\/\/chrs.uqam.ca\/index.php\/wp-json\/wp\/v2\/pages\/10388\/revisions"}],"wp:attachment":[{"href":"https:\/\/chrs.uqam.ca\/index.php\/wp-json\/wp\/v2\/media?parent=10388"}],"curies":[{"name":"wp","href":"https:\/\/api.w.org\/{rel}","templated":true}]}}